{"id":15860,"date":"2020-04-02T21:23:14","date_gmt":"2020-04-02T18:23:14","guid":{"rendered":"http:\/\/www.lassebacklund.fi\/?page_id=15860"},"modified":"2020-04-17T00:23:49","modified_gmt":"2020-04-16T21:23:49","slug":"handelserna-i-omossa-under-1808-09-ars-krig","status":"publish","type":"page","link":"https:\/\/www.lassebacklund.fi\/?page_id=15860","title":{"rendered":"H\u00e4ndelserna i \u00d6mossa under 1808-09 \u00e5rs krig."},"content":{"rendered":"<p><em><span style=\"color: #000080; font-family: 'Helvetica','sans-serif';\">Hilma Norrg\u00e5rd, som var f\u00f6dd i \u00d6mossa men som sedan bodde l\u00e5nga tider i Stockholm skrev en artikel som tidningen Syd-\u00d6sterbotten publicerade den 26 januari 1935. Artikeln beskriver ing\u00e5ende hur och vad som h\u00e4nde i \u00d6mossa by under den ryska ockupationen av v\u00e5rt land. Hilma skrev att uppgifterna i denna artikel \u00e4r tagna ur Montgomerys och Bj\u00f6rlins historiska arbeten och borde d\u00e4rf\u00f6r vara tillf\u00f6rlitliga. Lite har jag \u00e4ndrat p\u00e5 det gammalmodiga spr\u00e5ket, s\u00e5 att det skall vara mera l\u00e4ttl\u00e4st f\u00f6r dagens l\u00e4sare.<\/span><\/em><\/p>\n<p><span style=\"font-family: 'Helvetica','sans-serif';\">Det var f\u00e4ltmarskalk Klingspors fega flykt norrut \u00e4nda till Gamlakarleby, som var orsaken till att de syd\u00f6sterbottniska byarna kom i ryssarnas v\u00e5ld. Ryssarna ans\u00e5g sig redan vara landets herrar och ve de b\u00f6nder, som v\u00e5gade v\u00e4gra att ge dem sin mat, husrum och ibland allt vad de \u00e4gde. D\u00e4rf\u00f6r blev flykten fr\u00e5n byarna ut i skogarna eller ut till holmar och sk\u00e4r s\u00e5 allm\u00e4n denna tid.<\/span><\/p>\n<p><span style=\"font-family: 'Helvetica','sans-serif';\">G\u00e5rdarna sk\u00f6vlades och anv\u00e4ndes till och med till stall. Allt \u00e4tbart och all v\u00e4xande gr\u00f6da f\u00f6rt\u00e4rdes eller f\u00f6rst\u00f6rdes av de ryska soldaterna. S\u00e5dant var tillst\u00e5ndet b\u00e5de i Kristinestad, Lappfj\u00e4rd och i \u00d6mossa den \u00f6destunga sommaren 1808.<\/span><\/p>\n<p><span style=\"font-family: 'Helvetica','sans-serif';\">Den 28 augusti 1808 landsteg den svenska generalmajoren von Vegesack i Kristinestad men redan den 11 augusti hade den svenska kaptenen Gyllenb\u00f6gel intagit staden och f\u00f6ljande dag intogs Lappfj\u00e4rd. Detta f\u00f6retag lyckades v\u00e4l, eftersom ryssarna just hade dragit bort sina trupper f\u00f6r att m\u00f6ta von D\u00f6beln i Kauhajoki.<\/span><\/p>\n<p><span style=\"font-family: 'Helvetica','sans-serif';\">Genast d\u00e5 von Vegesack landstigit i staden ryckte han fram till Lappfj\u00e4rd, d\u00e4r han kunde f\u00f6rena sig med Gyllenb\u00f6gels friskara. Ryssarna som inte k\u00e4nde till att von Vegesack hade landstigit tillsammans med svenska soldater, hade beslutat att \u00e5terta Lappfj\u00e4rd och de anf\u00f6ll med stor raskhet den 29 augusti. De svenska trupperna m\u00f6tte anfallet mycket lugnt.<\/span><\/p>\n<figure id=\"attachment_15864\" aria-describedby=\"caption-attachment-15864\" style=\"width: 1370px\" class=\"wp-caption alignnone\"><img loading=\"lazy\" decoding=\"async\" class=\"size-full wp-image-15864\" src=\"http:\/\/www.lassebacklund.fi\/wp-content\/uploads\/2020\/04\/Karta-\u00f6ver-trupperna-i-Lappfj\u00e4rd-Riksarkivet-i-Stockholm.jpg\" alt=\"\" width=\"1370\" height=\"874\" srcset=\"https:\/\/www.lassebacklund.fi\/wp-content\/uploads\/2020\/04\/Karta-\u00f6ver-trupperna-i-Lappfj\u00e4rd-Riksarkivet-i-Stockholm.jpg 1370w, https:\/\/www.lassebacklund.fi\/wp-content\/uploads\/2020\/04\/Karta-\u00f6ver-trupperna-i-Lappfj\u00e4rd-Riksarkivet-i-Stockholm-300x191.jpg 300w, https:\/\/www.lassebacklund.fi\/wp-content\/uploads\/2020\/04\/Karta-\u00f6ver-trupperna-i-Lappfj\u00e4rd-Riksarkivet-i-Stockholm-1024x653.jpg 1024w, https:\/\/www.lassebacklund.fi\/wp-content\/uploads\/2020\/04\/Karta-\u00f6ver-trupperna-i-Lappfj\u00e4rd-Riksarkivet-i-Stockholm-768x490.jpg 768w\" sizes=\"auto, (max-width: 1370px) 100vw, 1370px\" \/><figcaption id=\"caption-attachment-15864\" class=\"wp-caption-text\">Den 29 augusti 1808 stod de svenska trupperna norr om Lill\u00e5n och de ryska trupperna p\u00e5 den s\u00f6dra sidan. Efter livliga strider blev ryssarna tvungna att dra sig s\u00f6derut, d\u00e4r de slog l\u00e4ger i Back by. Kartan fr\u00e5n Stockholm, ur Krigsarkivets samling &#8221;Sveriges Krig&#8221;.<\/figcaption><\/figure>\n<p><span style=\"font-family: 'Helvetica','sans-serif';\">Helsinge j\u00e4gare, finska skarpskyttar, Bj\u00f6rneborgs bepr\u00f6vade bussar och Gyllenb\u00f6gels friskaror gick anfallsvis till v\u00e4ga och ryssarna m\u00e5ste g\u00e5ng p\u00e5 g\u00e5ng dra sig tillbaka. Vid \u00d6str\u00f6ms i Back by gjorde ryssarna h\u00e5rt motst\u00e5nd men besegrades av svenskarna. D\u00e5 det blev m\u00f6rkt, slog svenskarna l\u00e4ger i Back och d\u00e5 passade ryssarna p\u00e5 att fly till \u00d6mossa.<\/span><\/p>\n<p><span style=\"font-family: 'Helvetica','sans-serif';\">Ryssarna ins\u00e5g att svenskarna snart skulle \u00e5terta ocks\u00e5 \u00d6mossa och d\u00e4rf\u00f6r b\u00f6rjade de plundra byn. De rev till och med upp \u00e5bron och b\u00f6rjade br\u00e4nna ner byn. Stackars \u00d6mossa den kv\u00e4llen och morgonen den 30 augusti. De svenska trupperna som fanns i Back by gjorde p\u00e5 morgonen ett dj\u00e4rvt anfall och de ryska mordbr\u00e4nnarna skingrades och byn kunde r\u00e4ddas.<\/span><\/p>\n<p><span style=\"font-family: 'Helvetica','sans-serif';\">De h\u00e4r striderna kostade svenskarna i stupade tv\u00e5 officerare och 15 man, dessutom s\u00e5rades en officer och 43 man. Svenskarna lyckades ta 2 ryska officerare, 4 underofficerare och 71 man till f\u00e5nga. Runt 200 ryska soldater d\u00f6dades eller s\u00e5rades.<\/span><\/p>\n<p><span style=\"font-family: 'Helvetica','sans-serif';\">Historierna om de skelettdelar, som kommit i dagen d\u00e5 man pl\u00f6jt \u00e5krarna v\u00e4ster om landsv\u00e4gen i \u00d6mossa och Back, kan s\u00e5ledes ha fog f\u00f6r sig. Lika s\u00e4kert som att det sp\u00f6kar p\u00e5 \u00e4ngen mellan Back och Finnbyn, en v\u00e4g som folk f\u00f6rr i tiderna og\u00e4rna f\u00e4rdades p\u00e5 n\u00e4r det var m\u00f6rkt. Det \u00e4r inte f\u00f6rsta g\u00e5ngen det fl\u00f6t blod i \u00d6mossa, eftersom de senaste \u00e5rtiondenas mord och slagsm\u00e5l just i Finnbyn ocks\u00e5 l\u00e5tit blod flyta och vapen bl\u00e4nka.<\/span><\/p>\n<p><span style=\"font-family: 'Helvetica','sans-serif';\">Totalt har det enligt historien skett tre sammanst\u00f6tningar under 1808-09 \u00e5rs krig i \u00d6mossa.<\/span><\/p>\n<p><span style=\"font-family: 'Helvetica','sans-serif';\">Den f\u00f6rsta \u201daff\u00e4ren\u201d var tidigt om morgonen den 21 augusti 1808, d\u00e5 ryssarna i m\u00f6rker och dimma anf\u00f6ll Gyllenb\u00f6gels f\u00f6rposter i \u00d6mossa. Ryssarna tvingade den lilla svenska truppen att retirera till Lappfj\u00e4rd d\u00e4r huvudstyrkan fanns. Antagligen hade ryssarna redan f\u00f6re denna strid besatt \u00d6mossa, f\u00f6r historien n\u00e4mner endast att Gyllenb\u00f6gel hade intagit Lappfj\u00e4rd. \u00d6mossa hade han inte intagit, som p\u00e5 grund av sitt l\u00e4ge vid den stora landsv\u00e4gen ans\u00e5gs sp\u00e4rra av v\u00e4gen till Bj\u00f6rneborg. V\u00e4gen spelades allts\u00e5 en stor roll p\u00e5 detta frontavsnitt.<\/span><\/p>\n<p><span style=\"font-family: 'Helvetica','sans-serif';\">N\u00e5gra andra fakta om deltagarna hade Hilma Norrg\u00e5rd inte hittat \u00e4n att ryssarnas bef\u00e4lhavare hette Bibikoff.<\/span><\/p>\n<p><span style=\"font-family: 'Helvetica','sans-serif';\">Fr\u00e5n det redan n\u00e4mnda slaget den 29 och 30 augusti 1808 vid \u00e5bron i \u00d6mossa, finns det flera olika ber\u00e4ttelser, som verkar levande \u00e4nnu i dag. En episod fr\u00e5n Lappfj\u00e4rd \u00e4r v\u00e4rd att n\u00e4mnas. P\u00e5 morgonen den 29 augusti satt den svenska generalen von Vegesack vid frukostbordet i pr\u00e4stg\u00e5rden i Lappfj\u00e4rd och han fick d\u00e5 h\u00f6ra om ryssarna ant\u00e5gande. von Vegesack rusade upp och utropade: \u201dHan \u00e4r v\u00e4lkommen!\u201d Brinnande av stridslust red han i sporrstr\u00e4ck till sina trupper. Och det blev ju en stor seger f\u00f6r friherren och generalmajoren von Vegesack i Lappfj\u00e4rd och i Back by,<\/span><\/p>\n<p><span style=\"font-family: 'Helvetica','sans-serif';\">Det vackraste minnet l\u00e4mnar dock striden vid \u00d6mossa bro den 30 augusti, d\u00e5 Wilhelm von Schwerin \u201dgjorde sin l\u00e4rosp\u00e5n\u201d. Det \u00e4r underbart att l\u00e4sa om denna strid. Tv\u00e5 dagar tidigare hade von Schwerin kommit fr\u00e5n Sverige tillsammans med von Vegesacks trupper. Han var bara 15 \u00e5r gammal men trots det befordrad till underl\u00f6jtnant och kunde d\u00e5 delta i kriget.<\/span><\/p>\n<figure id=\"attachment_15868\" aria-describedby=\"caption-attachment-15868\" style=\"width: 800px\" class=\"wp-caption alignnone\"><img loading=\"lazy\" decoding=\"async\" class=\"size-full wp-image-15868\" src=\"http:\/\/www.lassebacklund.fi\/wp-content\/uploads\/2020\/04\/Schwerin_leading_battle.jpg\" alt=\"\" width=\"800\" height=\"614\" srcset=\"https:\/\/www.lassebacklund.fi\/wp-content\/uploads\/2020\/04\/Schwerin_leading_battle.jpg 800w, https:\/\/www.lassebacklund.fi\/wp-content\/uploads\/2020\/04\/Schwerin_leading_battle-300x230.jpg 300w, https:\/\/www.lassebacklund.fi\/wp-content\/uploads\/2020\/04\/Schwerin_leading_battle-768x589.jpg 768w\" sizes=\"auto, (max-width: 800px) 100vw, 800px\" \/><figcaption id=\"caption-attachment-15868\" class=\"wp-caption-text\">Den unge Wilhelm von Schwerin som artillerist vid slaget vid \u00d6mossa bro i den 6 september \u00e5r 1808.<\/figcaption><\/figure>\n<p><span style=\"font-family: 'Helvetica','sans-serif';\">Han st\u00e4lldes nu vid kanonerna till gamle \u00f6verstel\u00f6jtnant Drufvas stora gr\u00e4melse. Men von Schwerin var en hj\u00e4lte och han segrade i sin f\u00f6rsta strid i \u00d6mossa den 30 augusti \u00e5r 1808. Denna bravad \u00e4r nog v\u00e4rd en minnessten i \u00d6mossa! Runeberg ans\u00e5g ju att denna strid var v\u00e4rd att f\u00f6rh\u00e4rligas i en av de sk\u00f6naste dikter, som n\u00e5gonsin skrivits, allts\u00e5 \u201dWilhelm von Schwerin\u201d.<\/span><\/p>\n<p><span style=\"font-family: 'Helvetica','sans-serif';\">\u00d6mossa \u00e4r en minnesrik ort, d\u00e5 dess namn \u00e4r knutet med ouppl\u00f6sliga band av dikt och h\u00e4vd till den unga hj\u00e4lten, som aldrig skall gl\u00f6mmas. En insamling borde g\u00f6ras f\u00f6r att p\u00e5 ort och st\u00e4lle bef\u00e4sta detta minne.<\/span><\/p>\n<p><span style=\"font-family: 'Helvetica','sans-serif';\">Det \u00e4r r\u00f6rande att l\u00e4sa Wilhelm von Schwerins brev hem till sina f\u00f6r\u00e4ldrar, d\u00e5 han ber\u00e4ttar hur glad han var att efter sj\u00f6resan f\u00e5 l\u00e4gga sig i en ren b\u00e4dd i Lappfj\u00e4rd, varifr\u00e5n han dock snart drevs upp f\u00f6r att m\u00f6ta fienden f\u00f6r f\u00f6rsta g\u00e5ngen, modig och glad. Och hur han fr\u00f6s i regnet p\u00e5 kv\u00e4llen i Back och hur han m\u00e5ste lugna de ot\u00e5liga och hungriga soldaterna genom att dela ut sm\u00e5slantar bland dem. Stackars gosse, det var inte s\u00e5 l\u00e4tt att vara 15 \u00e5r och bef\u00e4lhavare \u00f6ver \u00e4ldre m\u00e4n. Men han lyckades \u00f6ver alla f\u00f6rv\u00e4ntningar, d\u00e4r han stod vid kanonerna vid \u00d6mossa bro.<\/span><\/p>\n<p><span style=\"font-family: 'Helvetica','sans-serif';\">Wilhelm von Schwerin var pr\u00e4stson, f\u00f6dd i trakten av Stockholm. Han deltog sedan i \u201dOravais blodiga dag\u201d. s\u00e5rades tv\u00e5 g\u00e5nger och fick stark feber i Gamlakarleby och dog sedan den 27 september 1808, en knapp m\u00e5nad efter striden i \u00d6mossa. Han dog i Kalajoki, d\u00e4r han ligger begravd invid kyrkan.<\/span><\/p>\n<p><span style=\"font-family: 'Helvetica','sans-serif';\">En kamrat som satt vid hans d\u00f6dsb\u00e4dd, beredde honom p\u00e5 d\u00f6den. Ynglingen for d\u00e5 upp i b\u00e4dden och ropade: \u201dVad, skall jag d\u00f6?\u201d Med andra ord s\u00e5 visste han inte att hans s\u00e5r var d\u00f6dliga. Men han lugnade sig snart, d\u00e5 kamraten l\u00e4ste psalmen 396 i svenska psalmboken f\u00f6r honom. S\u00e5 fick han en blodst\u00f6rtning och dog. Aldrig fick han \u00e5terse sitt ljusa barndomshem i Sala pr\u00e4stg\u00e5rd. Han gav sitt femton\u00e5riga liv f\u00f6r Finland och l\u00e4mnade f\u00f6r\u00e4ldrarna i djup sorg.<\/span><\/p>\n<p><span style=\"font-family: 'Helvetica','sans-serif';\">Friherre Ernst von Vegesack \u00e4r begraven p\u00e5 Klara kyrkog\u00e5rd i Stockholm. P\u00e5 stenen st\u00e5r bland annat namn Lappfj\u00e4rd inristat, samt orden \u201dInga slavar trampar kullen, d\u00e4r den tappre bor i mullen\u201d.<\/span><\/p>\n<p><span style=\"font-family: 'Helvetica','sans-serif';\">\u00a0<\/span><\/p>\n","protected":false},"excerpt":{"rendered":"<p>Hilma Norrg\u00e5rd, som var f\u00f6dd i \u00d6mossa men som sedan bodde l\u00e5nga tider i Stockholm skrev en artikel som tidningen Syd-\u00d6sterbotten publicerade den 26 januari 1935. Artikeln beskriver ing\u00e5ende hur och vad som h\u00e4nde i \u00d6mossa by under den ryska <a class=\"more-link\" href=\"https:\/\/www.lassebacklund.fi\/?page_id=15860\">Forts\u00e4tt l\u00e4sa <span class=\"screen-reader-text\">  H\u00e4ndelserna i \u00d6mossa under 1808-09 \u00e5rs krig.<\/span><span class=\"meta-nav\">&rarr;<\/span><\/a><\/p>\n","protected":false},"author":1,"featured_media":0,"parent":6292,"menu_order":5,"comment_status":"closed","ping_status":"closed","template":"","meta":{"footnotes":""},"class_list":["post-15860","page","type-page","status-publish","hentry"],"_links":{"self":[{"href":"https:\/\/www.lassebacklund.fi\/index.php?rest_route=\/wp\/v2\/pages\/15860","targetHints":{"allow":["GET"]}}],"collection":[{"href":"https:\/\/www.lassebacklund.fi\/index.php?rest_route=\/wp\/v2\/pages"}],"about":[{"href":"https:\/\/www.lassebacklund.fi\/index.php?rest_route=\/wp\/v2\/types\/page"}],"author":[{"embeddable":true,"href":"https:\/\/www.lassebacklund.fi\/index.php?rest_route=\/wp\/v2\/users\/1"}],"replies":[{"embeddable":true,"href":"https:\/\/www.lassebacklund.fi\/index.php?rest_route=%2Fwp%2Fv2%2Fcomments&post=15860"}],"version-history":[{"count":8,"href":"https:\/\/www.lassebacklund.fi\/index.php?rest_route=\/wp\/v2\/pages\/15860\/revisions"}],"predecessor-version":[{"id":16098,"href":"https:\/\/www.lassebacklund.fi\/index.php?rest_route=\/wp\/v2\/pages\/15860\/revisions\/16098"}],"up":[{"embeddable":true,"href":"https:\/\/www.lassebacklund.fi\/index.php?rest_route=\/wp\/v2\/pages\/6292"}],"wp:attachment":[{"href":"https:\/\/www.lassebacklund.fi\/index.php?rest_route=%2Fwp%2Fv2%2Fmedia&parent=15860"}],"curies":[{"name":"wp","href":"https:\/\/api.w.org\/{rel}","templated":true}]}}