{"id":15567,"date":"2020-01-25T00:05:55","date_gmt":"2020-01-24T22:05:55","guid":{"rendered":"http:\/\/www.lassebacklund.fi\/?page_id=15567"},"modified":"2023-12-14T21:43:59","modified_gmt":"2023-12-14T19:43:59","slug":"biblioteket-i-dagsmark","status":"publish","type":"page","link":"https:\/\/www.lassebacklund.fi\/?page_id=15567","title":{"rendered":"Biblioteket i Dagsmark."},"content":{"rendered":"<p><span style=\"color: #000080;\">Sammanst\u00e4llt av Lasse Backlund i januari 2020.<\/span><\/p>\n<p><b><\/b>Folk har sedan urminnes tider haft ett behov av att l\u00e4ra sig nya saker genom att l\u00e4sa b\u00f6cker. I hemmen fanns det p\u00e5 1800-talet v\u00e4ldigt f\u00e5 b\u00f6cker och de var i regel religi\u00f6sa skrifter men i och med att l\u00e4skunnigheten \u00f6kade, s\u00e5 \u00f6kade ocks\u00e5 utbudet av andra b\u00f6cker.<\/p>\n<p>Det var f\u00e5 familjer som hade m\u00f6jlighet att k\u00f6pa egna b\u00f6cker och det var nog d\u00e4rf\u00f6r som bibliotek b\u00f6rjade inr\u00e4ttas ute i byarna. Genom biblioteken fick vanligt folk tillg\u00e5ng till litteratur och allm\u00e4nbildningen f\u00f6rb\u00e4ttrades genom m\u00f6jligheten att gratis l\u00e5na b\u00f6cker. Det f\u00f6rsta biblioteket i Finland som var avsett f\u00f6r vanligt folk grundades i Vasa redan 1794. Det f\u00f6rsta biblioteket i Kristinestad grundades av aff\u00e4rsmannen Parmanen \u00e5r 1871.<\/p>\n<p>\u00c5r 1884 fick Dagsmark sitt f\u00f6rsta bibliotek som omfattade 17 b\u00f6cker. Mannen bakom detta lilla bibliotek var <a href=\"http:\/\/www.lassebacklund.fi\/?page_id=781\">folkskoll\u00e4raren J. J. Wadstr\u00f6m<\/a> som hade b\u00f6rjat som folkskoll\u00e4rare h\u00f6sten 1882. Varifr\u00e5n b\u00f6ckerna kom och vem som betalade dem \u00e4r inte klarlagt. Efterhand skaffades flera b\u00f6cker och det fanns flera f\u00f6retag och organisationer som donerade b\u00f6cker till biblioteken. Finlands Biblioteksf\u00f6rening och Svenska Folkskolans v\u00e4nner var de som ofta donerade b\u00f6cker men ocks\u00e5 staten var delaktig.<\/p>\n<p>Kommunen underst\u00f6dde l\u00e5nebiblioteken och i en rapport fr\u00e5n \u00e5r 1902 s\u00e5 hade biblioteket i Dagsmark haft 661 bokl\u00e5n, H\u00e4rkmeri hade 322 och det finska i M\u00f6rtmark hade 450. Det var endast biblioteket hemma hos Viktor Ingves som hade lite fler \u00e4n Dagsmark, s\u00e5 man kan s\u00e4ga att intresset f\u00f6r b\u00f6cker har funnits sedan l\u00e5ng tid tillbaka. Biblioteket hade en egen styrelse och \u00e5r 1904 valde kommunen J. J. Wadstr\u00f6m till ordf\u00f6rande och bondes\u00f6nerna Emil B\u00e5sk och Karl Rosenback till medlemmar.<\/p>\n<p>\u00c5r 1905 donerade \u201dFolkupplysningss\u00e4llskapet\u201d g\u00e5vor till 85 landsbibliotek i Finland. Av dessa g\u00e5vor gavs 7 stycken till svenska bibliotek och av dessa fanns 3 bibliotek i \u00d6sterbotten. Att Dagsmark var ett av dessa tre \u00e4r ju ett bevis p\u00e5 att det redan d\u00e5 var bra omsk\u00f6tt och v\u00e4rt en bokg\u00e5va om 50 mark. En relativt stor summa den tiden.<\/p>\n<p>Biblioteket var inrymt i folkskolan och det var l\u00e4raren som sk\u00f6tte om det. D\u00e5 den nya skolan byggdes 1909 s\u00e5 flyttades biblioteket dit och b\u00f6ckerna f\u00f6rvarades i hyllor i ett av klassrummen.<\/p>\n<p>Enligt en statistik f\u00f6r \u00e5r 1968, s\u00e5 visade siffrorna p\u00e5 stora kast mellan kommunens bibliotek. Huvudbiblioteket i Lappfj\u00e4rd hade \u00e5t vuxna gett 5 411 bokl\u00e5n och st\u00f6rst av de sex filialbiblioteken var Korsb\u00e4ck med 508. Uttermossa hade 430, Dagsmark 219, Tr\u00e4skvik 114 och de tv\u00e5 biblioteken i H\u00e4rkmeri 78 b\u00f6cker tillsammans.<\/p>\n<p>I samband med kommunfusionen 1973 st\u00e4ngdes samtliga filialbibliotek i Stor-Kristinestad h\u00f6sten 1973. Kvar blev endast huvudbiblioteket i staden och filialerna i de f\u00f6rra kommuncentra. I september 1973 f\u00f6rb\u00e4ttrades m\u00f6jligheterna till bokl\u00e5n betydligt d\u00e5 den nya biblioteksbussen som Lappfj\u00e4rds kommun hann best\u00e4lla f\u00f6re kommunsammanslagningen, b\u00f6rjade k\u00f6ra i byarna. Varannan vecka bes\u00f6kte bussen Dagsmark och den stannade p\u00e5 4 olika st\u00e4llen. Marianne Sj\u00f6blom sk\u00f6tte utl\u00e5ningen i bussen medan Jan-Erik Rosenberg sk\u00f6tte k\u00f6randet. D\u00e5 biblioteksbussen togs i bruk drogs samtliga byabibliotek i Stor-Kristinestad in. Kvar blev allts\u00e5 Kristinestad, Lappfj\u00e4rd, Tj\u00f6ck och Sideby. Efter detta anv\u00e4ndes biblioteket i Dagsmark endast som skolbibliotek.<\/p>\n<p>Utl\u00e5ningen i Dagsmarkomr\u00e5det var s\u00e5 pass h\u00f6g att det besl\u00f6ts att filialbiblioteket i Dagsmark skall \u00f6ppna igen. I april 1975 b\u00f6rjade Kerstin Berglind sk\u00f6ta biblioteket i Dagsmark, som inrymdes i sm\u00e5skolan. B\u00f6ckerna placerades i en alkov till matsalen som var endast 18 m<sup>2<\/sup> stor. F\u00f6re det hade hon under \u00e5ren 1971 \u2013 1973 sk\u00f6tt biblioteket i Korsb\u00e4ck, som var inrymt i Viktor Berglinds hem. Det biblioteket drogs in 30 augusti 1973.<\/p>\n<p>Kerstin sk\u00f6tte biblioteket till november 1976 och efter henne sk\u00f6ttes det bland annat av Alice Lindqvist och Anna Bj\u00f6rklund. \u00c5r 1982 anst\u00e4lldes Inga-Lisa Nyg\u00e5rd fr\u00e5n Lappfj\u00e4rd och hon stannade i hela 17 \u00e5r \u00e4nda till 1999. Biblioteket var \u00f6ppet en f\u00f6rmiddag och tv\u00e5 kv\u00e4llar i veckan under 3 timmar.<\/p>\n<p>Biblioteket i sm\u00e5skolan var litet och uppfyllde inte de allm\u00e4nna kraven. \u00c5r 1985 best\u00e4mdes det att det skall byggas ett nytt servicehus i Dagsmark, som f\u00f6rutom daghem och r\u00e5dgivning ocks\u00e5 skulle inrymma ett nytt bibliotek. I september 1985 godk\u00e4nde stadsstyrelsen skisserna f\u00f6r det nya huset.<\/p>\n<p>H\u00f6sten 1986 p\u00e5b\u00f6rjade staden Kristinestad bygget av servicehuset, som skulle bli 430 m<sup>2<\/sup>. Huset skulle byggas av tr\u00e4 i en v\u00e5ning, f\u00f6rutom i en del av daghemmet d\u00e4r det kommer att finnas ett lekrum p\u00e5 vinden. F\u00f6r planeringen st\u00e5r Byggnadsplanering H\u00e5kan Appel fr\u00e5n Lappfj\u00e4rd och f\u00f6r elplaneringen st\u00e5r Ove Hedkrok i \u00d6mossa.<\/p>\n<p>Till huvudentrepren\u00f6r valdes Byggnadsbyr\u00e5 Eddie Hanses fr\u00e5n Kristinestad, Kauko Lehtonen fr\u00e5n Lappfj\u00e4rd fick VVS-entreprenaden och Antin-S\u00e4hk\u00f6 skulle sk\u00f6ta elinstallationen. Erik Tasankos firma skall sk\u00f6ta om m\u00e5lningsarbetet och mattl\u00e4ggningen. Totalsumman f\u00f6r hela bygget kommer att bli 2,3 miljoner mark.<\/p>\n<p>F\u00f6r byggaren blev det h\u00e4r ett tungt och utmanande projekt p\u00e5 grund av den kalla vintern. Under l\u00e5nga perioden var det mer \u00e4n 30 grader kallt och bygget stod d\u00e5 stilla. Trots allt h\u00f6ll tidtabellen bra och byggnaden blev f\u00e4rdig i tid.<\/p>\n<p>I mitten av augusti 1987 bes\u00f6kte l\u00e4nsinspekt\u00f6r Siv Petrell biblioteken i Kristinestad. Tillsammans med biblioteksn\u00e4mndens ordf\u00f6rande Sven Rosendahl granskade hon ocks\u00e5 det nya biblioteket i Dagsmark som hon fann riktigt trevligt, l\u00e4get var bra och lokalen var b\u00e5de rymlig och fin. Hon tyckte att staden sk\u00f6ter biblioteken bra, speciellt gillade hon biblioteket vid torget i staden.<\/p>\n<figure id=\"attachment_15562\" aria-describedby=\"caption-attachment-15562\" style=\"width: 2000px\" class=\"wp-caption alignnone\"><img loading=\"lazy\" decoding=\"async\" class=\"size-full wp-image-15562\" src=\"http:\/\/www.lassebacklund.fi\/wp-content\/uploads\/2020\/01\/2014-0916-Biblioteket-utifr\u00e5n.jpg\" alt=\"\" width=\"2000\" height=\"1500\" srcset=\"https:\/\/www.lassebacklund.fi\/wp-content\/uploads\/2020\/01\/2014-0916-Biblioteket-utifr\u00e5n.jpg 2000w, https:\/\/www.lassebacklund.fi\/wp-content\/uploads\/2020\/01\/2014-0916-Biblioteket-utifr\u00e5n-300x225.jpg 300w, https:\/\/www.lassebacklund.fi\/wp-content\/uploads\/2020\/01\/2014-0916-Biblioteket-utifr\u00e5n-768x576.jpg 768w, https:\/\/www.lassebacklund.fi\/wp-content\/uploads\/2020\/01\/2014-0916-Biblioteket-utifr\u00e5n-1024x768.jpg 1024w\" sizes=\"auto, (max-width: 2000px) 100vw, 2000px\" \/><figcaption id=\"caption-attachment-15562\" class=\"wp-caption-text\">Biblioteket hade samma ing\u00e5ng som r\u00e5dgivningsbyr\u00e5n. Byr\u00e5n lades ned f\u00f6r mer \u00e4n 10 \u00e5r sedan och barndaghemmet har sedan \u00f6vertaget det utrymmet. Fotot fr\u00e5n \u00e5r 2014.<\/figcaption><\/figure>\n<figure id=\"attachment_15561\" aria-describedby=\"caption-attachment-15561\" style=\"width: 1680px\" class=\"wp-caption alignnone\"><img loading=\"lazy\" decoding=\"async\" class=\"size-full wp-image-15561\" src=\"http:\/\/www.lassebacklund.fi\/wp-content\/uploads\/2020\/01\/2014-0916-biblioteket-inifr\u00e5n.jpg\" alt=\"\" width=\"1680\" height=\"1260\" srcset=\"https:\/\/www.lassebacklund.fi\/wp-content\/uploads\/2020\/01\/2014-0916-biblioteket-inifr\u00e5n.jpg 1680w, https:\/\/www.lassebacklund.fi\/wp-content\/uploads\/2020\/01\/2014-0916-biblioteket-inifr\u00e5n-300x225.jpg 300w, https:\/\/www.lassebacklund.fi\/wp-content\/uploads\/2020\/01\/2014-0916-biblioteket-inifr\u00e5n-768x576.jpg 768w, https:\/\/www.lassebacklund.fi\/wp-content\/uploads\/2020\/01\/2014-0916-biblioteket-inifr\u00e5n-1024x768.jpg 1024w\" sizes=\"auto, (max-width: 1680px) 100vw, 1680px\" \/><figcaption id=\"caption-attachment-15561\" class=\"wp-caption-text\">L\u00e5nestationen \u00e4r trivsam och rymlig. Trots sina 33 \u00e5r p\u00e5 nacken s\u00e5 \u00e4r den fortfarande v\u00e4lbeh\u00e5llen och i gott skick.<\/figcaption><\/figure>\n<figure id=\"attachment_15563\" aria-describedby=\"caption-attachment-15563\" style=\"width: 1600px\" class=\"wp-caption alignnone\"><img loading=\"lazy\" decoding=\"async\" class=\"size-full wp-image-15563\" src=\"http:\/\/www.lassebacklund.fi\/wp-content\/uploads\/2020\/01\/Dagis-2017.jpg\" alt=\"\" width=\"1600\" height=\"1200\" srcset=\"https:\/\/www.lassebacklund.fi\/wp-content\/uploads\/2020\/01\/Dagis-2017.jpg 1600w, https:\/\/www.lassebacklund.fi\/wp-content\/uploads\/2020\/01\/Dagis-2017-300x225.jpg 300w, https:\/\/www.lassebacklund.fi\/wp-content\/uploads\/2020\/01\/Dagis-2017-768x576.jpg 768w, https:\/\/www.lassebacklund.fi\/wp-content\/uploads\/2020\/01\/Dagis-2017-1024x768.jpg 1024w\" sizes=\"auto, (max-width: 1600px) 100vw, 1600px\" \/><figcaption id=\"caption-attachment-15563\" class=\"wp-caption-text\">Servicehuset som byggdes under vargavintern 1986 &#8211; 1987 ser ut att vara i gott skick och n\u00e5gra st\u00f6rre reparationer har inte gjorts.<\/figcaption><\/figure>\n<p>Allm\u00e4nt minskade bokl\u00e5nen p\u00e5 alla bibliotek i Kristinestad under \u00e5r 1988 j\u00e4mf\u00f6rt med \u00e5ret innan. Enda undantaget var Dagsmark d\u00e4r \u00f6kningen var hela 20 % och den \u00f6kningen verkade nog bero p\u00e5 de nya utrymmena. \u00c5r 1988 l\u00e5nades det 6 473 b\u00f6cker i Dagsmark.<\/p>\n<p>Efter att skolan i Dagsmark drogs in, s\u00e5 har biblioteket varit indragningshotat. Beslutsfattarna i Kristinestad besl\u00f6t f\u00f6r ett antal \u00e5r sedan att biblioteket skall dras in men efter en tid \u00e4ndrades beslutet och biblioteket fick vara kvar. Som mest utl\u00e5nades 4\u00a0000 b\u00f6cker per \u00e5r men p\u00e5 grund av befolkningsminskningen och st\u00e4ngningen av skolan, s\u00e5 har antalet bokl\u00e5n sjunkit betydligt.<\/p>\n<p>Ben\u00e4mningen \u00e4ndrades fr\u00e5n bibliotek till l\u00e5nestation och det skulle vara \u00f6ppet endast en kv\u00e4ll i veckan. Bibliotekarien Christina Rosengren-Viitasalo som varit med sedan 1999 fick allts\u00e5 forts\u00e4tta och l\u00e5na ut b\u00f6cker \u00e5t dagsmarkborna \u00e4nda tills hon gick i pension f\u00f6r en tid sedan.<\/p>\n<p>Trots att utl\u00e5ningen har minskat under \u00e5ren, s\u00e5 \u00e4r biblioteket inte indragningshotat f\u00f6r tillf\u00e4llet. Stadens bokbuss bes\u00f6ker Dagsmark en dag i veckan, en service som flera dagsmarkbor \u00e4r n\u00f6jda med.<\/p>\n<h4><strong>Biblioteket p\u00e5 flera olika st\u00e4llen men alltid p\u00e5 samma tomt.<\/strong><\/h4>\n<p>Under 136 \u00e5rs tid har det funnits bibliotek i Dagsmark och det har alltid funnits p\u00e5 samma tomt. Det har varit inhyst i alla byggnader p\u00e5 skoltomten utom i uthuset och framtiden f\u00e5r utvisa bibliotekets vidare \u00f6den.<\/p>\n<figure id=\"attachment_15566\" aria-describedby=\"caption-attachment-15566\" style=\"width: 1524px\" class=\"wp-caption alignnone\"><img loading=\"lazy\" decoding=\"async\" class=\"size-full wp-image-15566\" src=\"http:\/\/www.lassebacklund.fi\/wp-content\/uploads\/2020\/01\/Skolan-2019.jpg\" alt=\"\" width=\"1524\" height=\"934\" srcset=\"https:\/\/www.lassebacklund.fi\/wp-content\/uploads\/2020\/01\/Skolan-2019.jpg 1524w, https:\/\/www.lassebacklund.fi\/wp-content\/uploads\/2020\/01\/Skolan-2019-300x184.jpg 300w, https:\/\/www.lassebacklund.fi\/wp-content\/uploads\/2020\/01\/Skolan-2019-768x471.jpg 768w, https:\/\/www.lassebacklund.fi\/wp-content\/uploads\/2020\/01\/Skolan-2019-1024x628.jpg 1024w\" sizes=\"auto, (max-width: 1524px) 100vw, 1524px\" \/><figcaption id=\"caption-attachment-15566\" class=\"wp-caption-text\">Biblioteket fanns i denna byggnad \u00e4nda till 1970-talet, d\u00e5 det flyttades ned till sm\u00e5skolan.<\/figcaption><\/figure>\n<figure id=\"attachment_15565\" aria-describedby=\"caption-attachment-15565\" style=\"width: 1253px\" class=\"wp-caption alignnone\"><img loading=\"lazy\" decoding=\"async\" class=\"size-full wp-image-15565\" src=\"http:\/\/www.lassebacklund.fi\/wp-content\/uploads\/2020\/01\/IMG_1250.jpg\" alt=\"\" width=\"1253\" height=\"804\" srcset=\"https:\/\/www.lassebacklund.fi\/wp-content\/uploads\/2020\/01\/IMG_1250.jpg 1253w, https:\/\/www.lassebacklund.fi\/wp-content\/uploads\/2020\/01\/IMG_1250-300x192.jpg 300w, https:\/\/www.lassebacklund.fi\/wp-content\/uploads\/2020\/01\/IMG_1250-768x493.jpg 768w, https:\/\/www.lassebacklund.fi\/wp-content\/uploads\/2020\/01\/IMG_1250-1024x657.jpg 1024w\" sizes=\"auto, (max-width: 1253px) 100vw, 1253px\" \/><figcaption id=\"caption-attachment-15565\" class=\"wp-caption-text\">Fr\u00e5n 1970-talet till 1987 fanns biblioteket i sm\u00e5skolan, d\u00e4r det var inrymt i en liten alkov till matsalen. Under n\u00e5gra veckor i augusti och september 1987 var biblioteket st\u00e4ngt, medan bibliotekarien Inga-Lisa Nyg\u00e5rd flyttade \u00f6ver b\u00f6ckerna till det nya biblioteket. Sj\u00e4lva inredningen flyttades inte till det nya st\u00e4llet.<\/figcaption><\/figure>\n<figure id=\"attachment_15564\" aria-describedby=\"caption-attachment-15564\" style=\"width: 1519px\" class=\"wp-caption alignnone\"><img loading=\"lazy\" decoding=\"async\" class=\"size-full wp-image-15564\" src=\"http:\/\/www.lassebacklund.fi\/wp-content\/uploads\/2020\/01\/Dagsmark-Dagis-maj-2003.jpg\" alt=\"\" width=\"1519\" height=\"962\" srcset=\"https:\/\/www.lassebacklund.fi\/wp-content\/uploads\/2020\/01\/Dagsmark-Dagis-maj-2003.jpg 1519w, https:\/\/www.lassebacklund.fi\/wp-content\/uploads\/2020\/01\/Dagsmark-Dagis-maj-2003-300x190.jpg 300w, https:\/\/www.lassebacklund.fi\/wp-content\/uploads\/2020\/01\/Dagsmark-Dagis-maj-2003-768x486.jpg 768w, https:\/\/www.lassebacklund.fi\/wp-content\/uploads\/2020\/01\/Dagsmark-Dagis-maj-2003-1024x649.jpg 1024w\" sizes=\"auto, (max-width: 1519px) 100vw, 1519px\" \/><figcaption id=\"caption-attachment-15564\" class=\"wp-caption-text\">Sedan september 1987 finns biblioteket inrymt i servicehuset som har ett bra l\u00e4ge mitt emellan storskolan och sm\u00e5skolan. V\u00e4rmecentralen som betj\u00e4nar alla byggnader finns i sm\u00e5skolan nedanf\u00f6r servicehuset. Fotot fr\u00e5n 2003.<\/figcaption><\/figure>\n<figure id=\"attachment_15693\" aria-describedby=\"caption-attachment-15693\" style=\"width: 1723px\" class=\"wp-caption alignnone\"><img loading=\"lazy\" decoding=\"async\" class=\"size-full wp-image-15693\" src=\"http:\/\/www.lassebacklund.fi\/wp-content\/uploads\/2020\/03\/19880927-S\u00d6-Benita-\u00c5n\u00e4s-och-Inga-Lisa-Nyg\u00e5rd.jpg\" alt=\"\" width=\"1723\" height=\"647\" srcset=\"https:\/\/www.lassebacklund.fi\/wp-content\/uploads\/2020\/03\/19880927-S\u00d6-Benita-\u00c5n\u00e4s-och-Inga-Lisa-Nyg\u00e5rd.jpg 1723w, https:\/\/www.lassebacklund.fi\/wp-content\/uploads\/2020\/03\/19880927-S\u00d6-Benita-\u00c5n\u00e4s-och-Inga-Lisa-Nyg\u00e5rd-300x113.jpg 300w, https:\/\/www.lassebacklund.fi\/wp-content\/uploads\/2020\/03\/19880927-S\u00d6-Benita-\u00c5n\u00e4s-och-Inga-Lisa-Nyg\u00e5rd-1024x385.jpg 1024w, https:\/\/www.lassebacklund.fi\/wp-content\/uploads\/2020\/03\/19880927-S\u00d6-Benita-\u00c5n\u00e4s-och-Inga-Lisa-Nyg\u00e5rd-768x288.jpg 768w, https:\/\/www.lassebacklund.fi\/wp-content\/uploads\/2020\/03\/19880927-S\u00d6-Benita-\u00c5n\u00e4s-och-Inga-Lisa-Nyg\u00e5rd-1536x577.jpg 1536w\" sizes=\"auto, (max-width: 1723px) 100vw, 1723px\" \/><figcaption id=\"caption-attachment-15693\" class=\"wp-caption-text\">P\u00e5 h\u00f6sten 1988 st\u00e4llde Benita \u00c5n\u00e4s (1944-2020) ut en del av sina konstverk p\u00e5 biblioteket i Dagsmark. Benita var hemma fr\u00e5n Kovjoki i Nykarleby men d\u00e5 hon gifte sig med Ruben \u00c5n\u00e4s s\u00e5 flyttade hon till Dagsmark. Hon tyckte om att m\u00e5la, inte bara tavlor utan ocks\u00e5 flaskor, stenar och allt annat m\u00f6jligt. Bibliotekarien Inga-Lisa Nyg\u00e5rd tyckte att det passade bra med en utst\u00e4llning p\u00e5 biblioteket. Bilderna \u00e4r fr\u00e5n Syd-\u00d6sterbotten och Kristinestads Tidning.<\/figcaption><\/figure>\n","protected":false},"excerpt":{"rendered":"<p>Sammanst\u00e4llt av Lasse Backlund i januari 2020. Folk har sedan urminnes tider haft ett behov av att l\u00e4ra sig nya saker genom att l\u00e4sa b\u00f6cker. I hemmen fanns det p\u00e5 1800-talet v\u00e4ldigt f\u00e5 b\u00f6cker och de var i regel religi\u00f6sa <a class=\"more-link\" href=\"https:\/\/www.lassebacklund.fi\/?page_id=15567\">Forts\u00e4tt l\u00e4sa <span class=\"screen-reader-text\">  Biblioteket i Dagsmark.<\/span><span class=\"meta-nav\">&rarr;<\/span><\/a><\/p>\n","protected":false},"author":1,"featured_media":0,"parent":17,"menu_order":7,"comment_status":"closed","ping_status":"closed","template":"","meta":{"footnotes":""},"class_list":["post-15567","page","type-page","status-publish","hentry"],"_links":{"self":[{"href":"https:\/\/www.lassebacklund.fi\/index.php?rest_route=\/wp\/v2\/pages\/15567","targetHints":{"allow":["GET"]}}],"collection":[{"href":"https:\/\/www.lassebacklund.fi\/index.php?rest_route=\/wp\/v2\/pages"}],"about":[{"href":"https:\/\/www.lassebacklund.fi\/index.php?rest_route=\/wp\/v2\/types\/page"}],"author":[{"embeddable":true,"href":"https:\/\/www.lassebacklund.fi\/index.php?rest_route=\/wp\/v2\/users\/1"}],"replies":[{"embeddable":true,"href":"https:\/\/www.lassebacklund.fi\/index.php?rest_route=%2Fwp%2Fv2%2Fcomments&post=15567"}],"version-history":[{"count":16,"href":"https:\/\/www.lassebacklund.fi\/index.php?rest_route=\/wp\/v2\/pages\/15567\/revisions"}],"predecessor-version":[{"id":22404,"href":"https:\/\/www.lassebacklund.fi\/index.php?rest_route=\/wp\/v2\/pages\/15567\/revisions\/22404"}],"up":[{"embeddable":true,"href":"https:\/\/www.lassebacklund.fi\/index.php?rest_route=\/wp\/v2\/pages\/17"}],"wp:attachment":[{"href":"https:\/\/www.lassebacklund.fi\/index.php?rest_route=%2Fwp%2Fv2%2Fmedia&parent=15567"}],"curies":[{"name":"wp","href":"https:\/\/api.w.org\/{rel}","templated":true}]}}