{"id":14825,"date":"2019-11-07T22:18:43","date_gmt":"2019-11-07T20:18:43","guid":{"rendered":"http:\/\/www.lassebacklund.fi\/?page_id=14825"},"modified":"2019-11-07T22:36:26","modified_gmt":"2019-11-07T20:36:26","slug":"dikten-om-lappfjards-a","status":"publish","type":"page","link":"https:\/\/www.lassebacklund.fi\/?page_id=14825","title":{"rendered":"Dikten om Lappfj\u00e4rds \u00e5."},"content":{"rendered":"<p><span style=\"color: #000080;\">Skriven av Ragnar Backlund fr\u00e5n Dagsmark och den publicerades i Syd-\u00d6sterbotten 29.1.1991.<\/span><\/p>\n<h6>P\u00e5 Lauhavuori den h\u00f6ga \u00e5sen,<\/h6>\n<h6>st\u00e5r k\u00e4llorna i rad som kossorna i b\u00e5sen,<\/h6>\n<h6>v\u00e5rt vatten d\u00e4rifr\u00e5n vi f\u00e5,<\/h6>\n<h6>som rinner sen l\u00e4ngs Lappfj\u00e4rds \u00e5.<\/h6>\n<p>&nbsp;<\/p>\n<h6>F\u00f6r Dagsmark finns den stora turen,<\/h6>\n<h6>vi har h\u00e4r s\u00e5 n\u00e4ra till naturen,<\/h6>\n<h6>det allra b\u00e4sta vi h\u00e4r kan f\u00e5,<\/h6>\n<h6>att allt h\u00e5lls rent i Lappfj\u00e4rds \u00e5.<\/h6>\n<p>&nbsp;<\/p>\n<h6>Stig p\u00e5 Fons han vatten paketerar,<\/h6>\n<h6>inte endast \u00e5t oss, han \u00e4ven exporterar,<\/h6>\n<h6>h\u00e5rd valuta han d\u00e4rav v\u00e4ntas f\u00e5,<\/h6>\n<h6>fast den ej kommer fr\u00e5n Lappfj\u00e4rds \u00e5.<\/h6>\n<p>&nbsp;<\/p>\n<h6>I Klemets forsen Helge om kr\u00e4ftorna pyssla,<\/h6>\n<h6>passar bra som f\u00f6re detta direkt\u00f6rs syssla,<\/h6>\n<h6>och kr\u00e4ftorna \u00e4r goda, stora som sm\u00e5<\/h6>\n<h6>men bara om de f\u00e5ngats i Lappfj\u00e4rds \u00e5.<\/h6>\n<p>&nbsp;<\/p>\n<h6>I Korsb\u00e4ck de olja i r\u00f6ren har funnit,<\/h6>\n<h6>nu fr\u00e5gas det om vart den har runnit,<\/h6>\n<h6>n\u00e5n katastrof ju ej det kan f\u00e5<\/h6>\n<h6>n\u00e4r den inte hamnat i Lappfj\u00e4rds \u00e5.<\/h6>\n<p>&nbsp;<\/p>\n<h6>I P\u00e4rus-Fors har nu hjulen stannat,<\/h6>\n<h6>f\u00f6r n\u00e5gra \u00e5r sedan var nog d\u00e4r annat,<\/h6>\n<h6>b\u00e5d dag och natt m\u00e5ste kvarnen g\u00e5,<\/h6>\n<h6>som drevs av vatten fr\u00e5n Lappfj\u00e4rds \u00e5.<\/h6>\n<p>&nbsp;<\/p>\n<h6>Pom-Frit, Raisio och Estrella<\/h6>\n<h6>som fransk potatis och chips framst\u00e4lla,<\/h6>\n<h6>f\u00f6rr sl\u00e4ppte de sitt avfall d\u00e5,<\/h6>\n<h6>skal och jord orenat ut i Lappfj\u00e4rds \u00e5.<\/h6>\n<p>&nbsp;<\/p>\n<h6>Svin\u00e4lven nu har torkat ut,<\/h6>\n<h6>sen grisarna vid mejeriet tog slut,<\/h6>\n<h6>en liten stank nog k\u00e4nns \u00e4nd\u00e5,<\/h6>\n<h6>n\u00e4r man f\u00e4rdas l\u00e4ngs Lappfj\u00e4rds \u00e5.<\/h6>\n<p>&nbsp;<\/p>\n<h6>Och b\u00f6nderna sen ej att gl\u00f6mma,<\/h6>\n<h6>som l\u00e5ter sitt kv\u00e4ve och fosfor str\u00f6mma,<\/h6>\n<h6>i stora m\u00e4ngder kan f\u00f6rst\u00e5,<\/h6>\n<h6>raka v\u00e4gen ned i Lappfj\u00e4rds \u00e5.<\/h6>\n<p>&nbsp;<\/p>\n<h6>Solanum, s\u00e5 heter Bjarne nu f\u00f6r tiden,<\/h6>\n<h6>han hette \u00e4ven Pom-Frit h\u00e4r f\u00f6rliden,<\/h6>\n<h6>sorterar potatis och packar ocks\u00e5,<\/h6>\n<h6>men smutsar ej alls ner Lappfj\u00e4rds \u00e5.<\/h6>\n<p>&nbsp;<\/p>\n<h6>V\u00e4l liksom solen alla skiner,<\/h6>\n<h6>f\u00f6r varje utsl\u00e4pp i fr\u00e5n orten,<\/h6>\n<h6>n\u00e4r sydl\u00e4ndsk solbr\u00e4nna man kan f\u00e5<\/h6>\n<h6>av det bruna vattnet i Lappfj\u00e4rds \u00e5.<\/h6>\n<h6><\/h6>\n<h6><\/h6>\n<h6><span style=\"font-family: 'Helvetica','sans-serif';\">F\u00f6rr K-stadsborna en brokig skara,<\/span><\/h6>\n<h6><span style=\"font-family: 'Helvetica','sans-serif';\">som velat f\u00f6rmer \u00e4n oss andra vara,<\/span><\/h6>\n<h6><span style=\"font-family: 'Helvetica','sans-serif';\">nu \u00e4r vi b\u00e4ttre \u00e4n de \u00e4nd\u00e5,<\/span><\/h6>\n<h6><span style=\"font-family: 'Helvetica','sans-serif';\">med g\u00f6dselvatten fr\u00e5n Lappfj\u00e4rds \u00e5.<\/span><\/h6>\n<h6><\/h6>\n<h6><\/h6>\n<h6><\/h6>\n<h6><\/h6>\n","protected":false},"excerpt":{"rendered":"<p>Skriven av Ragnar Backlund fr\u00e5n Dagsmark och den publicerades i Syd-\u00d6sterbotten 29.1.1991. P\u00e5 Lauhavuori den h\u00f6ga \u00e5sen, st\u00e5r k\u00e4llorna i rad som kossorna i b\u00e5sen, v\u00e5rt vatten d\u00e4rifr\u00e5n vi f\u00e5, som rinner sen l\u00e4ngs Lappfj\u00e4rds \u00e5. &nbsp; F\u00f6r Dagsmark finns <a class=\"more-link\" href=\"https:\/\/www.lassebacklund.fi\/?page_id=14825\">Forts\u00e4tt l\u00e4sa <span class=\"screen-reader-text\">  Dikten om Lappfj\u00e4rds \u00e5.<\/span><span class=\"meta-nav\">&rarr;<\/span><\/a><\/p>\n","protected":false},"author":1,"featured_media":0,"parent":2854,"menu_order":0,"comment_status":"closed","ping_status":"closed","template":"","meta":{"footnotes":""},"class_list":["post-14825","page","type-page","status-publish","hentry"],"_links":{"self":[{"href":"https:\/\/www.lassebacklund.fi\/index.php?rest_route=\/wp\/v2\/pages\/14825","targetHints":{"allow":["GET"]}}],"collection":[{"href":"https:\/\/www.lassebacklund.fi\/index.php?rest_route=\/wp\/v2\/pages"}],"about":[{"href":"https:\/\/www.lassebacklund.fi\/index.php?rest_route=\/wp\/v2\/types\/page"}],"author":[{"embeddable":true,"href":"https:\/\/www.lassebacklund.fi\/index.php?rest_route=\/wp\/v2\/users\/1"}],"replies":[{"embeddable":true,"href":"https:\/\/www.lassebacklund.fi\/index.php?rest_route=%2Fwp%2Fv2%2Fcomments&post=14825"}],"version-history":[{"count":14,"href":"https:\/\/www.lassebacklund.fi\/index.php?rest_route=\/wp\/v2\/pages\/14825\/revisions"}],"predecessor-version":[{"id":14839,"href":"https:\/\/www.lassebacklund.fi\/index.php?rest_route=\/wp\/v2\/pages\/14825\/revisions\/14839"}],"up":[{"embeddable":true,"href":"https:\/\/www.lassebacklund.fi\/index.php?rest_route=\/wp\/v2\/pages\/2854"}],"wp:attachment":[{"href":"https:\/\/www.lassebacklund.fi\/index.php?rest_route=%2Fwp%2Fv2%2Fmedia&parent=14825"}],"curies":[{"name":"wp","href":"https:\/\/api.w.org\/{rel}","templated":true}]}}