{"id":14538,"date":"2019-09-28T15:45:40","date_gmt":"2019-09-28T12:45:40","guid":{"rendered":"http:\/\/www.lassebacklund.fi\/?page_id=14538"},"modified":"2020-09-08T11:28:31","modified_gmt":"2020-09-08T08:28:31","slug":"likvagnen-i-korsback","status":"publish","type":"page","link":"https:\/\/www.lassebacklund.fi\/?page_id=14538","title":{"rendered":"Likvagnen i Korsb\u00e4ck."},"content":{"rendered":"<p>Det fanns likvagnar i s\u00e5 gott som varje by. I grannbyn Perus s\u00e5 fanns likvagnshuset 100 meter upp l\u00e4ngs Sparmossv\u00e4gen, p\u00e5 den v\u00e4nstra sidan. N\u00e4r huset revs, s\u00e5 flyttades likvagnen till Heikki H\u00f6gn\u00e4sbackas uthus n\u00e4stan p\u00e5 andra sidan Sparmossv\u00e4gen. F\u00f6r flera \u00e5r sedan s\u00e5ldes vagnen \u00e5t en antikhandlare.<\/p>\n<p>Korsb\u00e4ck Marthaf\u00f6rening k\u00f6pte \u00e5r 1943 p\u00e5 skuld en likvagn, som de hyrde ut \u00e5t beh\u00f6vande ortsbor. Sj\u00e4lva likvagnshuset l\u00e5g p\u00e5 Linds mark nere vid Lill\u00e5n, p\u00e5 v\u00e4gens h\u00f6gra d\u00e5 man k\u00f6r nedf\u00f6r S\u00e5gkvarnsbacken. \u00c4ldre Korsb\u00e4ckbor s\u00e4ger att det l\u00e5g p\u00e5 v\u00e4gens v\u00e4nstra sida, eftersom v\u00e4gen fick en ny dragning i mitten av 50-talet. D\u00e4r f\u00f6rvarades likvagnen men ocks\u00e5 korsb\u00e4ckmarthorna f\u00f6rvarande sina st\u00f6rre tillh\u00f6righeter d\u00e4r, s\u00e5som v\u00e4vstolar, grytor och andra st\u00f6rre k\u00e4rl. Marthorna sk\u00f6tte ocks\u00e5 om underh\u00e5llet av likvagnshuset.<\/p>\n<p>D\u00e5 likvagnshuset revs sommaren 1983, s\u00e5 s\u00e5ldes likvagnen \u00e5t \u00c5ke Weckstr\u00f6m p\u00e5 Carlsro museum i Kristinestad, d\u00e4r den fick ett nytt hem. Sj\u00e4lva likvagnshuset flyttades till Lappfj\u00e4rd och byggdes upp som f\u00f6rr\u00e5d.<\/p>\n<figure id=\"attachment_3597\" aria-describedby=\"caption-attachment-3597\" style=\"width: 2048px\" class=\"wp-caption alignnone\"><img loading=\"lazy\" decoding=\"async\" class=\"size-full wp-image-3597\" src=\"http:\/\/www.lassebacklund.fi\/wp-content\/uploads\/2017\/04\/Brobygge-p\u00e5-g\u00e5ng.jpg\" alt=\"\" width=\"2048\" height=\"1365\" srcset=\"https:\/\/www.lassebacklund.fi\/wp-content\/uploads\/2017\/04\/Brobygge-p\u00e5-g\u00e5ng.jpg 2048w, https:\/\/www.lassebacklund.fi\/wp-content\/uploads\/2017\/04\/Brobygge-p\u00e5-g\u00e5ng-300x200.jpg 300w, https:\/\/www.lassebacklund.fi\/wp-content\/uploads\/2017\/04\/Brobygge-p\u00e5-g\u00e5ng-768x512.jpg 768w, https:\/\/www.lassebacklund.fi\/wp-content\/uploads\/2017\/04\/Brobygge-p\u00e5-g\u00e5ng-1024x683.jpg 1024w\" sizes=\"auto, (max-width: 2048px) 100vw, 2048px\" \/><figcaption id=\"caption-attachment-3597\" class=\"wp-caption-text\">Likvagnshuset i Korsb\u00e4ck syns till v\u00e4nster p\u00e5 fotot och uppe till h\u00f6ger syns Lindhs gamla g\u00e5rd. Fotot \u00e4r taget i mitten av 50-talet av Celia Bergman och p\u00e5 bron st\u00e5r hennes man Nils med en av s\u00f6nerna och pratar med Ida Korsb\u00e4ck.<\/figcaption><\/figure>\n<figure id=\"attachment_14537\" aria-describedby=\"caption-attachment-14537\" style=\"width: 1599px\" class=\"wp-caption alignnone\"><img loading=\"lazy\" decoding=\"async\" class=\"size-full wp-image-14537\" src=\"http:\/\/www.lassebacklund.fi\/wp-content\/uploads\/2019\/09\/Likvagnen-p\u00e5-nytt.jpg\" alt=\"\" width=\"1599\" height=\"1200\" srcset=\"https:\/\/www.lassebacklund.fi\/wp-content\/uploads\/2019\/09\/Likvagnen-p\u00e5-nytt.jpg 1599w, https:\/\/www.lassebacklund.fi\/wp-content\/uploads\/2019\/09\/Likvagnen-p\u00e5-nytt-300x225.jpg 300w, https:\/\/www.lassebacklund.fi\/wp-content\/uploads\/2019\/09\/Likvagnen-p\u00e5-nytt-768x576.jpg 768w, https:\/\/www.lassebacklund.fi\/wp-content\/uploads\/2019\/09\/Likvagnen-p\u00e5-nytt-1024x768.jpg 1024w\" sizes=\"auto, (max-width: 1599px) 100vw, 1599px\" \/><figcaption id=\"caption-attachment-14537\" class=\"wp-caption-text\">Efter att likvagnshuset i Korsb\u00e4ck revs, s\u00e5 s\u00e5ldes likvagnen till Carlsro museum i Kristinestad f\u00f6r 100 mark, d\u00e4r den fortfarande finns till p\u00e5seende. Carlsros d\u00e5varande \u00e4gare \u00c5ke Weckstr\u00f6m var sj\u00e4lv med och h\u00e4mtade vagnen med traktorn tillsammans med sonen Bengt-Ove. Fotot \u00e4r fr\u00e5n juni 1983 och \u00e4r l\u00e5nat av Bo-G\u00f6ran Lindh, som ocks\u00e5 tagit fotot.<\/figcaption><\/figure>\n<figure id=\"attachment_17590\" aria-describedby=\"caption-attachment-17590\" style=\"width: 1613px\" class=\"wp-caption alignnone\"><img loading=\"lazy\" decoding=\"async\" class=\"size-full wp-image-17590\" src=\"https:\/\/www.lassebacklund.fi\/wp-content\/uploads\/2020\/09\/IMG_1657.jpg\" alt=\"\" width=\"1613\" height=\"1210\" srcset=\"https:\/\/www.lassebacklund.fi\/wp-content\/uploads\/2020\/09\/IMG_1657.jpg 1613w, https:\/\/www.lassebacklund.fi\/wp-content\/uploads\/2020\/09\/IMG_1657-300x225.jpg 300w, https:\/\/www.lassebacklund.fi\/wp-content\/uploads\/2020\/09\/IMG_1657-1024x768.jpg 1024w, https:\/\/www.lassebacklund.fi\/wp-content\/uploads\/2020\/09\/IMG_1657-768x576.jpg 768w, https:\/\/www.lassebacklund.fi\/wp-content\/uploads\/2020\/09\/IMG_1657-1536x1152.jpg 1536w\" sizes=\"auto, (max-width: 1613px) 100vw, 1613px\" \/><figcaption id=\"caption-attachment-17590\" class=\"wp-caption-text\">Marthornas likvagn fr\u00e5n 1943 finns nu uppbevarad i ett f\u00f6rr\u00e5d p\u00e5 Carlsro i Kristinestad. Den \u00e4r i bra skick f\u00f6rutom textilierna, som borde f\u00f6rnyas om vagnen skall visas f\u00f6r allm\u00e4nheten.<\/figcaption><\/figure>\n","protected":false},"excerpt":{"rendered":"<p>Det fanns likvagnar i s\u00e5 gott som varje by. I grannbyn Perus s\u00e5 fanns likvagnshuset 100 meter upp l\u00e4ngs Sparmossv\u00e4gen, p\u00e5 den v\u00e4nstra sidan. N\u00e4r huset revs, s\u00e5 flyttades likvagnen till Heikki H\u00f6gn\u00e4sbackas uthus n\u00e4stan p\u00e5 andra sidan Sparmossv\u00e4gen. F\u00f6r <a class=\"more-link\" href=\"https:\/\/www.lassebacklund.fi\/?page_id=14538\">Forts\u00e4tt l\u00e4sa <span class=\"screen-reader-text\">  Likvagnen i Korsb\u00e4ck.<\/span><span class=\"meta-nav\">&rarr;<\/span><\/a><\/p>\n","protected":false},"author":1,"featured_media":0,"parent":14509,"menu_order":0,"comment_status":"closed","ping_status":"closed","template":"","meta":{"footnotes":""},"class_list":["post-14538","page","type-page","status-publish","hentry"],"_links":{"self":[{"href":"https:\/\/www.lassebacklund.fi\/index.php?rest_route=\/wp\/v2\/pages\/14538","targetHints":{"allow":["GET"]}}],"collection":[{"href":"https:\/\/www.lassebacklund.fi\/index.php?rest_route=\/wp\/v2\/pages"}],"about":[{"href":"https:\/\/www.lassebacklund.fi\/index.php?rest_route=\/wp\/v2\/types\/page"}],"author":[{"embeddable":true,"href":"https:\/\/www.lassebacklund.fi\/index.php?rest_route=\/wp\/v2\/users\/1"}],"replies":[{"embeddable":true,"href":"https:\/\/www.lassebacklund.fi\/index.php?rest_route=%2Fwp%2Fv2%2Fcomments&post=14538"}],"version-history":[{"count":5,"href":"https:\/\/www.lassebacklund.fi\/index.php?rest_route=\/wp\/v2\/pages\/14538\/revisions"}],"predecessor-version":[{"id":17616,"href":"https:\/\/www.lassebacklund.fi\/index.php?rest_route=\/wp\/v2\/pages\/14538\/revisions\/17616"}],"up":[{"embeddable":true,"href":"https:\/\/www.lassebacklund.fi\/index.php?rest_route=\/wp\/v2\/pages\/14509"}],"wp:attachment":[{"href":"https:\/\/www.lassebacklund.fi\/index.php?rest_route=%2Fwp%2Fv2%2Fmedia&parent=14538"}],"curies":[{"name":"wp","href":"https:\/\/api.w.org\/{rel}","templated":true}]}}