{"id":14366,"date":"2019-09-18T21:51:15","date_gmt":"2019-09-18T18:51:15","guid":{"rendered":"http:\/\/www.lassebacklund.fi\/?page_id=14366"},"modified":"2019-09-18T21:57:03","modified_gmt":"2019-09-18T18:57:03","slug":"ungdomar-och-brollop","status":"publish","type":"page","link":"https:\/\/www.lassebacklund.fi\/?page_id=14366","title":{"rendered":"Ungdomar och br\u00f6llop."},"content":{"rendered":"<p><span lang=\"EN\" style=\"margin: 0px; color: #000080; font-family: 'Helvetica','sans-serif';\">Nedtecknat av Helga Englund \u00e5r 1936:<\/span><\/p>\n<p><span lang=\"EN\" style=\"margin: 0px; font-family: 'Helvetica','sans-serif';\"><span style=\"color: #000000;\">S\u00e5 l\u00e4nge man minns har skriftskolungdomen \u201dg\u00e5tt fram\u201d i kyrkan p\u00e5 midsommardagen. D\u00e4refter var de \u201dstorpojkar och storfleckor\u201d. Pojkarna invigdes till storpojkar om Mickelsm\u00e4ss. De bestod d\u00e5 de \u00e4ldre storpojkarna p\u00e5 br\u00e4nnvin. De l\u00e4rde sig d\u00e5 \u201dbeisarvisor\u201d som de skulle l\u00e4sa upp f\u00f6r flickorna f\u00f6r att bli insl\u00e4ppta om l\u00f6rdagsnatten.<\/span><\/span><\/p>\n<p><span lang=\"EN\" style=\"margin: 0px; font-family: 'Helvetica','sans-serif';\"><span style=\"color: #000000;\">S\u00e5 h\u00e4r lydde en visa:<\/span><\/span><\/p>\n<h6><strong><span lang=\"EN\" style=\"margin: 0px; font-family: 'Helvetica','sans-serif';\"><span style=\"color: #000000;\">\u00a0<\/span><\/span><span style=\"color: #000000;\"><span lang=\"EN\" style=\"margin: 0px; font-family: 'Helvetica','sans-serif';\">\u201d<\/span><span lang=\"EN\" style=\"margin: 0px; font-family: 'Helvetica','sans-serif';\"><i>Sl\u00e4pp in, sl\u00e4pp in,<\/i><\/span><\/span><\/strong><\/h6>\n<h6><strong><span lang=\"EN\" style=\"margin: 0px; font-family: 'Helvetica','sans-serif';\"><i><span style=\"color: #000000;\">kast f\u00e4ldin i f\u00f6ter\u00e4ndan,<\/span><\/i><\/span><\/strong><\/h6>\n<h6><strong><span lang=\"EN\" style=\"margin: 0px; font-family: 'Helvetica','sans-serif';\"><i><span style=\"color: #000000;\">stopp s\u00f6mnin i v\u00e4ggspringor,<\/span><\/i><\/span><\/strong><\/h6>\n<h6><strong><span lang=\"EN\" style=\"margin: 0px; font-family: 'Helvetica','sans-serif';\"><i><span style=\"color: #000000;\">\u00e4r du vaken s\u00e5 l\u00e4gg \u00e5v haken,<\/span><\/i><\/span><\/strong><\/h6>\n<h6><strong><span lang=\"EN\" style=\"margin: 0px; font-family: 'Helvetica','sans-serif';\"><i><span style=\"color: #000000;\">\u00e4r du s\u00f6mnig, s\u00e5 s\u00e4g!\u201d<\/span><\/i><\/span><\/strong><\/h6>\n<p><span lang=\"EN\" style=\"margin: 0px; font-family: 'Helvetica','sans-serif';\"><span style=\"color: #000000;\">\u00a0<\/span><\/span><\/p>\n<p><span lang=\"EN\" style=\"margin: 0px; font-family: 'Helvetica','sans-serif';\"><span style=\"color: #000000;\">Om flickan inte tyckte om pojken, gav hon honom \u201dskinne\u201d. Och om flickan tyckte om pojken, kunde hon \u201dlaga om\u201d s\u00e5 att det skulle bli riktigt bra. Hon gav honom en sup br\u00e4nnvin, d\u00e4r hon hade lagt ett h\u00e5rstr\u00e5, en lus eller n\u00e5got annat.<\/span><\/span><\/p>\n<p><span lang=\"EN\" style=\"margin: 0px; font-family: 'Helvetica','sans-serif';\"><span style=\"color: #000000;\">Vid f\u00f6rlovning fick bruden ring och \u00f6rh\u00e4ngen.<\/span><\/span><\/p>\n<p><span lang=\"EN\" style=\"margin: 0px; font-family: 'Helvetica','sans-serif';\"><span style=\"color: #000000;\">N\u00e4r man for till pr\u00e4sten och tog ut lysning, stod ungdomarna bakom alla riknutar vid v\u00e4gen och sk\u00f6t. F\u00f6r sm\u00e4llarna fick envar br\u00e4nnvin av brudgummen. N\u00e4r det lyste f\u00f6rsta g\u00e5ngen kunde man st\u00e4lla till fest. Det var \u201dkransen\u201d.<\/span><\/span><\/p>\n<h4><span lang=\"EN\" style=\"margin: 0px; font-family: 'Helvetica','sans-serif';\"><b><span style=\"color: #000000;\">Br\u00f6llopet.<\/span><\/b><\/span><\/h4>\n<p><span lang=\"EN\" style=\"margin: 0px; font-family: 'Helvetica','sans-serif';\"><span style=\"color: #000000;\">Brudfolket h\u00f6rde f\u00f6rst efter brudkl\u00e4derskan, som hade brudkronan och utstyrsel. Man skaffade mat och bryggde och bakade och l\u00e5nade matk\u00e4rl och m\u00f6bler. Man h\u00f6rde efter kockar, dricksutb\u00e4rare, spelm\u00e4n, pellhaldare, talman och talmansmor.<\/span><\/span><\/p>\n<p><span lang=\"EN\" style=\"margin: 0px; font-family: 'Helvetica','sans-serif';\"><span style=\"color: #000000;\">De f\u00f6rn\u00e4msta spelm\u00e4nnen p\u00e5 fiol under senare delen av 1800-talet var Mickas-Josef, St\u00e5l-Josef, Blind-Kalle, Koll-Karl, Karl Lillkull och Klemets-Kalle. <\/span><\/span><\/p>\n<p><span lang=\"EN\" style=\"margin: 0px; font-family: 'Helvetica','sans-serif';\"><span style=\"color: #000000;\">Brudfolket gick fr\u00e5n g\u00e5rd till g\u00e5rd och bj\u00f6d till br\u00f6llopet. I varje g\u00e5rd bj\u00f6ds sedan p\u00e5 en sup. Man kunde bjuda 200-400 personer. Br\u00f6llopen h\u00f6lls i dagarna tre, fredag, l\u00f6rdag och s\u00f6ndag.<\/span><\/span><\/p>\n<p><span lang=\"EN\" style=\"margin: 0px; font-family: 'Helvetica','sans-serif';\"><span style=\"color: #000000;\">Bruden kl\u00e4ddes i en granng\u00e5rd bitti om fredagsmorgonen. Ungdomarna hade kl\u00e4tt framstugan till brudstuga. Det var fransalakan och speglar p\u00e5 v\u00e4ggarna och sidendukar och skalderm\u00e4ssing i taket. N\u00e4r pr\u00e4sten och klockaren kom, gick brudraden. Spelm\u00e4nnen gick fr\u00e4mst och spelade marschen, sedan kom brudfolket, talmannen och pellhaldaren, sl\u00e4ktingar och br\u00f6llopsfolket. Man sk\u00f6t med b\u00f6ssor hela v\u00e4gen.<\/span><\/span><\/p>\n<p><span lang=\"EN\" style=\"margin: 0px; font-family: 'Helvetica','sans-serif';\"><span style=\"color: #000000;\">Efter vigseln \u00e5t man. Vid brudbordet hade varje person sin best\u00e4mda plats, som var utm\u00e4rkt med skalderm\u00e4ssing p\u00e5 v\u00e4ggen bakom. Till maten h\u00f6rde soppa, lutfisk, gr\u00f6t, ost och pannkaka. Efter maten b\u00f6rjade pellhaldardansen, det var menuett. Sedan b\u00f6rjade den allm\u00e4nna dansen.<\/span><\/span><\/p>\n<p><span lang=\"EN\" style=\"margin: 0px; font-family: 'Helvetica','sans-serif';\"><span style=\"color: #000000;\">Andra br\u00f6llopsdagen skulle det vara spektakel. D\u00e5 skulle pojkarna p\u00e5 \u201dbr\u00e5ton\u201d. S\u00e5 gick man i ringen och fick supar, sedan s\u00e5 dansade man l\u00e5ngraden ut omkring \u00f6ver stockar och stenar. Man s\u00f6p mycket den dagen.<\/span><\/span><\/p>\n<p><span lang=\"EN\" style=\"margin: 0px; font-family: 'Helvetica','sans-serif';\"><span style=\"color: #000000;\">Tredje dagen slutade br\u00f6llopet. Brudparet sattes p\u00e5 ett bord och hurrades. Bruden hade inte p\u00e5 sig kronan bara f\u00f6rsta dagen, sedan kl\u00e4dde hon om sig. Dessa br\u00f6llop som kallades silverbr\u00f6llop \u00e4r inte just vanliga nu mera. Sista silverbr\u00f6llopet var hos Klemets sommaren 1930. Mera vanliga nu \u00e4r \u201dsl\u00f6jabrulopen\u201d.<\/span><\/span><\/p>\n<p><span lang=\"EN\" style=\"margin: 0px; font-family: 'Helvetica','sans-serif'; font-size: 11pt;\"><span style=\"color: #0000ff;\">Det h\u00e4r var skrivet av Helga Englund \u00e5r 1936 och hon skrev att det sista silverbr\u00f6llopet skulle ha varit hos Klemets d\u00e5 Fanny \u00e5r 1930 gifte sig med Anselm Nyg\u00e5rd fr\u00e5n Korsb\u00e4ck. <\/span><\/span><\/p>\n<p><span lang=\"EN\" style=\"margin: 0px; font-family: 'Helvetica','sans-serif';\"><span style=\"color: #0000ff;\">Efter att detta skrevs var det nog flera silverbr\u00f6llop i Dagsmark. \u00c5r 1941 var det silverbr\u00f6llop hos Norrg\u00e5rds d\u00e5 dottern Svea gifte sig med grannen Gunnar Guss.\u00a0 <\/span><\/span><span lang=\"EN\" style=\"margin: 0px; font-family: 'Helvetica','sans-serif'; font-size: 11pt;\"><span style=\"color: #0000ff;\">Och s\u00e5 sent som 1947 var det ett stort silverbr\u00f6llop i Norrviken d\u00e5 Elvi \u00d6ist gifte sig med \u201dKv\u00e4n\u201d Eskil Guss fr\u00e5n Klemets\u00e4ndan.<\/span><\/span><\/p>\n<p>Om du vill se fina, gamla br\u00f6llopsfoton, s\u00e5 skall du klicka <a href=\"http:\/\/www.lassebacklund.fi\/?page_id=11177\"><span style=\"text-decoration: underline;\"><strong>H\u00c4R!<\/strong><\/span><\/a><\/p>\n<p><span lang=\"EN\" style=\"margin: 0px; font-family: 'Helvetica','sans-serif'; font-size: 11pt;\"><span style=\"color: #000000;\">\u00a0<\/span><\/span><\/p>\n","protected":false},"excerpt":{"rendered":"<p>Nedtecknat av Helga Englund \u00e5r 1936: S\u00e5 l\u00e4nge man minns har skriftskolungdomen \u201dg\u00e5tt fram\u201d i kyrkan p\u00e5 midsommardagen. D\u00e4refter var de \u201dstorpojkar och storfleckor\u201d. Pojkarna invigdes till storpojkar om Mickelsm\u00e4ss. De bestod d\u00e5 de \u00e4ldre storpojkarna p\u00e5 br\u00e4nnvin. De l\u00e4rde <a class=\"more-link\" href=\"https:\/\/www.lassebacklund.fi\/?page_id=14366\">Forts\u00e4tt l\u00e4sa <span class=\"screen-reader-text\">  Ungdomar och br\u00f6llop.<\/span><span class=\"meta-nav\">&rarr;<\/span><\/a><\/p>\n","protected":false},"author":1,"featured_media":0,"parent":3580,"menu_order":13,"comment_status":"closed","ping_status":"closed","template":"","meta":{"footnotes":""},"class_list":["post-14366","page","type-page","status-publish","hentry"],"_links":{"self":[{"href":"https:\/\/www.lassebacklund.fi\/index.php?rest_route=\/wp\/v2\/pages\/14366","targetHints":{"allow":["GET"]}}],"collection":[{"href":"https:\/\/www.lassebacklund.fi\/index.php?rest_route=\/wp\/v2\/pages"}],"about":[{"href":"https:\/\/www.lassebacklund.fi\/index.php?rest_route=\/wp\/v2\/types\/page"}],"author":[{"embeddable":true,"href":"https:\/\/www.lassebacklund.fi\/index.php?rest_route=\/wp\/v2\/users\/1"}],"replies":[{"embeddable":true,"href":"https:\/\/www.lassebacklund.fi\/index.php?rest_route=%2Fwp%2Fv2%2Fcomments&post=14366"}],"version-history":[{"count":3,"href":"https:\/\/www.lassebacklund.fi\/index.php?rest_route=\/wp\/v2\/pages\/14366\/revisions"}],"predecessor-version":[{"id":14369,"href":"https:\/\/www.lassebacklund.fi\/index.php?rest_route=\/wp\/v2\/pages\/14366\/revisions\/14369"}],"up":[{"embeddable":true,"href":"https:\/\/www.lassebacklund.fi\/index.php?rest_route=\/wp\/v2\/pages\/3580"}],"wp:attachment":[{"href":"https:\/\/www.lassebacklund.fi\/index.php?rest_route=%2Fwp%2Fv2%2Fmedia&parent=14366"}],"curies":[{"name":"wp","href":"https:\/\/api.w.org\/{rel}","templated":true}]}}