{"id":14320,"date":"2019-09-18T20:13:02","date_gmt":"2019-09-18T17:13:02","guid":{"rendered":"http:\/\/www.lassebacklund.fi\/?page_id=14320"},"modified":"2019-09-18T20:15:41","modified_gmt":"2019-09-18T17:15:41","slug":"fattigar","status":"publish","type":"page","link":"https:\/\/www.lassebacklund.fi\/?page_id=14320","title":{"rendered":"Fattig\u00e5r."},"content":{"rendered":"<p><span style=\"color: #000080;\"><span style=\"font-family: 'Helvetica','sans-serif';\">Nedtecknat av Helga Englund fr\u00e5n Palon \u00e5r 1936:<\/span><\/span><\/p>\n<p><span style=\"color: #000000;\"><span style=\"font-family: 'Helvetica','sans-serif';\"><span lang=\"EN\" style=\"margin: 0px; font-size: 11.5pt;\">Under fattig\u00e5ren p\u00e5 1860-talet var det verkligt fattigt. D\u00e5 var det m\u00e5nga som m\u00e5ste mala s\u00f6nder halmk\u00e4rvar till mj\u00f6l. Potatisskalet gav man \u00e5t de fattiga, som kom och tiggde och s\u00e5 tog man barkmj\u00f6l och bakade br\u00f6d av detta. Det var mycket folk som gick omkring och skakade upp halmk\u00e4rvar, som de rikare hade i ladorna. Det kom tiggare i stora skaror p\u00e5 v\u00e4gen och det var f\u00f6r det mesta finska personer som gick omkring och beg\u00e4rde mat. N\u00e4r fattiga pojkar kom in i stugan och satte sig p\u00e5 b\u00e4nken och n\u00e4r man lade potatisskal p\u00e5 b\u00e4nken, s\u00e5 b\u00f6rjade de \u00e4ta skalet och de b\u00f6rjade gr\u00e5ta.<\/span><\/span><\/span><\/p>\n<p><span lang=\"EN\" style=\"margin: 0px; font-family: 'Helvetica','sans-serif';\"><span style=\"color: #000000;\">\u00a0<\/span><\/span><span lang=\"EN\" style=\"margin: 0px; font-family: 'Helvetica','sans-serif'; font-size: 11.5pt;\"><span style=\"color: #000000;\">Dessa tider var det ocks\u00e5 m\u00e5nga sjukdomar, och f\u00f6r det mesta var det tyfusfeber. N\u00e4stan i varje g\u00e5rd fanns det n\u00e5gon som l\u00e5g sjuk i tyfusfeber.<\/span><\/span><\/p>\n","protected":false},"excerpt":{"rendered":"<p>Nedtecknat av Helga Englund fr\u00e5n Palon \u00e5r 1936: Under fattig\u00e5ren p\u00e5 1860-talet var det verkligt fattigt. D\u00e5 var det m\u00e5nga som m\u00e5ste mala s\u00f6nder halmk\u00e4rvar till mj\u00f6l. Potatisskalet gav man \u00e5t de fattiga, som kom och tiggde och s\u00e5 tog <a class=\"more-link\" href=\"https:\/\/www.lassebacklund.fi\/?page_id=14320\">Forts\u00e4tt l\u00e4sa <span class=\"screen-reader-text\">  Fattig\u00e5r.<\/span><span class=\"meta-nav\">&rarr;<\/span><\/a><\/p>\n","protected":false},"author":1,"featured_media":0,"parent":3580,"menu_order":5,"comment_status":"closed","ping_status":"closed","template":"","meta":{"footnotes":""},"class_list":["post-14320","page","type-page","status-publish","hentry"],"_links":{"self":[{"href":"https:\/\/www.lassebacklund.fi\/index.php?rest_route=\/wp\/v2\/pages\/14320","targetHints":{"allow":["GET"]}}],"collection":[{"href":"https:\/\/www.lassebacklund.fi\/index.php?rest_route=\/wp\/v2\/pages"}],"about":[{"href":"https:\/\/www.lassebacklund.fi\/index.php?rest_route=\/wp\/v2\/types\/page"}],"author":[{"embeddable":true,"href":"https:\/\/www.lassebacklund.fi\/index.php?rest_route=\/wp\/v2\/users\/1"}],"replies":[{"embeddable":true,"href":"https:\/\/www.lassebacklund.fi\/index.php?rest_route=%2Fwp%2Fv2%2Fcomments&post=14320"}],"version-history":[{"count":4,"href":"https:\/\/www.lassebacklund.fi\/index.php?rest_route=\/wp\/v2\/pages\/14320\/revisions"}],"predecessor-version":[{"id":14324,"href":"https:\/\/www.lassebacklund.fi\/index.php?rest_route=\/wp\/v2\/pages\/14320\/revisions\/14324"}],"up":[{"embeddable":true,"href":"https:\/\/www.lassebacklund.fi\/index.php?rest_route=\/wp\/v2\/pages\/3580"}],"wp:attachment":[{"href":"https:\/\/www.lassebacklund.fi\/index.php?rest_route=%2Fwp%2Fv2%2Fmedia&parent=14320"}],"curies":[{"name":"wp","href":"https:\/\/api.w.org\/{rel}","templated":true}]}}