{"id":1361,"date":"2016-10-20T22:49:33","date_gmt":"2016-10-20T20:49:33","guid":{"rendered":"http:\/\/www.lassebacklund.fi\/?page_id=1361"},"modified":"2016-10-20T23:02:20","modified_gmt":"2016-10-20T21:02:20","slug":"protesten-mot-tidningarna","status":"publish","type":"page","link":"https:\/\/www.lassebacklund.fi\/?page_id=1361","title":{"rendered":"Protesten mot tidningarna."},"content":{"rendered":"<p>Nykterhetsf\u00f6reningen Framtid i Dagsmark hade p\u00e5 ett m\u00f6te den 26 mars 1920 best\u00e4mt att protestera mot tidningen Syd-\u00d6sterbottens och andra tidningars\u00a0arroganta s\u00e4tt att skriva om dryckenskap och om den nyligen inf\u00f6rda f\u00f6rbudslagen. Genom en ins\u00e4ndare i tidningen den 7 april 1920 protesterade f\u00f6reningen mot detta och de skrev s\u00e5 h\u00e4r:<\/p>\n<h3><span style=\"color: #000080;\"><strong><em>Protest.<\/em><\/strong><\/span><\/h3>\n<p><span style=\"color: #000080;\"><em>Talrikt f\u00f6rsamlade vid ett m\u00f6te i Dagsmark den 26 mars 1920 inl\u00e4gga h\u00e4rmed deltagarna en skarp protest mot alla de svenska tidningar, vilka f\u00f6ra f\u00f6rbudsfientlig politik, \u00e4vensom mot alla de myndigheter, som genom slapphet eller genom aktivt arbete i lagl\u00f6shetens tecken befordrat uppkomsten av den nu r\u00e5dande l\u00f6nnbr\u00e4nningen och smyghandeln och s\u00e5lunda bidragit till det rusdrycksel\u00e4nde och d\u00e4rmed \u00e5tf\u00f6ljande lagl\u00f6shet, som f\u00f6r n\u00e4rvarande beh\u00e4rska v\u00e5rt folk.<\/em><\/span><\/p>\n<p><span style=\"color: #000080;\"><em>M\u00f6tet fordrar d\u00e4rf\u00f6r att landets tidningspress of\u00f6rdr\u00f6jligen \u00e4ndrar politik och b\u00f6rjar bek\u00e4mpa den olagliga rusdryckstrafiken. Tidningarnas uppgift \u00e4r ju enligt h\u00e4vdvunnen uppfattning att bek\u00e4mpa lagl\u00f6shet. I motsatt fall ser den nykterhets\u00e4lskande allm\u00e4nheten <span style=\"color: #000080;\">sig n\u00f6dsakad att b\u00f6rja motarbeta dylika tidningars spridning.<\/span><\/em><\/span><\/p>\n<p><span style=\"color: #000080;\"><em>M\u00f6tesdeltagarna fordra dessutom att kommunens styresm\u00e4n skyndsammast vidtaga n\u00f6diga \u00e5tg\u00e4rder f\u00f6r att st\u00e4vja l\u00f6nnbr\u00e4nningen och det sj\u00e4lvsv\u00e5ld, som d\u00e4rmed \u00e4r f\u00f6renat. Ytterligare fordrar m\u00f6tet, att polismyndigheterna med st\u00f6rsta str\u00e4nghet gripa in mot lag\u00f6vertr\u00e4dare och utan f\u00f6rbarmande befordra dem till laga n\u00e4pst, samt att domstolarna sedan med lagens sk\u00e4rpa d\u00f6ma s\u00e5dana personer, som f\u00f6rbrutit sig mot f\u00f6rbudslagen och s\u00e5lunda trotsa lag och ordning, till de h\u00f6gsta straff som lagen medgiver.<\/em><\/span><\/p>\n<p><span style=\"color: #000080;\"><em>P\u00e5 m\u00f6tets v\u00e4gnar:<\/em><\/span><\/p>\n<p><span style=\"color: #000080;\"><em>Viktor Nylund, Selim Klockars, J. V. B\u00e5sk.<\/em><\/span><\/p>\n<figure id=\"attachment_1366\" aria-describedby=\"caption-attachment-1366\" style=\"width: 370px\" class=\"wp-caption aligncenter\"><img loading=\"lazy\" decoding=\"async\" class=\"size-full wp-image-1366\" src=\"http:\/\/www.lassebacklund.fi\/wp-content\/uploads\/2016\/10\/Protest-i-Sydin-7-april-1920..jpg\" alt=\"S\u00e5 h\u00e4r s\u00e5g protesten ut som f\u00f6reningen publicerade i tidningen Syd-\u00d6sterbotten den 7 april 1920.\" width=\"370\" height=\"1209\" srcset=\"https:\/\/www.lassebacklund.fi\/wp-content\/uploads\/2016\/10\/Protest-i-Sydin-7-april-1920..jpg 370w, https:\/\/www.lassebacklund.fi\/wp-content\/uploads\/2016\/10\/Protest-i-Sydin-7-april-1920.-92x300.jpg 92w, https:\/\/www.lassebacklund.fi\/wp-content\/uploads\/2016\/10\/Protest-i-Sydin-7-april-1920.-313x1024.jpg 313w\" sizes=\"auto, (max-width: 370px) 100vw, 370px\" \/><figcaption id=\"caption-attachment-1366\" class=\"wp-caption-text\">S\u00e5 h\u00e4r s\u00e5g protesten ut som f\u00f6reningen publicerade i tidningen Syd-\u00d6sterbotten den 7 april 1920.<\/figcaption><\/figure>\n","protected":false},"excerpt":{"rendered":"<p>Nykterhetsf\u00f6reningen Framtid i Dagsmark hade p\u00e5 ett m\u00f6te den 26 mars 1920 best\u00e4mt att protestera mot tidningen Syd-\u00d6sterbottens och andra tidningars\u00a0arroganta s\u00e4tt att skriva om dryckenskap och om den nyligen inf\u00f6rda f\u00f6rbudslagen. Genom en ins\u00e4ndare i tidningen den 7 april <a class=\"more-link\" href=\"https:\/\/www.lassebacklund.fi\/?page_id=1361\">Forts\u00e4tt l\u00e4sa <span class=\"screen-reader-text\">  Protesten mot tidningarna.<\/span><span class=\"meta-nav\">&rarr;<\/span><\/a><\/p>\n","protected":false},"author":1,"featured_media":0,"parent":1355,"menu_order":0,"comment_status":"closed","ping_status":"closed","template":"","meta":{"footnotes":""},"class_list":["post-1361","page","type-page","status-publish","hentry"],"_links":{"self":[{"href":"https:\/\/www.lassebacklund.fi\/index.php?rest_route=\/wp\/v2\/pages\/1361","targetHints":{"allow":["GET"]}}],"collection":[{"href":"https:\/\/www.lassebacklund.fi\/index.php?rest_route=\/wp\/v2\/pages"}],"about":[{"href":"https:\/\/www.lassebacklund.fi\/index.php?rest_route=\/wp\/v2\/types\/page"}],"author":[{"embeddable":true,"href":"https:\/\/www.lassebacklund.fi\/index.php?rest_route=\/wp\/v2\/users\/1"}],"replies":[{"embeddable":true,"href":"https:\/\/www.lassebacklund.fi\/index.php?rest_route=%2Fwp%2Fv2%2Fcomments&post=1361"}],"version-history":[{"count":3,"href":"https:\/\/www.lassebacklund.fi\/index.php?rest_route=\/wp\/v2\/pages\/1361\/revisions"}],"predecessor-version":[{"id":1367,"href":"https:\/\/www.lassebacklund.fi\/index.php?rest_route=\/wp\/v2\/pages\/1361\/revisions\/1367"}],"up":[{"embeddable":true,"href":"https:\/\/www.lassebacklund.fi\/index.php?rest_route=\/wp\/v2\/pages\/1355"}],"wp:attachment":[{"href":"https:\/\/www.lassebacklund.fi\/index.php?rest_route=%2Fwp%2Fv2%2Fmedia&parent=1361"}],"curies":[{"name":"wp","href":"https:\/\/api.w.org\/{rel}","templated":true}]}}