{"id":13495,"date":"2019-08-04T11:00:18","date_gmt":"2019-08-04T08:00:18","guid":{"rendered":"http:\/\/www.lassebacklund.fi\/?page_id=13495"},"modified":"2019-08-10T13:19:42","modified_gmt":"2019-08-10T10:19:42","slug":"13495-2","status":"publish","type":"page","link":"https:\/\/www.lassebacklund.fi\/?page_id=13495","title":{"rendered":"Majbo-hyllning."},"content":{"rendered":"<p><span style=\"color: #000080;\">Skrivet av Roger Lundell till invigningen av nya Majbo \u00e5r 1998, d\u00e4r den framf\u00f6rdes av Lappfj\u00e4rds Mansk\u00f6r. Melodi: Sm\u00e5 n\u00e4ra ting:<\/span><\/p>\n<h6>Vi hyllar nu Dagsmark med denna s\u00e5ng,<\/h6>\n<h6>ni visat nu &#8221;vi-anda&#8221; \u00e4nnu en g\u00e5ng<\/h6>\n<h6>i Dagsmark s\u00e5 skaffar ni allt ni vill ha<\/h6>\n<h6>av detta vi ser resultat i da.<\/h6>\n<p>&nbsp;<\/p>\n<h6>N\u00e4r planen den visa lokalen blir l\u00e5ng<\/h6>\n<h6>d\u00e5 m\u00e4rktes det genast att tomten blir tr\u00e5ng<\/h6>\n<h6>d\u00e5 skaffa ni granntomten som va s\u00e5 ful<\/h6>\n<h6>d\u00e4r fanns mycket buskar, ett fallf\u00e4rdigt skjul<\/h6>\n<p>&nbsp;<\/p>\n<h6>N\u00e4r Staden g\u00e5r knaggligt ni \u00e4r ej till last<\/h6>\n<h6>f\u00f6reningshuset kom till i en hast<\/h6>\n<h6>det anv\u00e4ndes flitigt av gammal som ung<\/h6>\n<h6>men g\u00f6r inga h\u00e5l uti Nystr\u00f6ms pengpung.<\/h6>\n<p>&nbsp;<\/p>\n<h6>Ert f\u00e4dernearv ni f\u00f6rvaltat s\u00e5 v\u00e4l<\/h6>\n<h6>h\u00e4r kan ni fr\u00f6jda er kropp och er sj\u00e4l<\/h6>\n<h6>men alla som sitter i salen s\u00e5 full<\/h6>\n<h6>t\u00e4nk denna stund upp\u00e5 Frans Storkull.<\/h6>\n<p>&nbsp;<\/p>\n<p><span style=\"color: #000080;\">(<strong>Nystr\u00f6m<\/strong> som omn\u00e4mns i den tredje versen var stadsdirekt\u00f6r i Kristinestad den h\u00e4r tiden. <strong>Frans Storkull<\/strong> som omn\u00e4mns i den sista raden var en av Dagsmark ungdomsf\u00f6renings viktigaste personer p\u00e5 1940-1950-talet)<\/span><\/p>\n","protected":false},"excerpt":{"rendered":"<p>Skrivet av Roger Lundell till invigningen av nya Majbo \u00e5r 1998, d\u00e4r den framf\u00f6rdes av Lappfj\u00e4rds Mansk\u00f6r. Melodi: Sm\u00e5 n\u00e4ra ting: Vi hyllar nu Dagsmark med denna s\u00e5ng, ni visat nu &#8221;vi-anda&#8221; \u00e4nnu en g\u00e5ng i Dagsmark s\u00e5 skaffar ni <a class=\"more-link\" href=\"https:\/\/www.lassebacklund.fi\/?page_id=13495\">Forts\u00e4tt l\u00e4sa <span class=\"screen-reader-text\">  Majbo-hyllning.<\/span><span class=\"meta-nav\">&rarr;<\/span><\/a><\/p>\n","protected":false},"author":1,"featured_media":0,"parent":6319,"menu_order":0,"comment_status":"closed","ping_status":"closed","template":"","meta":{"footnotes":""},"class_list":["post-13495","page","type-page","status-publish","hentry"],"_links":{"self":[{"href":"https:\/\/www.lassebacklund.fi\/index.php?rest_route=\/wp\/v2\/pages\/13495","targetHints":{"allow":["GET"]}}],"collection":[{"href":"https:\/\/www.lassebacklund.fi\/index.php?rest_route=\/wp\/v2\/pages"}],"about":[{"href":"https:\/\/www.lassebacklund.fi\/index.php?rest_route=\/wp\/v2\/types\/page"}],"author":[{"embeddable":true,"href":"https:\/\/www.lassebacklund.fi\/index.php?rest_route=\/wp\/v2\/users\/1"}],"replies":[{"embeddable":true,"href":"https:\/\/www.lassebacklund.fi\/index.php?rest_route=%2Fwp%2Fv2%2Fcomments&post=13495"}],"version-history":[{"count":5,"href":"https:\/\/www.lassebacklund.fi\/index.php?rest_route=\/wp\/v2\/pages\/13495\/revisions"}],"predecessor-version":[{"id":13564,"href":"https:\/\/www.lassebacklund.fi\/index.php?rest_route=\/wp\/v2\/pages\/13495\/revisions\/13564"}],"up":[{"embeddable":true,"href":"https:\/\/www.lassebacklund.fi\/index.php?rest_route=\/wp\/v2\/pages\/6319"}],"wp:attachment":[{"href":"https:\/\/www.lassebacklund.fi\/index.php?rest_route=%2Fwp%2Fv2%2Fmedia&parent=13495"}],"curies":[{"name":"wp","href":"https:\/\/api.w.org\/{rel}","templated":true}]}}