{"id":13484,"date":"2019-08-04T10:22:35","date_gmt":"2019-08-04T07:22:35","guid":{"rendered":"http:\/\/www.lassebacklund.fi\/?page_id=13484"},"modified":"2019-08-04T11:11:19","modified_gmt":"2019-08-04T08:11:19","slug":"vara-rooter","status":"publish","type":"page","link":"https:\/\/www.lassebacklund.fi\/?page_id=13484","title":{"rendered":"V\u00e5ra r\u00f6\u00f6ter."},"content":{"rendered":"<h6><span lang=\"SV\" style=\"margin: 0px; color: #000080; font-family: 'Helvetica','sans-serif'; font-size: 11pt;\">Skrivet av Roger Lundell till hembygdsfesten p\u00e5 Majbo i juni 2000:<\/span><\/h6>\n<h6><\/h6>\n<h6><span lang=\"SV\" style=\"margin: 0px; font-family: 'Helvetica','sans-serif'; font-size: 11pt;\"><span style=\"color: #000000;\">Sjenn vor vi f\u00f6dd, sjenn fick vi liv<\/span><\/span><\/h6>\n<h6><span lang=\"SV\" style=\"margin: 0px; font-family: 'Helvetica','sans-serif'; font-size: 11pt;\">Sjenn b\u00f6rja vi skolan, vi l\u00e4t oss ti skriv<\/span><\/h6>\n<h6><span lang=\"SV\" style=\"margin: 0px; font-family: 'Helvetica','sans-serif'; font-size: 11pt;\"><span style=\"color: #000000;\">Sjenn leest vi katjeesin, all \u201dvad \u00e4r det\u201d<\/span><\/span><\/h6>\n<h6><span lang=\"SV\" style=\"margin: 0px; font-family: 'Helvetica','sans-serif'; font-size: 11pt;\"><span style=\"color: #000000;\">Man undra ibland, va he riktit r\u00e4tt.<\/span><\/span><\/h6>\n<p><span lang=\"SV\" style=\"margin: 0px; font-family: 'Helvetica','sans-serif'; font-size: 11pt;\"><span style=\"color: #000000;\">\u00a0<\/span><\/span><\/p>\n<h6><span lang=\"SV\" style=\"margin: 0px; font-family: 'Helvetica','sans-serif'; font-size: 11pt;\"><span style=\"color: #000000;\">Vi rusta ner f\u00f6 \u00e5en, t\u00e4r rann vattne s\u00e5 klaat<\/span><\/span><\/h6>\n<h6><span lang=\"SV\" style=\"margin: 0px; font-family: 'Helvetica','sans-serif'; font-size: 11pt;\"><span style=\"color: #000000;\">F\u00f6s\u00f6kt f\u00e5ng nain steinkladd, som fick v\u00e4ldi faat<\/span><\/span><\/h6>\n<h6><span lang=\"SV\" style=\"margin: 0px; font-family: 'Helvetica','sans-serif'; font-size: 11pt;\"><span style=\"color: #000000;\">\u201dVa f\u00f6sikti f\u00f6 vattne, s\u00e5 it na gar \u00e5p tok\u201d<\/span><\/span><\/h6>\n<h6><span lang=\"SV\" style=\"margin: 0px; font-family: 'Helvetica','sans-serif'; font-size: 11pt;\"><span style=\"color: #000000;\">He mamm sa om N\u00e4tsjin va gl\u00f6md me en jisspigg \u00e5p krok.<\/span><\/span><\/h6>\n<p><span lang=\"SV\" style=\"margin: 0px; font-family: 'Helvetica','sans-serif'; font-size: 11pt;\"><span style=\"color: #000000;\">\u00a0<\/span><\/span><\/p>\n<h6><span lang=\"SV\" style=\"margin: 0px; font-family: 'Helvetica','sans-serif'; font-size: 11pt;\"><span style=\"color: #000000;\">Man leikt ofta i skojin, finns K\u00e4rrvejin kvar?<\/span><\/span><\/h6>\n<h6><span lang=\"SV\" style=\"margin: 0px; font-family: 'Helvetica','sans-serif'; font-size: 11pt;\"><span style=\"color: #000000;\">Berg\u00e5sin, By\u00e5sin \u00e5 \u00e5sin som drar? <span style=\"color: #000080;\">(Drag\u00e5sin)<\/span><\/span><\/span><\/h6>\n<h6><span lang=\"SV\" style=\"margin: 0px; font-family: 'Helvetica','sans-serif'; font-size: 11pt;\"><span style=\"color: #000000;\">Lisa-Moras stosteinin sir ut ti ha krympt<\/span><\/span><\/h6>\n<h6><span lang=\"SV\" style=\"margin: 0px; font-family: 'Helvetica','sans-serif'; font-size: 11pt;\"><span style=\"color: #000000;\">\u00e5v kojor \u00e5p Br\u00e4nnlaande syns it en skymt.<\/span><\/span><\/h6>\n<p><span lang=\"SV\" style=\"margin: 0px; font-family: 'Helvetica','sans-serif'; font-size: 11pt;\"><span style=\"color: #000000;\">\u00a0<\/span><\/span><\/p>\n<h6><span lang=\"SV\" style=\"margin: 0px; font-family: 'Helvetica','sans-serif'; font-size: 11pt;\"><span style=\"color: #000000;\">Lokaalin \u00e5 sp\u00e5rtplan va bra tidsf\u00f6rdriv<\/span><\/span><\/h6>\n<h6><span lang=\"SV\" style=\"margin: 0px; font-family: 'Helvetica','sans-serif'; font-size: 11pt;\"><span style=\"color: #000000;\">T\u00e5 man l\u00e4t se ti dans, man fick som nytt liv.<\/span><\/span><\/h6>\n<h6><span lang=\"SV\" style=\"margin: 0px; font-family: 'Helvetica','sans-serif'; font-size: 11pt;\"><span style=\"color: #000000;\">I h\u00f6jdhopp s\u00e5 hoppa vi \u201drollin elo sax\u201d<\/span><\/span><\/h6>\n<h6><span lang=\"SV\" style=\"margin: 0px; font-family: 'Helvetica','sans-serif'; font-size: 11pt;\"><span style=\"color: #000000;\">He va rikti hopp he, it na Fosburyflax.<\/span><\/span><\/h6>\n<p><span lang=\"SV\" style=\"margin: 0px; font-family: 'Helvetica','sans-serif'; font-size: 11pt;\"><span style=\"color: #000000;\">\u00a0<\/span><\/span><\/p>\n<h6><span lang=\"SV\" style=\"margin: 0px; font-family: 'Helvetica','sans-serif'; font-size: 11pt;\"><span style=\"color: #000000;\">Nelsonas boden, Wester \u00e5 handlin je b\u00e5tt,<\/span><\/span><\/h6>\n<h6><span lang=\"SV\" style=\"margin: 0px; font-family: 'Helvetica','sans-serif'; font-size: 11pt;\"><span style=\"color: #000000;\">samma \u00f6de allihop ha dom f\u00e5tt,<\/span><\/span><\/h6>\n<h6><span lang=\"SV\" style=\"margin: 0px; font-family: 'Helvetica','sans-serif'; font-size: 11pt;\"><span style=\"color: #000000;\">liksom lokaalin o andelsmejeri<\/span><\/span><\/h6>\n<h6><span lang=\"SV\" style=\"margin: 0px; font-family: 'Helvetica','sans-serif'; font-size: 11pt;\"><span style=\"color: #000000;\">br\u00e5nan ha l\u00f6ckast, i sitt frieri.<\/span><\/span><\/h6>\n<p><span lang=\"SV\" style=\"margin: 0px; font-family: 'Helvetica','sans-serif'; font-size: 11pt;\"><span style=\"color: #000000;\">\u00a0<\/span><\/span><\/p>\n<h6><span lang=\"SV\" style=\"margin: 0px; font-family: 'Helvetica','sans-serif'; font-size: 11pt;\"><span style=\"color: #000000;\">Kvann \u00e4n i v\u00e4den i dag ni finns<\/span><\/span><\/h6>\n<h6><span lang=\"SV\" style=\"margin: 0px; font-family: 'Helvetica','sans-serif'; font-size: 11pt;\"><span style=\"color: #000000;\">Hittsje je na som ni allti ska minns:<\/span><\/span><\/h6>\n<h6><span lang=\"SV\" style=\"margin: 0px; font-family: 'Helvetica','sans-serif'; font-size: 11pt;\"><span style=\"color: #000000;\">Trinnp\u00e4ronen \u00e5 flessje \u00e5p en varman spis<\/span><\/span><\/h6>\n<h6><span lang=\"SV\" style=\"margin: 0px; font-family: 'Helvetica','sans-serif'; font-size: 11pt;\"><span style=\"color: #000000;\">Vikfossas r\u00f6limonad, o en f\u00e4skan gris!<\/span><\/span><\/h6>\n<p><span lang=\"SV\" style=\"margin: 0px; font-family: 'Helvetica','sans-serif'; font-size: 11pt;\"><span style=\"color: #000000;\">\u00a0\u00a0\u00a0\u00a0\u00a0\u00a0\u00a0\u00a0\u00a0\u00a0\u00a0\u00a0\u00a0\u00a0\u00a0\u00a0\u00a0\u00a0\u00a0\u00a0\u00a0\u00a0\u00a0\u00a0\u00a0\u00a0\u00a0\u00a0\u00a0\u00a0\u00a0\u00a0\u00a0\u00a0\u00a0\u00a0\u00a0\u00a0\u00a0\u00a0\u00a0\u00a0\u00a0\u00a0\u00a0\u00a0\u00a0\u00a0\u00a0\u00a0\u00a0\u00a0\u00a0\u00a0\u00a0\u00a0\u00a0\u00a0\u00a0\u00a0\u00a0\u00a0\u00a0\u00a0\u00a0\u00a0\u00a0\u00a0\u00a0\u00a0\u00a0\u00a0\u00a0\u00a0\u00a0\u00a0\u00a0\u00a0\u00a0\u00a0\u00a0\u00a0\u00a0\u00a0\u00a0\u00a0 <\/span><\/span><\/p>\n","protected":false},"excerpt":{"rendered":"<p>Skrivet av Roger Lundell till hembygdsfesten p\u00e5 Majbo i juni 2000: Sjenn vor vi f\u00f6dd, sjenn fick vi liv Sjenn b\u00f6rja vi skolan, vi l\u00e4t oss ti skriv Sjenn leest vi katjeesin, all \u201dvad \u00e4r det\u201d Man undra ibland, va <a class=\"more-link\" href=\"https:\/\/www.lassebacklund.fi\/?page_id=13484\">Forts\u00e4tt l\u00e4sa <span class=\"screen-reader-text\">  V\u00e5ra r\u00f6\u00f6ter.<\/span><span class=\"meta-nav\">&rarr;<\/span><\/a><\/p>\n","protected":false},"author":1,"featured_media":0,"parent":6319,"menu_order":0,"comment_status":"closed","ping_status":"closed","template":"","meta":{"footnotes":""},"class_list":["post-13484","page","type-page","status-publish","hentry"],"_links":{"self":[{"href":"https:\/\/www.lassebacklund.fi\/index.php?rest_route=\/wp\/v2\/pages\/13484","targetHints":{"allow":["GET"]}}],"collection":[{"href":"https:\/\/www.lassebacklund.fi\/index.php?rest_route=\/wp\/v2\/pages"}],"about":[{"href":"https:\/\/www.lassebacklund.fi\/index.php?rest_route=\/wp\/v2\/types\/page"}],"author":[{"embeddable":true,"href":"https:\/\/www.lassebacklund.fi\/index.php?rest_route=\/wp\/v2\/users\/1"}],"replies":[{"embeddable":true,"href":"https:\/\/www.lassebacklund.fi\/index.php?rest_route=%2Fwp%2Fv2%2Fcomments&post=13484"}],"version-history":[{"count":3,"href":"https:\/\/www.lassebacklund.fi\/index.php?rest_route=\/wp\/v2\/pages\/13484\/revisions"}],"predecessor-version":[{"id":13487,"href":"https:\/\/www.lassebacklund.fi\/index.php?rest_route=\/wp\/v2\/pages\/13484\/revisions\/13487"}],"up":[{"embeddable":true,"href":"https:\/\/www.lassebacklund.fi\/index.php?rest_route=\/wp\/v2\/pages\/6319"}],"wp:attachment":[{"href":"https:\/\/www.lassebacklund.fi\/index.php?rest_route=%2Fwp%2Fv2%2Fmedia&parent=13484"}],"curies":[{"name":"wp","href":"https:\/\/api.w.org\/{rel}","templated":true}]}}