{"id":13135,"date":"2019-07-16T00:01:34","date_gmt":"2019-07-15T21:01:34","guid":{"rendered":"http:\/\/www.lassebacklund.fi\/?page_id=13135"},"modified":"2019-07-16T00:01:34","modified_gmt":"2019-07-15T21:01:34","slug":"truten","status":"publish","type":"page","link":"https:\/\/www.lassebacklund.fi\/?page_id=13135","title":{"rendered":"Truten."},"content":{"rendered":"<p><span style=\"color: #000080;\">Skrivet av Eva under en resa i Norge 2017:<\/span><\/p>\n<h6><span style=\"margin: 0px; font-family: 'Helvetica','sans-serif';\"><span style=\"color: #000000;\">Truten \u00e4r en f\u00e5gel som tillh\u00f6r familjen m\u00e5sar,<\/span><\/span><\/h6>\n<h6><span style=\"margin: 0px; font-family: 'Helvetica','sans-serif';\"><span style=\"color: #000000;\">inte att f\u00f6rv\u00e4xla med \u00e4nder och g\u00e5sar,<\/span><\/span><\/h6>\n<h6><span style=\"margin: 0px; font-family: 'Helvetica','sans-serif';\"><span style=\"color: #000000;\">skiter stora r\u00e5por som varhelst den sl\u00e4pper,<\/span><\/span><\/h6>\n<h6><span style=\"margin: 0px; font-family: 'Helvetica','sans-serif';\"><span style=\"color: #000000;\">sitter p\u00e5 stolpar och med n\u00e4bben kn\u00e4pper.<\/span><\/span><\/h6>\n<h6><span style=\"margin: 0px; font-family: 'Helvetica','sans-serif';\"><span style=\"color: #000000;\">\u00a0<\/span><\/span><\/h6>\n<h6><span style=\"margin: 0px; font-family: 'Helvetica','sans-serif';\"><span style=\"color: #000000;\">Skriker och ropar, det kan ej kallas s\u00e5ng<\/span><\/span><\/h6>\n<h6><span style=\"margin: 0px; font-family: 'Helvetica','sans-serif';\"><span style=\"color: #000000;\">och inte bara p\u00e5 dagen, utan \u00e4ven natten l\u00e5ng.<\/span><\/span><\/h6>\n<h6><span style=\"margin: 0px; font-family: 'Helvetica','sans-serif';\"><span style=\"color: #000000;\">Fisk borde vara dess huvudsakliga mat<\/span><\/span><\/h6>\n<h6><span style=\"margin: 0px; font-family: 'Helvetica','sans-serif';\"><span style=\"color: #000000;\">men den nappar g\u00e4rna \u00e5t sig fr\u00e5n restaurangg\u00e4stens fat.<\/span><\/span><\/h6>\n<h6><span style=\"margin: 0px; font-family: 'Helvetica','sans-serif';\"><span style=\"color: #000000;\">Den verkar ha samma motto som vi m\u00e4nniskor, jag och du:<\/span><\/span><\/h6>\n<h6><\/h6>\n<h6><span style=\"margin: 0px; font-family: 'Helvetica','sans-serif';\"><span style=\"color: #000000;\">&#8221;Krafs \u00e5t de s\u00e5 har du, f\u00e5r itt du s\u00e5 tar du&#8221;,<\/span><\/span><\/h6>\n<h6><span style=\"margin: 0px; font-family: 'Helvetica','sans-serif';\"><span style=\"color: #000000;\">det kom jag p\u00e5 just nu!<\/span><\/span><\/h6>\n<figure id=\"attachment_13134\" aria-describedby=\"caption-attachment-13134\" style=\"width: 1086px\" class=\"wp-caption alignnone\"><img loading=\"lazy\" decoding=\"async\" class=\"size-full wp-image-13134\" src=\"http:\/\/www.lassebacklund.fi\/wp-content\/uploads\/2019\/07\/Truten.jpg\" alt=\"\" width=\"1086\" height=\"779\" srcset=\"https:\/\/www.lassebacklund.fi\/wp-content\/uploads\/2019\/07\/Truten.jpg 1086w, https:\/\/www.lassebacklund.fi\/wp-content\/uploads\/2019\/07\/Truten-300x215.jpg 300w, https:\/\/www.lassebacklund.fi\/wp-content\/uploads\/2019\/07\/Truten-768x551.jpg 768w, https:\/\/www.lassebacklund.fi\/wp-content\/uploads\/2019\/07\/Truten-1024x735.jpg 1024w\" sizes=\"auto, (max-width: 1086px) 100vw, 1086px\" \/><figcaption id=\"caption-attachment-13134\" class=\"wp-caption-text\">Stolt och stilig men ack s\u00e5 skr\u00e4nig.<\/figcaption><\/figure>\n","protected":false},"excerpt":{"rendered":"<p>Skrivet av Eva under en resa i Norge 2017: Truten \u00e4r en f\u00e5gel som tillh\u00f6r familjen m\u00e5sar, inte att f\u00f6rv\u00e4xla med \u00e4nder och g\u00e5sar, skiter stora r\u00e5por som varhelst den sl\u00e4pper, sitter p\u00e5 stolpar och med n\u00e4bben kn\u00e4pper. \u00a0 Skriker <a class=\"more-link\" href=\"https:\/\/www.lassebacklund.fi\/?page_id=13135\">Forts\u00e4tt l\u00e4sa <span class=\"screen-reader-text\">  Truten.<\/span><span class=\"meta-nav\">&rarr;<\/span><\/a><\/p>\n","protected":false},"author":1,"featured_media":0,"parent":13107,"menu_order":0,"comment_status":"closed","ping_status":"closed","template":"","meta":{"footnotes":""},"class_list":["post-13135","page","type-page","status-publish","hentry"],"_links":{"self":[{"href":"https:\/\/www.lassebacklund.fi\/index.php?rest_route=\/wp\/v2\/pages\/13135","targetHints":{"allow":["GET"]}}],"collection":[{"href":"https:\/\/www.lassebacklund.fi\/index.php?rest_route=\/wp\/v2\/pages"}],"about":[{"href":"https:\/\/www.lassebacklund.fi\/index.php?rest_route=\/wp\/v2\/types\/page"}],"author":[{"embeddable":true,"href":"https:\/\/www.lassebacklund.fi\/index.php?rest_route=\/wp\/v2\/users\/1"}],"replies":[{"embeddable":true,"href":"https:\/\/www.lassebacklund.fi\/index.php?rest_route=%2Fwp%2Fv2%2Fcomments&post=13135"}],"version-history":[{"count":1,"href":"https:\/\/www.lassebacklund.fi\/index.php?rest_route=\/wp\/v2\/pages\/13135\/revisions"}],"predecessor-version":[{"id":13136,"href":"https:\/\/www.lassebacklund.fi\/index.php?rest_route=\/wp\/v2\/pages\/13135\/revisions\/13136"}],"up":[{"embeddable":true,"href":"https:\/\/www.lassebacklund.fi\/index.php?rest_route=\/wp\/v2\/pages\/13107"}],"wp:attachment":[{"href":"https:\/\/www.lassebacklund.fi\/index.php?rest_route=%2Fwp%2Fv2%2Fmedia&parent=13135"}],"curies":[{"name":"wp","href":"https:\/\/api.w.org\/{rel}","templated":true}]}}