{"id":12998,"date":"2019-07-10T17:20:17","date_gmt":"2019-07-10T14:20:17","guid":{"rendered":"http:\/\/www.lassebacklund.fi\/?page_id=12998"},"modified":"2019-07-10T21:55:16","modified_gmt":"2019-07-10T18:55:16","slug":"en-vanlig-dag-i-november","status":"publish","type":"page","link":"https:\/\/www.lassebacklund.fi\/?page_id=12998","title":{"rendered":"En vanlig dag i november."},"content":{"rendered":"<p><span style=\"color: #000080;\"><span style=\"font-family: 'Helvetica','sans-serif';\">Nedtecknat av Eva en helt vanlig dag i november 2015:<\/span><\/span><\/p>\n<h5><span style=\"margin: 0px; font-family: 'Helvetica','sans-serif';\"><span style=\"color: #000000;\"><u><\/u>K\u00e4raste gubben iv\u00e4g han drog<\/span><\/span><\/h5>\n<h5><span style=\"margin: 0px; font-family: 'Helvetica','sans-serif';\"><span style=\"color: #000000;\">i bitande kyla upp till v\u00e5r skog.<\/span><\/span><\/h5>\n<h5><span style=\"margin: 0px; font-family: 'Helvetica','sans-serif';\"><span style=\"color: #000000;\">D\u00e4r skall han s\u00e5ga och r\u00f6ja i dag<\/span><\/span><\/h5>\n<h5><span style=\"margin: 0px; font-family: 'Helvetica','sans-serif';\"><span style=\"color: #000000;\">ensam, vanligen jobbar vi ilag.<\/span><\/span><\/h5>\n<h5><span style=\"margin: 0px; font-family: 'Helvetica','sans-serif';\"><span style=\"color: #000000;\">Men gumman skall andra saker g\u00f6ra,<\/span><\/span><\/h5>\n<h5><span style=\"margin: 0px; font-family: 'Helvetica','sans-serif';\"><span style=\"color: #000000;\">l\u00e4ser du vidare s\u00e5 f\u00e5r du h\u00f6ra!<\/span><\/span><\/h5>\n<p><span style=\"margin: 0px; font-family: 'Helvetica','sans-serif';\"><span style=\"color: #000000;\">\u00a0<\/span><\/span><\/p>\n<h5><span style=\"margin: 0px; font-family: 'Helvetica','sans-serif';\"><span style=\"color: #000000;\">Korta av en kl\u00e4nning och virka n\u00e5gra varv,<\/span><\/span><\/h5>\n<h5><span style=\"margin: 0px; font-family: 'Helvetica','sans-serif';\"><span style=\"color: #000000;\">jumppa i vatten och mata frusen sparv,<\/span><\/span><\/h5>\n<h5><span style=\"margin: 0px; font-family: 'Helvetica','sans-serif';\"><span style=\"color: #000000;\">handla och koka till kv\u00e4llen n\u00e5got gott,<\/span><\/span><\/h5>\n<h5><span style=\"margin: 0px; font-family: 'Helvetica','sans-serif';\"><span style=\"color: #000000;\">sitta vid datorn och dikta lite sm\u00e5tt.<\/span><\/span><\/h5>\n<h5><span style=\"margin: 0px; font-family: 'Helvetica','sans-serif';\"><span style=\"color: #000000;\">Sen far hon iv\u00e4g p\u00e5 s\u00e5ng till Kantilena<\/span><\/span><\/h5>\n<h5><span style=\"margin: 0px; font-family: 'Helvetica','sans-serif';\"><span style=\"color: #000000;\">och kommer hem p\u00e5 kv\u00e4llen den sena.<\/span><\/span><\/h5>\n<p><span style=\"margin: 0px; font-family: 'Helvetica','sans-serif';\"><span style=\"color: #000000;\">\u00a0<\/span><\/span><\/p>\n<h5><span style=\"margin: 0px; font-family: 'Helvetica','sans-serif';\"><span style=\"color: #000000;\">D\u00e5 har denna dag kommit till sitt slut<\/span><\/span><\/h5>\n<h5><span style=\"margin: 0px; font-family: 'Helvetica','sans-serif';\"><span style=\"color: #000000;\">och n\u00f6jda dom b\u00e5da i b\u00e4dden vilar ut!<\/span><\/span><\/h5>\n<p><img loading=\"lazy\" decoding=\"async\" class=\"alignnone size-full wp-image-12997\" src=\"http:\/\/www.lassebacklund.fi\/wp-content\/uploads\/2019\/07\/Novemberdag.jpg\" alt=\"\" width=\"1386\" height=\"1040\" srcset=\"https:\/\/www.lassebacklund.fi\/wp-content\/uploads\/2019\/07\/Novemberdag.jpg 1386w, https:\/\/www.lassebacklund.fi\/wp-content\/uploads\/2019\/07\/Novemberdag-300x225.jpg 300w, https:\/\/www.lassebacklund.fi\/wp-content\/uploads\/2019\/07\/Novemberdag-768x576.jpg 768w, https:\/\/www.lassebacklund.fi\/wp-content\/uploads\/2019\/07\/Novemberdag-1024x768.jpg 1024w\" sizes=\"auto, (max-width: 1386px) 100vw, 1386px\" \/><\/p>\n","protected":false},"excerpt":{"rendered":"<p>Nedtecknat av Eva en helt vanlig dag i november 2015: K\u00e4raste gubben iv\u00e4g han drog i bitande kyla upp till v\u00e5r skog. D\u00e4r skall han s\u00e5ga och r\u00f6ja i dag ensam, vanligen jobbar vi ilag. Men gumman skall andra saker <a class=\"more-link\" href=\"https:\/\/www.lassebacklund.fi\/?page_id=12998\">Forts\u00e4tt l\u00e4sa <span class=\"screen-reader-text\">  En vanlig dag i november.<\/span><span class=\"meta-nav\">&rarr;<\/span><\/a><\/p>\n","protected":false},"author":1,"featured_media":0,"parent":12953,"menu_order":0,"comment_status":"closed","ping_status":"closed","template":"","meta":{"footnotes":""},"class_list":["post-12998","page","type-page","status-publish","hentry"],"_links":{"self":[{"href":"https:\/\/www.lassebacklund.fi\/index.php?rest_route=\/wp\/v2\/pages\/12998","targetHints":{"allow":["GET"]}}],"collection":[{"href":"https:\/\/www.lassebacklund.fi\/index.php?rest_route=\/wp\/v2\/pages"}],"about":[{"href":"https:\/\/www.lassebacklund.fi\/index.php?rest_route=\/wp\/v2\/types\/page"}],"author":[{"embeddable":true,"href":"https:\/\/www.lassebacklund.fi\/index.php?rest_route=\/wp\/v2\/users\/1"}],"replies":[{"embeddable":true,"href":"https:\/\/www.lassebacklund.fi\/index.php?rest_route=%2Fwp%2Fv2%2Fcomments&post=12998"}],"version-history":[{"count":3,"href":"https:\/\/www.lassebacklund.fi\/index.php?rest_route=\/wp\/v2\/pages\/12998\/revisions"}],"predecessor-version":[{"id":13039,"href":"https:\/\/www.lassebacklund.fi\/index.php?rest_route=\/wp\/v2\/pages\/12998\/revisions\/13039"}],"up":[{"embeddable":true,"href":"https:\/\/www.lassebacklund.fi\/index.php?rest_route=\/wp\/v2\/pages\/12953"}],"wp:attachment":[{"href":"https:\/\/www.lassebacklund.fi\/index.php?rest_route=%2Fwp%2Fv2%2Fmedia&parent=12998"}],"curies":[{"name":"wp","href":"https:\/\/api.w.org\/{rel}","templated":true}]}}