{"id":12684,"date":"2019-06-16T18:52:17","date_gmt":"2019-06-16T15:52:17","guid":{"rendered":"http:\/\/www.lassebacklund.fi\/?page_id=12684"},"modified":"2026-03-19T22:54:44","modified_gmt":"2026-03-19T20:54:44","slug":"heikki-heenperis-slakt","status":"publish","type":"page","link":"https:\/\/www.lassebacklund.fi\/?page_id=12684","title":{"rendered":"Heikki Hemberg och hans sl\u00e4kt"},"content":{"rendered":"<p><strong><span style=\"color: #000080;\">Sammanst\u00e4llt av Lasse Backlund i juni 2019, med hj\u00e4lp av Leila Koivunen fr\u00e5n Tavastehus. Heikki Heenperi \u00e4r Leilas mormors farfar.<\/span><\/strong><\/p>\n<h4><strong>Heikki Heenperi eller Heikkil\u00e4.<\/strong><\/h4>\n<p><b><\/b>Heikki Kustaanpoika Heikkil\u00e4 f\u00f6ddes i Hongonjoki, allts\u00e5 i Honkajoki 2.1.1850. Flyttade till Sideby 8.12.1900 med sl\u00e4ktnamnet Heenperi-Heikkil\u00e4. I kyrkb\u00f6ckerna 1877 hette han Nokkosviita, 1879 hette han Majakangas och fr\u00e5n 1885 hette han Heikkil\u00e4.<\/p>\n<p>Heikki var son till Kustaa Juhonpoika Strikkala (f.5.4.1825 i Siikainen) som med sin familj \u00e5r 1850 flyttade till Nokkosviita torp i Siikainen. Heikkis mor hette Kreeta Liisa Mikontyt\u00e4r (1821-1881).<\/p>\n<p>Heikki Heenperi hade gift sig med Margareta Maria Severinantyt\u00e4r (f.6.5.1851) den 5.11.1877 d\u00e5 hon ocks\u00e5 flyttade fr\u00e5n f\u00f6delsekommunen Karvia till Hongonjoki.<\/p>\n<p><strong>\u00c5r 1899, den 9 juni<\/strong> k\u00f6pte Heikki och Margareta Hemberg hemmanet Westerback i Sideby av \u00e4nkan Greta Sofia Westerback, mot livstids sytning. I december 1900 fick Heikki och hustrun Margareta lagfart p\u00e5 det ink\u00f6pta hemmanet i Sideby som var p\u00e5 1\/12 mtl.<\/p>\n<p><strong>\u00c5r 1903 i juni<\/strong> s\u00e5lde kronofogden i Ilmola h\u00e4rad Hembergs Westerback hemman i Sideby p\u00e5 exekutiv auktion. H\u00f6gsta budet p\u00e5 3 100 mark gavs av bonden Henrik Isaksson Mattila, som med ett enkelt klubbslag blev \u00e4gare till hemmanet.<\/p>\n<p><strong>Heikki Heenperi och Margareta hade f\u00f6ljande barn:<\/strong><\/p>\n<p>-Heikki, f. 21.4.1877 i Karvia, flyttade som ogift och barnl\u00f6s 1893 till Merikarvia.<\/p>\n<p>-Hilma Vilhelmina, f. 23.8.1878 i Hongonjoki, flyttade \u00e5r 1895 som ogift och barnl\u00f6s till Siikainen \u00e5r 1895 med sl\u00e4ktnamnet Heenperi.<\/p>\n<p>-Alma Alexandra, f. 8.11.1879 i Hogonjoki, d\u00f6d 11.5.1882.<\/p>\n<p>-Maria Adolfina, f. 16.10.1881 i Hongonjoki, flyttade som ogift och barnl\u00f6s till Sideby 8.12.1900 med sl\u00e4ktnamnet Heikkil\u00e4.<\/p>\n<p>-Alma Alexandra, f. 22.7.1883 i Hongonjoki, flyttade som ogift och barnl\u00f6s till Sideby 8.12.1900 med sl\u00e4ktnamnet Heikkil\u00e4.<\/p>\n<p>-Selma, f. 22.7.1883 i Hongonjoki, flyttade som ogift och barnl\u00f6s till Sideby 8.12.1900 med sl\u00e4ktnamnet Heikkil\u00e4.<\/p>\n<p><strong>-Isakki (Isak) Robert<\/strong>, f. 29.11.1885 i Hongonjoki, flyttade som ogift och barnl\u00f6s till Sideby 8.12.1900 med sl\u00e4ktnamnet Heenperi-Heikkil\u00e4. L\u00e4s mera om Isak h\u00e4r nedan!<\/p>\n<p>-Elviira, f. 28.11.1887 i Hongonjoki, flyttade som ogift och barnl\u00f6s till Sideby 8.12.1900 med sl\u00e4ktnamnet Heenperi-Heikkil\u00e4.<\/p>\n<p>-Sofia Elisabet, f. 2.12.1889, d\u00f6d 30.12.1891.<\/p>\n<p>-Lyydia Sofia, f. 3.8.1893 i Hongonjoki, flyttade som ogift och barnl\u00f6s till Sideby 8.12.1900 med sl\u00e4ktnamnet Heenperi-Heikkil\u00e4.<\/p>\n<h4><strong>Isak Hemberg.<\/strong><\/h4>\n<p><strong>\u00c5r 1885, den 29 november<\/strong> f\u00f6ddes Isak i Hongonjoki och han gifte sig 14.3.1909 med Hilma Katharina Klockars (7.10.1878 i Lappfj\u00e4rd p\u00e5 Norrviksidan, d\u00f6d 24.11.1928). Hilma var dotter till &#8221;Ruffa Viktor&#8221;, som bodde p\u00e5 Klockars hemman i Norrviken. Isak for till Amerika 1912 men p\u00e5 grund av d\u00e5lig syn fick han inte ens g\u00e5 i land och han \u00e5terv\u00e4nde d\u00e4rf\u00f6r genast till Korsb\u00e4ck.<\/p>\n<p><strong>Mellan \u00e5ren 1909 och 1914<\/strong> bodde Isak och Hilma Henberg i en stuga, som stod lite nedanf\u00f6r Egil R\u00f6nngrens numera obebodda g\u00e5rd p\u00e5 Norrviksv\u00e4gen. Bredvid den stod en annan stuga som \u00e4gdes av\u00a0 &#8221;Gam\u00e4l Filin&#8221;, allts\u00e5 Filippus \u00d6verkodes (1849-1918) som kom fr\u00e5n Kodesj\u00e4rvi i Stor\u00e5. Filippus var gift med &#8221;Gam\u00e4l Filon&#8221;, som hette Fia (1850-1922) och hon hade kommit fr\u00e5n Risby i Sastmola. Filinas stuga flyttades sedan till Norrviksv\u00e4gen 89, d\u00e4r Frans Lillsj\u00f6 sedan bodde.<\/p>\n<figure id=\"attachment_21462\" aria-describedby=\"caption-attachment-21462\" style=\"width: 1260px\" class=\"wp-caption alignnone\"><img loading=\"lazy\" decoding=\"async\" class=\"wp-image-21462 size-full\" src=\"https:\/\/www.lassebacklund.fi\/wp-content\/uploads\/2022\/01\/Isakas-gard-i-Norrviken-enligt-Elgot-Berg.jpg\" alt=\"\" width=\"1260\" height=\"667\" srcset=\"https:\/\/www.lassebacklund.fi\/wp-content\/uploads\/2022\/01\/Isakas-gard-i-Norrviken-enligt-Elgot-Berg.jpg 1260w, https:\/\/www.lassebacklund.fi\/wp-content\/uploads\/2022\/01\/Isakas-gard-i-Norrviken-enligt-Elgot-Berg-300x159.jpg 300w, https:\/\/www.lassebacklund.fi\/wp-content\/uploads\/2022\/01\/Isakas-gard-i-Norrviken-enligt-Elgot-Berg-1024x542.jpg 1024w, https:\/\/www.lassebacklund.fi\/wp-content\/uploads\/2022\/01\/Isakas-gard-i-Norrviken-enligt-Elgot-Berg-768x407.jpg 768w\" sizes=\"auto, (max-width: 1260px) 100vw, 1260px\" \/><figcaption id=\"caption-attachment-21462\" class=\"wp-caption-text\">Den bl\u00e5a pilen visar vart Isak och Hilmas stuga flyttades \u00e5r 1914.<\/figcaption><\/figure>\n<p><strong>\u00c5r 1914, den 3 juni<\/strong> k\u00f6pte Isak och Hilma Henberg f\u00f6r 250 mark ett omr\u00e5de p\u00e5 1 ha i Norrviken av bonden Emil och Manda Storhannus, som fick namnet Nordbacka 9:8 i Lappfj\u00e4rds by. Omr\u00e5det b\u00f6rjade vid tr\u00e4skstranden och str\u00e4ckte sig sig v\u00e4sterut 300 meter.<\/p>\n<p><strong>Samma dag<\/strong> k\u00f6pte Isak och Hilma ett omr\u00e5de bredvid av samma Storhannus hemman. S\u00e4ljare var Maria Adelina Storhannus och k\u00f6peskillingen igen 250 mark trots att detta omr\u00e5de var aningen st\u00f6rre. Detta omr\u00e5de fick namnet Norrbacka 9:9 i Lappfj\u00e4rds by.<\/p>\n<p>Isak och Hilma flyttade nu stugan som de bott i nedanf\u00f6r R\u00f6nngrenas g\u00e5rd till detta omr\u00e5de, som efter flytten b\u00f6rjade kallas &#8221;Isakas&#8221;.<\/p>\n<p><strong>\u00c5r 1916, den 26 oktober<\/strong> k\u00f6pte Isak, som nu kallas Hernberg ett omr\u00e5de norr om de tv\u00e5 tidigare och det h\u00e4r var 2,5 ha stort och str\u00e4ckte sig fr\u00e5n tr\u00e4skstranden upp till Norrviksv\u00e4gen. S\u00e4ljare var Felix och Manda Blomfelt, k\u00f6peskillingen utgjorde 1 400 mark och omr\u00e5det fick namnet Nord 9:10 i Lappfj\u00e4rds by.<\/p>\n<figure id=\"attachment_25243\" aria-describedby=\"caption-attachment-25243\" style=\"width: 1107px\" class=\"wp-caption alignnone\"><img loading=\"lazy\" decoding=\"async\" class=\"wp-image-25243 size-full\" src=\"https:\/\/www.lassebacklund.fi\/wp-content\/uploads\/2025\/12\/Isakas-karta.jpg\" alt=\"\" width=\"1107\" height=\"684\" srcset=\"https:\/\/www.lassebacklund.fi\/wp-content\/uploads\/2025\/12\/Isakas-karta.jpg 1107w, https:\/\/www.lassebacklund.fi\/wp-content\/uploads\/2025\/12\/Isakas-karta-300x185.jpg 300w, https:\/\/www.lassebacklund.fi\/wp-content\/uploads\/2025\/12\/Isakas-karta-1024x633.jpg 1024w, https:\/\/www.lassebacklund.fi\/wp-content\/uploads\/2025\/12\/Isakas-karta-768x475.jpg 768w\" sizes=\"auto, (max-width: 1107px) 100vw, 1107px\" \/><figcaption id=\"caption-attachment-25243\" class=\"wp-caption-text\">Under \u00e5ren 1914-1916 f\u00f6rv\u00e4rvade Isak Henberg dessa tre omr\u00e5den, som h\u00f6rde till Storhannus hemman i Lappfj\u00e4rd.<\/figcaption><\/figure>\n<figure id=\"attachment_21660\" aria-describedby=\"caption-attachment-21660\" style=\"width: 1213px\" class=\"wp-caption alignnone\"><img loading=\"lazy\" decoding=\"async\" class=\"wp-image-21660 size-full\" src=\"https:\/\/www.lassebacklund.fi\/wp-content\/uploads\/2022\/02\/Finska-skolan-i-Korsback-foto-Elgot-Berg-kopia.jpg\" alt=\"\" width=\"1213\" height=\"826\" srcset=\"https:\/\/www.lassebacklund.fi\/wp-content\/uploads\/2022\/02\/Finska-skolan-i-Korsback-foto-Elgot-Berg-kopia.jpg 1213w, https:\/\/www.lassebacklund.fi\/wp-content\/uploads\/2022\/02\/Finska-skolan-i-Korsback-foto-Elgot-Berg-kopia-300x204.jpg 300w, https:\/\/www.lassebacklund.fi\/wp-content\/uploads\/2022\/02\/Finska-skolan-i-Korsback-foto-Elgot-Berg-kopia-1024x697.jpg 1024w, https:\/\/www.lassebacklund.fi\/wp-content\/uploads\/2022\/02\/Finska-skolan-i-Korsback-foto-Elgot-Berg-kopia-768x523.jpg 768w\" sizes=\"auto, (max-width: 1213px) 100vw, 1213px\" \/><figcaption id=\"caption-attachment-21660\" class=\"wp-caption-text\">Den h\u00e4r g\u00e5rden hade tidigare st\u00e5tt nedanf\u00f6r Egil R\u00f6nngrens obebodda g\u00e5rd och det var Isak Hemberg som flyttade den \u00e5r 1914 till Norrviksv\u00e4gen 370. Den \u00e4r mest k\u00e4nd f\u00f6r att den finska skolan i Korsb\u00e4ck under \u00e5ren 1929-1932 var inrymd i den. Fotot, som \u00e4r utl\u00e5nat av Sixten Berg \u00e4r taget av hans far Elgot Berg p\u00e5 1970-talet.<\/figcaption><\/figure>\n<figure id=\"attachment_25678\" aria-describedby=\"caption-attachment-25678\" style=\"width: 723px\" class=\"wp-caption alignnone\"><img loading=\"lazy\" decoding=\"async\" class=\"size-full wp-image-25678\" src=\"https:\/\/www.lassebacklund.fi\/wp-content\/uploads\/2026\/03\/Isaks-kop-av-Storhannus.jpg\" alt=\"\" width=\"723\" height=\"631\" srcset=\"https:\/\/www.lassebacklund.fi\/wp-content\/uploads\/2026\/03\/Isaks-kop-av-Storhannus.jpg 723w, https:\/\/www.lassebacklund.fi\/wp-content\/uploads\/2026\/03\/Isaks-kop-av-Storhannus-300x262.jpg 300w\" sizes=\"auto, (max-width: 723px) 100vw, 723px\" \/><figcaption id=\"caption-attachment-25678\" class=\"wp-caption-text\">\u00c5r 1926, den 12 september k\u00f6pte Isak Henberg ett markomr\u00e5de 0,6 ha av Johan Viktor Storhannus f\u00f6r 3 000 mark. L\u00e4genheten fick namnet Strandback 9-23 i Lappfj\u00e4rd.<\/figcaption><\/figure>\n<p><strong>Hilma Henberg avled \u00e5r 1928 <\/strong>och f\u00f6ljande \u00e5r s\u00e5lde \u00e4nklingen Isak stugan och de fyra l\u00e4genheterna i Norrviken \u00e5t Johannes M\u00e4kel\u00e4, som kallades &#8221;M\u00e4kel\u00e4 J\u00e5ss&#8221;, som strax s\u00e5lde den vidare \u00e5t &#8221;Garantif\u00f6reningen f\u00f6r Suomalaisen Kansakoulun yst\u00e4v\u00e4t&#8221; och mellan \u00e5ren 1929 och 1932 verkade den privata <a href=\"https:\/\/www.lassebacklund.fi\/?page_id=3412\">finska folkskolan<\/a> i denna byggnad. G\u00e5rden s\u00e5ldes sedan \u00e5t Karl Nyholm och i dag \u00e4r omr\u00e5det i familjen Norrviks \u00e4go och de kallar omr\u00e5det f\u00f6r &#8221;Kaalas&#8221;. Byggnaden \u00e4r riven.<\/p>\n<p>Isak, som kallades &#8221;Ruffa Isak&#8221; efter hustruns sl\u00e4kt var en reslig och magerlagd man. Han var en god arbetskarl, som efter flytten till Treskeendan r\u00f6jde upp sitt lilla hemman i flygande fl\u00e4ng. Han bytte ofta h\u00e4star och han hade ett ovanligt hetsigt lynne, som ofta ledde till slagsm\u00e5l. Mot hustrun och d\u00f6ttrarna var man godmodig och sn\u00e4ll, liksom mot andra barn. Han kunde tala lite svenska men med stark brytning. Isak hade arbetat som dr\u00e4ng hos Frans Nyg\u00e5rd och han var k\u00e4nd som en bra arbetare men ocks\u00e5\u00a0 som en slagsbult.<\/p>\n<p>Efter att Isak s\u00e5lt omr\u00e5det \u00e5t M\u00e4kel\u00e4 J\u00e5ss k\u00f6pte han i st\u00e4llet en stuga och ett omr\u00e5de p\u00e5 4,4 ha av \u00e4nkan Matilda Heinonen i Norrviken, l\u00e4ngs med Fallv\u00e4gen, som b\u00f6rjar vid Sixten Bergs potatislager i Mottabackan.<\/p>\n<p>Matildas man Frans Heinonen (1874-1925) var f\u00f6dd i Sastmola men hade kommit som dr\u00e4ng till &#8221;Kank Viktor&#8221; allts\u00e5 Viktor Brandt i Lappfj\u00e4rd. D\u00e4r blev han bekant med deras piga Matilda \u00d6verkodes (1873-1925) som kallades &#8221;Fili Tilda&#8221;. Den h\u00e4r Matilda var dotter till &#8221;Gam\u00e4l Filin&#8221;, allts\u00e5 Filippus \u00d6verkodes, som bodde i ett torp som stod p\u00e5 Norrviksv\u00e4gen 89. Det h\u00e4r torpet hade tidigare st\u00e5tt nedanf\u00f6r Egil R\u00f6nngrens obebodda g\u00e5rd i Norrviken, men omkring 1915 hade Filippus \u00d6verkodes flyttat stugan upp till Norrviksv\u00e4gen 89, d\u00e4r han blev torpare p\u00e5 Lauris hemman Br\u00e4nn. D\u00e4r bodde han sedan bodde med hustrun Fia och fyra barn. D\u00e5 Frans Heinonen gifte sig med Tilda flyttade ocks\u00e5 de till samma torpstuga.<\/p>\n<p><strong>\u00c5r 1920, den 30 juni<\/strong> k\u00f6pte Frans och Matilda Heinonen f\u00f6r 2 500 mark ett markomr\u00e5de av bonden Nikodemus &#8221;Niilo&#8221; Lauri fr\u00e5n Lappfj\u00e4rd. Omr\u00e5det fick namnet Solb\u00e4rg 28:41 och bestod av b\u00e5de \u00e5kermark och skog. Frans Heinonen k\u00f6pte d\u00e5 en gammal stuga av &#8221;Juoksu J\u00e5ss&#8221; som stod uppe i Treskendan p\u00e5 Juoksula j\u00e4\u00e4lon bredvid M\u00e4kel\u00e4 J\u00e5ssas numera f\u00f6rfallna g\u00e5rd. I den stugan hade bott Niklas Hornborg, Esala Jakob, Tokot Kalle och s\u00e4ljaren Juoksu J\u00e5ss. Den h\u00e4r gamla stugan flyttade Frans upp till Norrviksv\u00e4gen.<\/p>\n<p><strong>\u00c5r 1925, den 11 mars<\/strong> avled Frans Heinonen under ett bes\u00f6k hos dottern Maria och hennes man &#8221;Finng\u00e4rds \u00c4\u00e4land&#8221; i Lappfj\u00e4rd. \u00c4nkan Tilda erh\u00f6ll vid arvsskiftet halva l\u00e4genhet i giftor\u00e4tt och de nio barnen \u00e4rvde gemensamt den andra halvan.<\/p>\n<p><strong>\u00c5r 1929, den 2 december<\/strong> s\u00e5lde \u00e4nkan Matilda Heinonen och alla barn l\u00e4genheten Solb\u00e4rg och den gamla torpstugan p\u00e5 auktion. H\u00f6gsta godk\u00e4nda budet gavs av &#8221;Ruffa &#8221; Isak Henberg, som bj\u00f6d 23 000 mark. Denne hade tidigare s\u00e5lt sin \u00e4gande stuga lite l\u00e4ngre bort \u00e5t M\u00e4kel\u00e4 J\u00e5ss och det var i denna stuga som den finska folkskolan sedan verkade en tid. \u00c4nkan Matilda Heinonen flyttade efter f\u00f6rs\u00e4ljningen till dottern Mari i Lappfj\u00e4rd och p\u00e5 \u00e4ldre dar flyttade hon till dottern Hulda Berg i Uttermossa, d\u00e4r hon sedan avled \u00e5r 1959.<\/p>\n<p><strong>\u00c5r 1934<\/strong> hade Isak Hemberg inget h\u00f6 att ge \u00e5t sin h\u00e4st och han begav sig om natten den 24 april med h\u00e4st och skrinda ner till Dagsmark, d\u00e4r han utan lov stal en hel skrinda ur bonden Karl Nyholms lada. P\u00e5 hemv\u00e4g \u00f6ver Ris\u00e5sen r\u00e5kade han m\u00f6ta Valter Rosenlund, Gunnar Vesterg\u00e5rd och Gunnar Guss, som misst\u00e4nkte att Isak hade stulit h\u00f6et. I sn\u00f6n var det l\u00e4tt att f\u00f6lja sp\u00e5ren och de ledde till Karl Nyholms lada. Karl Nyholm tog d\u00e5 kontakt med polis Otto Bj\u00f6rses, som f\u00f6rh\u00f6rde Isak. D\u00e5 denne nekade till brottet st\u00e4mdes Isak till tinget i Lappfj\u00e4rd. Ocks\u00e5 p\u00e5 tinget nekade Isak men han tillade &#8221;att om vittnena kunna intyga det, s\u00e5 \u00e4r det en annan sak&#8221;. \u00c5tta vittnen h\u00f6rdes och Isak d\u00f6mdes till f\u00e4ngelse i tv\u00e5 m\u00e5nader, att betala 150 mark \u00e5t Karl Nyholm f\u00f6r h\u00f6et och ytterligare 250 mark f\u00f6r Nyholms kostnader.<\/p>\n<p><strong>\u00c5r 1937<\/strong> s\u00e5lde \u00e4nklingen Isak Hemberg stugan och hela l\u00e4genheten Solb\u00e4rg \u00e5t Lennart och Edit Lind. Lennart och Edit anv\u00e4nde Isaks g\u00e5rd som bagarstuga och den f\u00f6rst\u00f6rdes sedan i en brand. H\u00f6gre upp l\u00e4ngs Fallv\u00e4gen bodde familjen \u00c5lgars och p\u00e5 v\u00e4gen dit fanns det flera grindar. Barn som var p\u00e5 v\u00e4g dit l\u00e4mnade ofta grindarna \u00f6ppna, n\u00e5got som Isak ogillade. Han brukade ropa efter barnen: &#8221;H\u00f6\u00f6ni, ni ska steeng grindan, annas f\u00e5\u00e5r ni sii \u00e5p kattonas assj\u00f6le&#8221;.<\/p>\n<p><strong>\u00c5r 1938<\/strong> flyttade Isak som \u00e4nkling till Stor\u00e5 och han dog d\u00e4r 20.2.1941. Hustrun Hilma Klockars var dotter till Viktor &#8221;Ruffa Viktor&#8221; Rudolfsson \u00c5djers (f. 1856) och Anna Kajsa Johansdotter. (sl\u00e4ktboken Klockars , tabell 3952). Viljam L\u00e5ngstrand (1897-1967) i Korsb\u00e4ck var halvbror till Hilma Klockars (sl\u00e4ktboken Klockars, tabell 3618).<\/p>\n<h5><strong>Isak och Hilmas barn:<\/strong><\/h5>\n<p>&#8211;<strong>Helmi Alina<\/strong> (f. 21.7.1909 i Norrviken och gifte sig \u00e5r 1935 med V\u00e4in\u00f6 Viljami Koivunen (f. 1912 i Merikarvia). Helmi och V\u00e4in\u00f6 fick i Lappfj\u00e4rd dottern Sylvi Karin (f. 21.8.1935). Familjen flyttade till Stor\u00e5 12.3.1938. L\u00e4s mera om Helmi Alina h\u00e4r under!<\/p>\n<p>-Jenny Elviira (f. 5.1.1913 i Norrviken), flyttade som ogift till Stor\u00e5 12.3.1938. Jenny Elviira var gift med V\u00e4in\u00f6 Vilpas Yli-Sorila (f.10.10.1904 i Amerika, d.1958). De skilde sig barnl\u00f6sa 1944 och Jenny Elviira flyttade \u00e5r 1960 till Dickursby. Hon arbetade p\u00e5 f\u00e4rgfabriken i hela sitt liv. Hon gifte aldrig om sig och dog sedan barnl\u00f6s.<\/p>\n<p>-Lennart Vilhelm (1915-1920).<\/p>\n<h6><strong>Helmi Alina Hemberg.<\/strong><\/h6>\n<p>Helmi Alina, f. 21.7.1909 i Norrviken. Arbetade som piga p\u00e5 en stor bondg\u00e5rd nere i Dagsmark eller &#8221;Taksmarkissa&#8221; som hon brukade kalla byn. Hon hade ocks\u00e5 ber\u00e4ttat att v\u00e4rdinnan i g\u00e5rden var kr\u00e4vande, men Helmi Alina uppskattade henne i alla fall och talade varmt om henne. Helmi Alina gifte 9.6.1935 med V\u00e4in\u00f6 Viljami Koivunen fr\u00e5n Merikarvia. Hon flyttade 20.2.1938 in till Stor\u00e5 med man och \u00e4ldsta dotter. Helmi och V\u00e4in\u00f6 skilde sig 1946 och V\u00e4in\u00f6 flyttade till Tavastehus. Helmi Alina flyttade ocks\u00e5 till Tavastehus, \u00e5r 1955. Helmi dog i Tavastehus \u00e5r 1985.<\/p>\n<p>Barn:<\/p>\n<p>-Sylvi Karin (f.1935 i Lappfj\u00e4rd, dog i Stor\u00e5 1940)<\/p>\n<p>-Anni Anna-Liisa (f.16.3.1938 i Stor\u00e5). Fick \u00e5r 1954 dottern Leila Tuulikki. Anni och dottern Leila \u00a0flyttade 20.10.1955 till Tavastehus tillsammans med modern Helmi Alina. Anni Anna-Liisa gifte sig \u00e5r 1956 i Tavastehus och fick ytterligare 4 barn. Hon dog 10.6.1992 i Tavastehus.<\/p>\n<p>-Lauri Ilmari (1940 i Stor\u00e5, d.1942.)<\/p>\n<figure id=\"attachment_12695\" aria-describedby=\"caption-attachment-12695\" style=\"width: 786px\" class=\"wp-caption alignnone\"><img loading=\"lazy\" decoding=\"async\" class=\"size-full wp-image-12695\" src=\"http:\/\/www.lassebacklund.fi\/wp-content\/uploads\/2019\/06\/Rippikuva.jpg\" alt=\"\" width=\"786\" height=\"1305\" srcset=\"https:\/\/www.lassebacklund.fi\/wp-content\/uploads\/2019\/06\/Rippikuva.jpg 786w, https:\/\/www.lassebacklund.fi\/wp-content\/uploads\/2019\/06\/Rippikuva-181x300.jpg 181w, https:\/\/www.lassebacklund.fi\/wp-content\/uploads\/2019\/06\/Rippikuva-768x1275.jpg 768w, https:\/\/www.lassebacklund.fi\/wp-content\/uploads\/2019\/06\/Rippikuva-617x1024.jpg 617w\" sizes=\"auto, (max-width: 786px) 100vw, 786px\" \/><figcaption id=\"caption-attachment-12695\" class=\"wp-caption-text\">Anni Anna-Liisan rippikuva.<\/figcaption><\/figure>\n<figure id=\"attachment_12741\" aria-describedby=\"caption-attachment-12741\" style=\"width: 1059px\" class=\"wp-caption alignnone\"><img loading=\"lazy\" decoding=\"async\" class=\"size-full wp-image-12741\" src=\"http:\/\/www.lassebacklund.fi\/wp-content\/uploads\/2019\/06\/IMG_5531.jpg\" alt=\"\" width=\"1059\" height=\"1261\" srcset=\"https:\/\/www.lassebacklund.fi\/wp-content\/uploads\/2019\/06\/IMG_5531.jpg 1059w, https:\/\/www.lassebacklund.fi\/wp-content\/uploads\/2019\/06\/IMG_5531-252x300.jpg 252w, https:\/\/www.lassebacklund.fi\/wp-content\/uploads\/2019\/06\/IMG_5531-768x914.jpg 768w, https:\/\/www.lassebacklund.fi\/wp-content\/uploads\/2019\/06\/IMG_5531-860x1024.jpg 860w\" sizes=\"auto, (max-width: 1059px) 100vw, 1059px\" \/><figcaption id=\"caption-attachment-12741\" class=\"wp-caption-text\">B\u00e5de Heikki Hemberg och hans andra hustru Ulrika \u00e4r begravda p\u00e5 \u00c5s\u00e4ndans begravningsplats.<\/figcaption><\/figure>\n","protected":false},"excerpt":{"rendered":"<p>Sammanst\u00e4llt av Lasse Backlund i juni 2019, med hj\u00e4lp av Leila Koivunen fr\u00e5n Tavastehus. Heikki Heenperi \u00e4r Leilas mormors farfar. Heikki Heenperi eller Heikkil\u00e4. Heikki Kustaanpoika Heikkil\u00e4 f\u00f6ddes i Hongonjoki, allts\u00e5 i Honkajoki 2.1.1850. Flyttade till Sideby 8.12.1900 med sl\u00e4ktnamnet <a class=\"more-link\" href=\"https:\/\/www.lassebacklund.fi\/?page_id=12684\">Forts\u00e4tt l\u00e4sa <span class=\"screen-reader-text\">  Heikki Hemberg och hans sl\u00e4kt<\/span><span class=\"meta-nav\">&rarr;<\/span><\/a><\/p>\n","protected":false},"author":1,"featured_media":0,"parent":2590,"menu_order":0,"comment_status":"closed","ping_status":"closed","template":"","meta":{"footnotes":""},"class_list":["post-12684","page","type-page","status-publish","hentry"],"_links":{"self":[{"href":"https:\/\/www.lassebacklund.fi\/index.php?rest_route=\/wp\/v2\/pages\/12684","targetHints":{"allow":["GET"]}}],"collection":[{"href":"https:\/\/www.lassebacklund.fi\/index.php?rest_route=\/wp\/v2\/pages"}],"about":[{"href":"https:\/\/www.lassebacklund.fi\/index.php?rest_route=\/wp\/v2\/types\/page"}],"author":[{"embeddable":true,"href":"https:\/\/www.lassebacklund.fi\/index.php?rest_route=\/wp\/v2\/users\/1"}],"replies":[{"embeddable":true,"href":"https:\/\/www.lassebacklund.fi\/index.php?rest_route=%2Fwp%2Fv2%2Fcomments&post=12684"}],"version-history":[{"count":34,"href":"https:\/\/www.lassebacklund.fi\/index.php?rest_route=\/wp\/v2\/pages\/12684\/revisions"}],"predecessor-version":[{"id":25702,"href":"https:\/\/www.lassebacklund.fi\/index.php?rest_route=\/wp\/v2\/pages\/12684\/revisions\/25702"}],"up":[{"embeddable":true,"href":"https:\/\/www.lassebacklund.fi\/index.php?rest_route=\/wp\/v2\/pages\/2590"}],"wp:attachment":[{"href":"https:\/\/www.lassebacklund.fi\/index.php?rest_route=%2Fwp%2Fv2%2Fmedia&parent=12684"}],"curies":[{"name":"wp","href":"https:\/\/api.w.org\/{rel}","templated":true}]}}