{"id":1266,"date":"2016-10-18T20:17:04","date_gmt":"2016-10-18T18:17:04","guid":{"rendered":"http:\/\/www.lassebacklund.fi\/?page_id=1266"},"modified":"2020-09-28T22:55:57","modified_gmt":"2020-09-28T19:55:57","slug":"torparen-isak-himmela","status":"publish","type":"page","link":"https:\/\/www.lassebacklund.fi\/?page_id=1266","title":{"rendered":"Torparen Isak Himmel\u00e4."},"content":{"rendered":"<p><span style=\"color: #000080;\">Sl\u00e4ktutredningen uppgjort enligt uppgifter av Eva Gr\u00f6nlund fr\u00e5n Vasa, men som \u00e4r uppv\u00e4xt p\u00e5 S\u00e5nan d\u00e4r Dal. Torparkontraktet fr\u00e5n Lands<\/span><\/p>\n<p>Isak Johansson Himmel\u00e4, senare Sj\u00f6blom var f\u00f6dd \u00e5r 1851 i Stor\u00e5 och hans f\u00f6rsta hustru hette Anna Sofia Gustavsdotter L\u00e5ngfors, f\u00f6dd \u00e5r 1858. Anna Sofia var dotter till <a href=\"https:\/\/www.lassebacklund.fi\/?page_id=1368\">\u201cMokkelin\u201d<\/a> och hade flera k\u00e4nda systrar, bland annat <a href=\"https:\/\/www.lassebacklund.fi\/?page_id=1368\">Mokkela-Lina p\u00e5 A-sidon<\/a> och <a href=\"https:\/\/www.lassebacklund.fi\/?page_id=15809\">Mokkela-Tilda i Palon.\u00a0<\/a><\/p>\n<p>Torparna Isak och Anna Sofia i Lillsj\u00f6 fick flera barn:<\/p>\n<p>-Adelina, (f. 1881), hade 2 barn och bodde i Lillsj\u00f6 \u00e4nnu 1915.<\/p>\n<p>-Josef (1883-1906) hade fallandesot och dog av slag.<\/p>\n<p>-Amanda Sofia (f. 1885) reste \u00e5r 1911 till Clinton i Amerika, via Hang\u00f6.<\/p>\n<p>-Erland (f.1887) reste \u00e5r 1909 till Canada, via Hang\u00f6.<\/p>\n<p>-Selma (f.1889)<\/p>\n<p>-Emil (f. 1891) reste till Amerika med samma fartyg som Pelas-Viktor \u00e5r 1910. Emil skulle till samma st\u00e4lle som brodern Erland. Emil dog i Amerika \u00e5r 1929.<\/p>\n<p>-Matilda (1894-1894)<\/p>\n<p>-Matilda (1896-1896)<\/p>\n<p>-Otto (f.1897) utflyttad, troligen till Amerika<\/p>\n<p>-Ida Matilda (f.1899)<\/p>\n<p>Isaks hustru Anna Sofia dog \u00e5r 1902 och \u00e5r 1906 gifte Isak om sig med Maria Viik Korkeam\u00e4ki fr\u00e5n Dagsmark. N\u00e5gra barn finns inte antecknade, d\u00e4remot st\u00e5r det \u00e5r 1915 att Isak var blind.<\/p>\n<h4><strong>Isaks torparkontrakt.<\/strong><\/h4>\n<p>\u00c5r 1877 gjorde Isak Himmel\u00e4 ett torparkontrakt med bonden Karl Mattsson Lillsj\u00f6 (1840-1914). Karl Mattsson var sondotterson till <a href=\"https:\/\/www.lassebacklund.fi\/?page_id=6093\"><span style=\"color: #000080;\">nybyggaren Matts Mickelsson Lillsj\u00f6<\/span> <\/a>(1745-1797). Karl Mattsson var gift tv\u00e5 g\u00e5nger men \u00e4nda barnl\u00f6s och \u00e5r 1891 s\u00e5lde han hela hemmanet \u00e5t <a href=\"https:\/\/www.lassebacklund.fi\/?page_id=12151\">August och Sera Fia Berglund.<\/a> S\u00e5 h\u00e4r lyder torparkontraktet med moderniserat spr\u00e5k:<\/p>\n<p><strong>Torparkontrakt<\/strong><\/p>\n<p>H\u00e4rmed antager jag Karl Mattsson Lillsj\u00f6 dr\u00e4ngen Isak Johan Henriksson Himmel\u00e4 till torpare under mitt \u00e4gande Lillsj\u00f6 1\/24 dels mantal Nr 9 i Dagsmark by och Lappfj\u00e4rds socken p\u00e5 f\u00f6ljande villkor och f\u00f6rm\u00e5ner:<\/p>\n<p>Till uppodlingsmark och boningsst\u00e4lle vid den s\u00e5 kallade Stor Myron p\u00e5 \u00f6stra sidan det s\u00e5 kallade Qvarn\u00e4nget 2 tunnland och \u00e4ven det s\u00e5 kallade Blomgubbens \u00e4ng \u00bd tunnland, till \u00e4ng min andel av det s\u00e5 kallade Flak\u00e5sviken, mot villkor att ovann\u00e4mnda torpare skall utg\u00f6ra 10 dagsverken \u00e5rligen med g\u00e5rdens kost, 5 sommartid och 5 vintertid och f\u00e5r torparen beh\u00e5lla ovann\u00e4mnda \u00e4gor i 50 \u00e5rs tid, d\u00e5 det faller under hemmanet tillbaka om icke ny \u00f6verenskommelse sker med hemmans\u00e4garen, vilket uti vittnes n\u00e4rvaro bestyrks.<\/p>\n<p>Dagsmark den 6 november 1877.<\/p>\n<p>Karl Mattsson Lillsj\u00f6 (bom)<\/p>\n<p>Med f\u00f6reg\u00e5ende villkor och f\u00f6rbindelser finner jag mig n\u00f6jd, ort och som ovan.<\/p>\n<p>Isak Johan Henriksson Himmel\u00e4 (bom)<\/p>\n<p>Bevittnar: Johan Henrik Johansson Lillkull (bom)<\/p>\n","protected":false},"excerpt":{"rendered":"<p>Sl\u00e4ktutredningen uppgjort enligt uppgifter av Eva Gr\u00f6nlund fr\u00e5n Vasa, men som \u00e4r uppv\u00e4xt p\u00e5 S\u00e5nan d\u00e4r Dal. Torparkontraktet fr\u00e5n Lands Isak Johansson Himmel\u00e4, senare Sj\u00f6blom var f\u00f6dd \u00e5r 1851 i Stor\u00e5 och hans f\u00f6rsta hustru hette Anna Sofia Gustavsdotter L\u00e5ngfors, <a class=\"more-link\" href=\"https:\/\/www.lassebacklund.fi\/?page_id=1266\">Forts\u00e4tt l\u00e4sa <span class=\"screen-reader-text\">  Torparen Isak Himmel\u00e4.<\/span><span class=\"meta-nav\">&rarr;<\/span><\/a><\/p>\n","protected":false},"author":1,"featured_media":0,"parent":1264,"menu_order":0,"comment_status":"closed","ping_status":"closed","template":"","meta":{"footnotes":""},"class_list":["post-1266","page","type-page","status-publish","hentry"],"_links":{"self":[{"href":"https:\/\/www.lassebacklund.fi\/index.php?rest_route=\/wp\/v2\/pages\/1266","targetHints":{"allow":["GET"]}}],"collection":[{"href":"https:\/\/www.lassebacklund.fi\/index.php?rest_route=\/wp\/v2\/pages"}],"about":[{"href":"https:\/\/www.lassebacklund.fi\/index.php?rest_route=\/wp\/v2\/types\/page"}],"author":[{"embeddable":true,"href":"https:\/\/www.lassebacklund.fi\/index.php?rest_route=\/wp\/v2\/users\/1"}],"replies":[{"embeddable":true,"href":"https:\/\/www.lassebacklund.fi\/index.php?rest_route=%2Fwp%2Fv2%2Fcomments&post=1266"}],"version-history":[{"count":8,"href":"https:\/\/www.lassebacklund.fi\/index.php?rest_route=\/wp\/v2\/pages\/1266\/revisions"}],"predecessor-version":[{"id":17844,"href":"https:\/\/www.lassebacklund.fi\/index.php?rest_route=\/wp\/v2\/pages\/1266\/revisions\/17844"}],"up":[{"embeddable":true,"href":"https:\/\/www.lassebacklund.fi\/index.php?rest_route=\/wp\/v2\/pages\/1264"}],"wp:attachment":[{"href":"https:\/\/www.lassebacklund.fi\/index.php?rest_route=%2Fwp%2Fv2%2Fmedia&parent=1266"}],"curies":[{"name":"wp","href":"https:\/\/api.w.org\/{rel}","templated":true}]}}