{"id":12575,"date":"2019-05-31T23:10:58","date_gmt":"2019-05-31T20:10:58","guid":{"rendered":"http:\/\/www.lassebacklund.fi\/?page_id=12575"},"modified":"2025-05-23T23:01:21","modified_gmt":"2025-05-23T20:01:21","slug":"sportplanen-i-dagsmark","status":"publish","type":"page","link":"https:\/\/www.lassebacklund.fi\/?page_id=12575","title":{"rendered":"Sportplanen i Dagsmark"},"content":{"rendered":"<figure id=\"attachment_12567\" aria-describedby=\"caption-attachment-12567\" style=\"width: 2016px\" class=\"wp-caption alignnone\"><img loading=\"lazy\" decoding=\"async\" class=\"size-full wp-image-12567\" src=\"http:\/\/www.lassebacklund.fi\/wp-content\/uploads\/2019\/05\/IMG_5333.jpg\" alt=\"\" width=\"2016\" height=\"1269\" srcset=\"https:\/\/www.lassebacklund.fi\/wp-content\/uploads\/2019\/05\/IMG_5333.jpg 2016w, https:\/\/www.lassebacklund.fi\/wp-content\/uploads\/2019\/05\/IMG_5333-300x189.jpg 300w, https:\/\/www.lassebacklund.fi\/wp-content\/uploads\/2019\/05\/IMG_5333-768x483.jpg 768w, https:\/\/www.lassebacklund.fi\/wp-content\/uploads\/2019\/05\/IMG_5333-1024x645.jpg 1024w\" sizes=\"auto, (max-width: 2016px) 100vw, 2016px\" \/><figcaption id=\"caption-attachment-12567\" class=\"wp-caption-text\">Dagsmark ungdomsf\u00f6rening sk\u00f6ter om planen, med bidrag fr\u00e5n staden. P\u00e5 fotot fr\u00e5n 2019 syns Lindblads uthusbyggnader till h\u00f6ger.<\/figcaption><\/figure>\n<p><strong><span style=\"color: #000080;\"><span style=\"font-family: 'Helvetica','sans-serif';\">Sammanst\u00e4llt av Lasse Backlund i juni 2019. Kimmo Er\u00e4nen fr\u00e5n Lappfj\u00e4rd har bidragit med 3 gamla foton och gett v\u00e4rdefull information.<\/span><\/span><\/strong><\/p>\n<p><span style=\"margin: 0px; font-family: 'Helvetica','sans-serif';\"><span style=\"color: #000000;\">Sport och idrottande har alltid varit viktig f\u00f6r ungdomen i Dagsmark och t\u00e4vlingar har f\u00f6rekommit i l\u00e5nga tider. Men det var f\u00f6rst \u00e5r 1913 som det bildades en sportklubb inom Dagsmark ungdomsf\u00f6rening. Det var l\u00e4rarsonen Torsten Wadstr\u00f6m som tog initiativ till denna och han blev ocks\u00e5 dess ordf\u00f6rande. Den mest aktiva perioden inf\u00f6ll under \u00e5ren 1915-1918, d\u00e5 Torstens bror Gunnar Wadstr\u00f6m var ledare. Verksamheten avtog 1918 d\u00e5 inb\u00f6rdeskriget br\u00f6t ut, d\u00e5 br\u00f6derna Wadstr\u00f6m under en l\u00e4ngre tid deltog i kriget.<\/span><\/span><\/p>\n<p><span style=\"margin: 0px; font-family: 'Helvetica','sans-serif';\"><span style=\"color: #000000;\">Enligt Einar Lind s\u00e5 skulle idrottsklubben ha erh\u00e5llit en egen idrottsplan av \u201dHolmbergas Kalle\u201d, allts\u00e5 Karl L\u00f6fgren. Idrottsplanen \u201d\u00c5bygglund\u201d skulle ha funnits p\u00e5 A-sidon.<\/span><\/span><\/p>\n<p><span style=\"margin: 0px; font-family: 'Helvetica','sans-serif';\"><span style=\"color: #000000;\">P\u00e5 ungdomsf\u00f6reningens \u00e5rsm\u00f6te 1928 f\u00f6reslog Frans Storkull att idrottsverksamheten skall \u00e5terupptas. F\u00f6rslaget godtogs och Frans blev d\u00e5 ordf\u00f6rande f\u00f6r ungdomsf\u00f6reningens sportklubb DIK, allts\u00e5 Dagsmark Idrottsklubb.<\/span><\/span><\/p>\n<p><span style=\"margin: 0px; font-family: 'Helvetica','sans-serif';\"><span style=\"color: #000000;\">T\u00e4vlingar ordnades sommartid i n\u00e4rheten av ungdomsf\u00f6reningens hus Majbo. Idrottsplanen togs i bruk \u00e5r 1929 och l\u00f6pbanorna, som var 300 meter l\u00e5nga gick runt huset. 100 meters l\u00f6pbanan gick i Lillsj\u00f6-Bagarinas r\u00e5 ner mot landsv\u00e4gen och de snabbaste l\u00f6parna som inte hann bromsa i tid efter m\u00e5lg\u00e5ng, landade i landsv\u00e4gsdiket. De \u00f6vriga t\u00e4vlingarna genomf\u00f6rdes p\u00e5 omr\u00e5det bakom ungdomshemmet. I t\u00e4vlingarna deltog ocks\u00e5 idrottare fr\u00e5n andra f\u00f6reningar i n\u00e4rheten, f\u00f6rutom H\u00e4rkmeri och Lappfj\u00e4rd till exempel Karijoen Tappara, Isojoen Urheiluseura, Kristinestads idrottsf\u00f6rening och N\u00e4rpes Kraft.<\/span><\/span><\/p>\n<p><span style=\"margin: 0px; font-family: 'Helvetica','sans-serif';\"><span style=\"color: #000000;\">H\u00f6sten 1945 besl\u00f6ts det att idrottsf\u00f6reningarna i H\u00e4rkmeri, Lappfj\u00e4rd kyrkoby och Dagsmark skall bilda en takorganisation, som kunde anv\u00e4ndas d\u00e5 st\u00f6rre t\u00e4vlingar skulle anordnas. Denna takorganisation fick namnet IF L\u00e4nken. Underavdelningarna fortsatte dock som sj\u00e4lvst\u00e4ndiga enheter med egen f\u00f6rvaltning. Vid st\u00f6rre t\u00e4vlingar deltog idrottarna fr\u00e5n underavdelningarna i L\u00e4nkens namn, medan de i mindre lokala t\u00e4vlingar anv\u00e4nde byanamnen. P\u00e5\u00a0 Dagsmark ungdomsf\u00f6reningens \u00e5rsm\u00f6te i februari 1946 h\u00f6ll ocks\u00e5\u00a0 f\u00f6reningens idrottsklubb \u00e5rsm\u00f6te. D\u00e4r best\u00e4mdes det att idrottsklubben h\u00e4refter skall h\u00f6ra under IF L\u00e4nken och inte under ungdomsf\u00f6reningen. Frans Storkull valdes till ordf\u00f6rande i den nya f\u00f6reningen.<\/span><\/span><\/p>\n<p><span style=\"margin: 0px; font-family: 'Helvetica','sans-serif';\"><span style=\"color: #000000;\">IF L\u00e4nken var en svenskspr\u00e5kig f\u00f6rening men \u00e5r 1947 kom finskspr\u00e5kiga Maanmiesseura i Lappfj\u00e4rd \u00a0med under samma takorganisation. De hade ocks\u00e5 egen styrelse och f\u00f6rvaltning.<\/span><\/span><\/p>\n<p><span style=\"margin: 0px; font-family: 'Helvetica','sans-serif';\"><span style=\"color: #000000;\">Idrottsplanen vid ungdomsg\u00e5rden Majbo var f\u00f6r liten och opraktisk och d\u00e4rf\u00f6r b\u00f6rjade idrottsklubben efter kriget s\u00f6ka efter ett b\u00e4ttre st\u00e4lle i n\u00e4rheten. Planen var ju f\u00f6r liten och efter att &#8221;Mattas \u00c5ke&#8221; Grans hade kastat diskusen r\u00e4tt i v\u00e4ggen p\u00e5 f\u00f6reningshuset, s\u00e5 var alla \u00f6verens att en ny plan beh\u00f6vdes. N\u00e5gon s\u00e5dant hittades inte men p\u00e5 Brobackan fanns ett passande omr\u00e5de. Den 6 september 1948 k\u00f6pte Dagsmark Idrottsklubb en \u00e5ker p\u00e5 1 ha av Elvira Nelson och hennes dotter Lilli Eklund. Omr\u00e5det l\u00e5g n\u00e4ra v\u00e4gen till Korsb\u00e4ck och i korsningen till Kvarn\u00e5 och Lillsj\u00f6. Tomten kostade 112 000 mark och fick namnet Sportback 4:113 och den br\u00f6ts ut fr\u00e5n Eklunds hemman \u00e5r 1954, d\u00e5 IF L\u00e4nken\/Dagsmark Idrottsklubb fick lagfart p\u00e5 omr\u00e5det. Frans Storkull undertecknade k\u00f6pebrevet som godk\u00e4ndes av L\u00e4nkens \u00e5rsm\u00f6te i januari 1949. Samma \u00e5rsm\u00f6te godk\u00e4nde att det bidrag som L\u00e4nken brukade f\u00e5 av kommunen, detta \u00e5r oavkortat skulle g\u00e5 till sportplanen i Dagsmark. Allm\u00e4nt kan man s\u00e4ga att Frans Storkull hela tiden var den drivande kraften bakom f\u00f6rverkligandet av den nya sportplanen och l\u00e4raren Einar Lind var den som sk\u00f6tte pappersarbetet. B\u00e5da var aktivt med hela tiden.<\/span><\/span><\/p>\n<p><span style=\"margin: 0px; font-family: 'Helvetica','sans-serif';\"><span style=\"color: #000000;\">Nu b\u00f6rjade ett stort arbete att f\u00e5 \u00e5kern f\u00f6rvandlad till idrottsplan. F\u00f6r att utj\u00e4mna marken s\u00e5 anlitades Oy Pellonraivaus, som f\u00f6r 41\u00a0000 j\u00e4mnade marken. Trots att det mesta arbetet gjordes p\u00e5 talko, drog det \u00e4nd\u00e5 extra kostnader p\u00e5 60\u00a0000 mark. Med insamlingar och bankl\u00e5n p\u00e5 90\u00a0000 mark f\u00f6rs\u00f6kte avdelningen finansiera sportplanens byggande. Idrottsklubben ans\u00f6kte om tipsmedel men fick avslag eftersom kommunen inte var delaktig i sportplansprojektet. Enigheten i byn var inte heller total, utan det fanns personer som inte gillade Frans Storkulls metoder att genomf\u00f6ra projektet. Han fattade f\u00f6r stora beslut p\u00e5 egen hand och den ekonomiska risken var f\u00f6r stor. En klar och tydlig ekonomisk plan fattades och det var oklart hur sportplanen skulle finansieras.<\/span><\/span><\/p>\n<p>Dagsmark Andelsmejeri besl\u00f6t p\u00e5 \u00e5rsst\u00e4mman i april 1949 att av \u00e5rsvinsten skulle de ge 10 000 till L\u00e4nkens Dagsmarkavdelning, att anv\u00e4ndas vid sportplanens f\u00f6rf\u00e4rdigande. Lappfj\u00e4rd Andelshandel gav en lika stor summa till Dagsmarkavdelningen vid deras st\u00e4mma i april samma \u00e5r.<\/p>\n<figure id=\"attachment_12563\" aria-describedby=\"caption-attachment-12563\" style=\"width: 436px\" class=\"wp-caption alignnone\"><img loading=\"lazy\" decoding=\"async\" class=\" wp-image-12563\" src=\"http:\/\/www.lassebacklund.fi\/wp-content\/uploads\/2019\/05\/Annons-Sydin-aug-1950.jpg\" alt=\"\" width=\"436\" height=\"173\" srcset=\"https:\/\/www.lassebacklund.fi\/wp-content\/uploads\/2019\/05\/Annons-Sydin-aug-1950.jpg 1235w, https:\/\/www.lassebacklund.fi\/wp-content\/uploads\/2019\/05\/Annons-Sydin-aug-1950-300x119.jpg 300w, https:\/\/www.lassebacklund.fi\/wp-content\/uploads\/2019\/05\/Annons-Sydin-aug-1950-768x305.jpg 768w, https:\/\/www.lassebacklund.fi\/wp-content\/uploads\/2019\/05\/Annons-Sydin-aug-1950-1024x407.jpg 1024w\" sizes=\"auto, (max-width: 436px) 100vw, 436px\" \/><figcaption id=\"caption-attachment-12563\" class=\"wp-caption-text\">De f\u00f6rsta t\u00e4vlingarna p\u00e5 den nya sportplanen i Dagsmark genomf\u00f6rdes 19-20 augusti 1950. Idrottsklubben fr\u00e5n Dagsmark stod som arrang\u00f6r och deltagarna kom fr\u00e5n de tv\u00e5 andra f\u00f6reningarna i kommunen. Annons i Syd-\u00d6sterbotten i augusti 1950.<\/figcaption><\/figure>\n<p><span style=\"margin: 0px; font-family: 'Helvetica','sans-serif';\"><span style=\"color: #000000;\">Den 19-20 augusti 1950 ordnades de f\u00f6rsta t\u00e4vlingarna p\u00e5 den nya planen. Eftersom banorna inte var f\u00e4rdiga, s\u00e5 genomf\u00f6rdes l\u00f6pt\u00e4vlingarna p\u00e5 landsv\u00e4gen men de \u00f6vriga grenarna kunde genomf\u00f6ras p\u00e5 planen. Vill du l\u00e4sa ett referat fr\u00e5n de f\u00f6rsta t\u00e4vlingarna, s\u00e5 skall du klicka <a href=\"http:\/\/www.lassebacklund.fi\/?page_id=12583\"><span style=\"text-decoration: underline;\"><span style=\"color: #000080; text-decoration: underline;\"><strong>H\u00c4R!<\/strong> \u00a0<\/span><\/span><\/a><\/span><\/span><\/p>\n<p><span style=\"margin: 0px; font-family: 'Helvetica','sans-serif';\"><span style=\"color: #000000;\">Trots att planen togs i bruk i b\u00f6rjan av 1950-talet invigdes den f\u00f6rst 13 juli 1958.<\/span><\/span><\/p>\n<p><span style=\"margin: 0px; font-family: 'Helvetica','sans-serif';\"><span style=\"color: #000000;\">\u00c5r 1954 ans\u00f6kte Dagsmark Idrottsklubb att Lappfj\u00e4rds kommun skulle \u00f6verta sportplanen f\u00f6r en summa om 200 000 mark. Det var samma summa som kommunen gett i bidrag f\u00f6r planen i Lappfj\u00e4rd. Vill du l\u00e4sa den anh\u00e5llan som idrottsklubben gjorde, s\u00e5 skall du klicka <a href=\"http:\/\/www.lassebacklund.fi\/?page_id=12579\"><span style=\"text-decoration: underline;\"><span style=\"color: #000080;\"><strong>H\u00c4R!<\/strong><\/span><\/span><\/a><\/span><\/span><\/p>\n<figure id=\"attachment_12570\" aria-describedby=\"caption-attachment-12570\" style=\"width: 1600px\" class=\"wp-caption alignnone\"><img loading=\"lazy\" decoding=\"async\" class=\"size-full wp-image-12570\" src=\"http:\/\/www.lassebacklund.fi\/wp-content\/uploads\/2019\/05\/Sportstugan.jpg\" alt=\"\" width=\"1600\" height=\"1200\" srcset=\"https:\/\/www.lassebacklund.fi\/wp-content\/uploads\/2019\/05\/Sportstugan.jpg 1600w, https:\/\/www.lassebacklund.fi\/wp-content\/uploads\/2019\/05\/Sportstugan-300x225.jpg 300w, https:\/\/www.lassebacklund.fi\/wp-content\/uploads\/2019\/05\/Sportstugan-768x576.jpg 768w, https:\/\/www.lassebacklund.fi\/wp-content\/uploads\/2019\/05\/Sportstugan-1024x768.jpg 1024w\" sizes=\"auto, (max-width: 1600px) 100vw, 1600px\" \/><figcaption id=\"caption-attachment-12570\" class=\"wp-caption-text\">Sportstugan byggdes i b\u00f6rjan av 50-talet och den bestod av tv\u00e5 omkl\u00e4dningsrum, plus ett f\u00f6rr\u00e5d d\u00e4r redskap kunde f\u00f6rvaras. Fotot fr\u00e5n 2003.<\/figcaption><\/figure>\n<p><span style=\"margin: 0px; font-family: 'Helvetica','sans-serif';\"><span style=\"color: #000000;\">Kommunen \u00f6vertog inte planen, utan den fortsatte att vara i idrottsklubbens \u00e4go \u00e4nda till 1962 d\u00e5 idrottsf\u00f6reningarna i H\u00e4rkmeri och Dagsmark uppl\u00f6stes och uppgick i IF L\u00e4nken. Dagsmark Idrottsklubbs tillg\u00e5ngar \u00f6verf\u00f6rdes till IF L\u00e4nken, och efter det \u00e4r sportplanen i Dagsmark i L\u00e4nkens \u00e4go. Dagsmark ungdomsf\u00f6rening har under de senaste \u00e5ren sk\u00f6tt om planen, med bidrag fr\u00e5n staden.<\/span><\/span><\/p>\n<p>Anv\u00e4ndningen av planen har minskat med \u00e5ren. I juni 1989 skrev Syd-\u00d6sterbotten att planen nu har b\u00f6rjat anv\u00e4ndas av f\u00f6re detta snickaren och golfaren Elof Lindell. Han bor i Florida om vintrarna men sommartid kan han tr\u00e4na golfswingarna p\u00e5 planen. Tidningen trodde att det var s\u00e4mre med puttandet p\u00e5 den oj\u00e4mna planen.<\/p>\n<p><span style=\"margin: 0px; font-family: 'Helvetica','sans-serif';\"><span style=\"color: #000000;\">Under det senaste \u00e5ret har IF L\u00e4nken ett par g\u00e5nger f\u00f6rs\u00f6kt s\u00e4lja sportplanen i Dagsmark. F\u00f6rsta g\u00e5ngen bj\u00f6ds den ut \u00e5t staden, som dock avslog ans\u00f6kan. Sedan f\u00f6rs\u00f6kte L\u00e4nken s\u00e4lja planen p\u00e5 den \u00f6ppna marknaden men med lika d\u00e5ligt resultat.<\/span><\/span><\/p>\n<h4><strong>Foton.<\/strong><\/h4>\n<figure id=\"attachment_7530\" aria-describedby=\"caption-attachment-7530\" style=\"width: 483px\" class=\"wp-caption alignnone\"><img loading=\"lazy\" decoding=\"async\" class=\" wp-image-7530\" src=\"http:\/\/www.lassebacklund.fi\/wp-content\/uploads\/2018\/02\/Storkull-Frans.jpg\" alt=\"\" width=\"483\" height=\"708\" srcset=\"https:\/\/www.lassebacklund.fi\/wp-content\/uploads\/2018\/02\/Storkull-Frans.jpg 689w, https:\/\/www.lassebacklund.fi\/wp-content\/uploads\/2018\/02\/Storkull-Frans-205x300.jpg 205w\" sizes=\"auto, (max-width: 483px) 100vw, 483px\" \/><figcaption id=\"caption-attachment-7530\" class=\"wp-caption-text\">Frans Storkull (1899-1974) var den drivande kraften d\u00e5 sportplanen skulle byggas i b\u00f6rjan av 50-talet. Frans var son till &#8221;Koll Viktor&#8221; och han bodde p\u00e5 det st\u00e4lle d\u00e4r Kauko Santam\u00e4kis g\u00e5rd st\u00e5r i dag.<\/figcaption><\/figure>\n<figure id=\"attachment_12572\" aria-describedby=\"caption-attachment-12572\" style=\"width: 937px\" class=\"wp-caption alignnone\"><img loading=\"lazy\" decoding=\"async\" class=\"wp-image-12572 size-full\" src=\"http:\/\/www.lassebacklund.fi\/wp-content\/uploads\/2019\/05\/Nio-m\u00e4n-bakom-Majbo-med-namn.jpg\" alt=\"\" width=\"937\" height=\"770\" srcset=\"https:\/\/www.lassebacklund.fi\/wp-content\/uploads\/2019\/05\/Nio-m\u00e4n-bakom-Majbo-med-namn.jpg 937w, https:\/\/www.lassebacklund.fi\/wp-content\/uploads\/2019\/05\/Nio-m\u00e4n-bakom-Majbo-med-namn-300x247.jpg 300w, https:\/\/www.lassebacklund.fi\/wp-content\/uploads\/2019\/05\/Nio-m\u00e4n-bakom-Majbo-med-namn-768x631.jpg 768w\" sizes=\"auto, (max-width: 937px) 100vw, 937px\" \/><figcaption id=\"caption-attachment-12572\" class=\"wp-caption-text\">Fotot utl\u00e5nat av Kimmo Er\u00e4nen fr\u00e5n Lappfj\u00e4rd.<\/figcaption><\/figure>\n<figure id=\"attachment_12573\" aria-describedby=\"caption-attachment-12573\" style=\"width: 944px\" class=\"wp-caption alignnone\"><img loading=\"lazy\" decoding=\"async\" class=\"size-full wp-image-12573\" src=\"http:\/\/www.lassebacklund.fi\/wp-content\/uploads\/2019\/05\/Sju-m\u00e4n-hos-\u00c5ke-Grans-med-text.jpg\" alt=\"\" width=\"944\" height=\"707\" srcset=\"https:\/\/www.lassebacklund.fi\/wp-content\/uploads\/2019\/05\/Sju-m\u00e4n-hos-\u00c5ke-Grans-med-text.jpg 944w, https:\/\/www.lassebacklund.fi\/wp-content\/uploads\/2019\/05\/Sju-m\u00e4n-hos-\u00c5ke-Grans-med-text-300x225.jpg 300w, https:\/\/www.lassebacklund.fi\/wp-content\/uploads\/2019\/05\/Sju-m\u00e4n-hos-\u00c5ke-Grans-med-text-768x575.jpg 768w\" sizes=\"auto, (max-width: 944px) 100vw, 944px\" \/><figcaption id=\"caption-attachment-12573\" class=\"wp-caption-text\">Aktiva idrottare fr\u00e5n Dagsmark samlade hos \u00c5ke Grans. Fotot utl\u00e5nat av Kimmo Er\u00e4nen fr\u00e5n Lappfj\u00e4rd.<\/figcaption><\/figure>\n<figure id=\"attachment_12571\" aria-describedby=\"caption-attachment-12571\" style=\"width: 627px\" class=\"wp-caption alignnone\"><img loading=\"lazy\" decoding=\"async\" class=\"size-full wp-image-12571\" src=\"http:\/\/www.lassebacklund.fi\/wp-content\/uploads\/2019\/05\/Hammarberg-\u00c5ke-och-Stig-Rosenback-p\u00e5-nya-sportplanen-\u00e5r-1957.jpg\" alt=\"\" width=\"627\" height=\"609\" srcset=\"https:\/\/www.lassebacklund.fi\/wp-content\/uploads\/2019\/05\/Hammarberg-\u00c5ke-och-Stig-Rosenback-p\u00e5-nya-sportplanen-\u00e5r-1957.jpg 627w, https:\/\/www.lassebacklund.fi\/wp-content\/uploads\/2019\/05\/Hammarberg-\u00c5ke-och-Stig-Rosenback-p\u00e5-nya-sportplanen-\u00e5r-1957-300x291.jpg 300w\" sizes=\"auto, (max-width: 627px) 100vw, 627px\" \/><figcaption id=\"caption-attachment-12571\" class=\"wp-caption-text\">\u00c5ke Hammarberg och Stig Rosenback p\u00e5 sportplanen i slutet av 1950-talet. Fotot utl\u00e5nat av Kimmo Er\u00e4nen fr\u00e5n Lappfj\u00e4rd.<\/figcaption><\/figure>\n<figure id=\"attachment_15130\" aria-describedby=\"caption-attachment-15130\" style=\"width: 1589px\" class=\"wp-caption alignnone\"><img loading=\"lazy\" decoding=\"async\" class=\"size-full wp-image-15130\" src=\"http:\/\/www.lassebacklund.fi\/wp-content\/uploads\/2019\/12\/Byafotboll-i-Dagsmark-Harry-Vissander.jpg\" alt=\"\" width=\"1589\" height=\"1184\" srcset=\"https:\/\/www.lassebacklund.fi\/wp-content\/uploads\/2019\/12\/Byafotboll-i-Dagsmark-Harry-Vissander.jpg 1589w, https:\/\/www.lassebacklund.fi\/wp-content\/uploads\/2019\/12\/Byafotboll-i-Dagsmark-Harry-Vissander-300x224.jpg 300w, https:\/\/www.lassebacklund.fi\/wp-content\/uploads\/2019\/12\/Byafotboll-i-Dagsmark-Harry-Vissander-768x572.jpg 768w, https:\/\/www.lassebacklund.fi\/wp-content\/uploads\/2019\/12\/Byafotboll-i-Dagsmark-Harry-Vissander-1024x763.jpg 1024w\" sizes=\"auto, (max-width: 1589px) 100vw, 1589px\" \/><figcaption id=\"caption-attachment-15130\" class=\"wp-caption-text\">\u00c5r 1990 spelades det byafotboll och f\u00f6rst\u00e5s var Dagsmark med. Gr\u00e4set v\u00e4xte l\u00e5ngt runt planen, n\u00e5got som fick Harry Wissander fr\u00e5n Lappfj\u00e4rd att utbrista &#8221;att halva tiden gick \u00e5t att s\u00f6ka efter bollen. N\u00e4r man skjuter mot m\u00e5l g\u00e4ller det att sikta l\u00e5gt. G\u00e5r bollen \u00f6ver m\u00e5l och st\u00e4ngslet \u00e4r det bara att ge sig ut p\u00e5 jakt i en djungel av vegetation. Inte s\u00e5 roligt i bara shortsen&#8221;, sade Harry. &#8221;N\u00e5, Tarzan hade f\u00f6rst\u00e5s inte heller mycket annat \u00e4n en tygbit p\u00e5 sig. Men i hans djungel tycktes det inte finnas br\u00e4nn\u00e4sslor, s\u00e5 d\u00e4r som i Dagsmark&#8221;. Bild och text ur Kristinestads Tidning.<\/figcaption><\/figure>\n<figure id=\"attachment_12566\" aria-describedby=\"caption-attachment-12566\" style=\"width: 2016px\" class=\"wp-caption alignnone\"><img loading=\"lazy\" decoding=\"async\" class=\"size-full wp-image-12566\" src=\"http:\/\/www.lassebacklund.fi\/wp-content\/uploads\/2019\/05\/IMG_5332.jpg\" alt=\"\" width=\"2016\" height=\"1289\" srcset=\"https:\/\/www.lassebacklund.fi\/wp-content\/uploads\/2019\/05\/IMG_5332.jpg 2016w, https:\/\/www.lassebacklund.fi\/wp-content\/uploads\/2019\/05\/IMG_5332-300x192.jpg 300w, https:\/\/www.lassebacklund.fi\/wp-content\/uploads\/2019\/05\/IMG_5332-768x491.jpg 768w, https:\/\/www.lassebacklund.fi\/wp-content\/uploads\/2019\/05\/IMG_5332-1024x655.jpg 1024w\" sizes=\"auto, (max-width: 2016px) 100vw, 2016px\" \/><figcaption id=\"caption-attachment-12566\" class=\"wp-caption-text\">Den t\u00e4ta vegetationen i \u00e5backen hindrar att fotbollen hamnar i \u00e5n. Annat var det f\u00f6rr d\u00e5 bollen ofta fick fiskas upp vid sandholmen, som fanns nedanf\u00f6r b\u00f6nhuset mot Backlundas. Fotot fr\u00e5n 2019.<\/figcaption><\/figure>\n<figure id=\"attachment_12568\" aria-describedby=\"caption-attachment-12568\" style=\"width: 2016px\" class=\"wp-caption alignnone\"><img loading=\"lazy\" decoding=\"async\" class=\"size-full wp-image-12568\" src=\"http:\/\/www.lassebacklund.fi\/wp-content\/uploads\/2019\/05\/IMG_5335.jpg\" alt=\"\" width=\"2016\" height=\"1236\" srcset=\"https:\/\/www.lassebacklund.fi\/wp-content\/uploads\/2019\/05\/IMG_5335.jpg 2016w, https:\/\/www.lassebacklund.fi\/wp-content\/uploads\/2019\/05\/IMG_5335-300x184.jpg 300w, https:\/\/www.lassebacklund.fi\/wp-content\/uploads\/2019\/05\/IMG_5335-768x471.jpg 768w, https:\/\/www.lassebacklund.fi\/wp-content\/uploads\/2019\/05\/IMG_5335-1024x628.jpg 1024w\" sizes=\"auto, (max-width: 2016px) 100vw, 2016px\" \/><figcaption id=\"caption-attachment-12568\" class=\"wp-caption-text\">Vegetationen i \u00e5backen h\u00e5ller p\u00e5 att ta \u00f6ver sportstugan, som knappt syns i l\u00f6vverken. Till v\u00e4nster skymtar Gran\u00e9rs g\u00e5rd. Fotot fr\u00e5n 2019.<\/figcaption><\/figure>\n<figure id=\"attachment_12569\" aria-describedby=\"caption-attachment-12569\" style=\"width: 2016px\" class=\"wp-caption alignnone\"><img loading=\"lazy\" decoding=\"async\" class=\"size-full wp-image-12569\" src=\"http:\/\/www.lassebacklund.fi\/wp-content\/uploads\/2019\/05\/IMG_5336.jpg\" alt=\"\" width=\"2016\" height=\"1512\" srcset=\"https:\/\/www.lassebacklund.fi\/wp-content\/uploads\/2019\/05\/IMG_5336.jpg 2016w, https:\/\/www.lassebacklund.fi\/wp-content\/uploads\/2019\/05\/IMG_5336-300x225.jpg 300w, https:\/\/www.lassebacklund.fi\/wp-content\/uploads\/2019\/05\/IMG_5336-768x576.jpg 768w, https:\/\/www.lassebacklund.fi\/wp-content\/uploads\/2019\/05\/IMG_5336-1024x768.jpg 1024w\" sizes=\"auto, (max-width: 2016px) 100vw, 2016px\" \/><figcaption id=\"caption-attachment-12569\" class=\"wp-caption-text\">Ett n\u00e4t mot landsv\u00e4gen g\u00f6r att fotbollarna inte hamnar ut p\u00e5 v\u00e4gen. Tidigare h\u00e4nde det ofta att spelarna eller &#8221;takapiru&#8221; blev tvungna att h\u00e4mta bollen i &#8221;K\u00e5rk \u00c5keas morotslaande&#8221; p\u00e5 andra sidan v\u00e4gen. Fotot fr\u00e5n 2019.<\/figcaption><\/figure>\n<figure id=\"attachment_12564\" aria-describedby=\"caption-attachment-12564\" style=\"width: 667px\" class=\"wp-caption alignnone\"><img loading=\"lazy\" decoding=\"async\" class=\"size-full wp-image-12564\" src=\"http:\/\/www.lassebacklund.fi\/wp-content\/uploads\/2019\/05\/Annons-i-Sydin-aug-1950.jpg\" alt=\"\" width=\"667\" height=\"1011\" srcset=\"https:\/\/www.lassebacklund.fi\/wp-content\/uploads\/2019\/05\/Annons-i-Sydin-aug-1950.jpg 667w, https:\/\/www.lassebacklund.fi\/wp-content\/uploads\/2019\/05\/Annons-i-Sydin-aug-1950-198x300.jpg 198w\" sizes=\"auto, (max-width: 667px) 100vw, 667px\" \/><figcaption id=\"caption-attachment-12564\" class=\"wp-caption-text\">Dans och t\u00e4vlingar h\u00f6rde ihop. Vid de f\u00f6rsta t\u00e4vlingar i augusti 1950, s\u00e5 ordnades det tv\u00e5 danser p\u00e5 samma dag, med olika orkestrar.<\/figcaption><\/figure>\n<p><span style=\"margin: 0px; font-family: 'Helvetica','sans-serif';\"><span style=\"color: #000000;\">\u00a0<\/span><\/span><\/p>\n<figure id=\"attachment_7515\" aria-describedby=\"caption-attachment-7515\" style=\"width: 925px\" class=\"wp-caption alignnone\"><img loading=\"lazy\" decoding=\"async\" class=\"size-full wp-image-7515\" src=\"http:\/\/www.lassebacklund.fi\/wp-content\/uploads\/2018\/02\/3-f\u00f6rsta-Majbo.jpg\" alt=\"\" width=\"925\" height=\"544\" srcset=\"https:\/\/www.lassebacklund.fi\/wp-content\/uploads\/2018\/02\/3-f\u00f6rsta-Majbo.jpg 925w, https:\/\/www.lassebacklund.fi\/wp-content\/uploads\/2018\/02\/3-f\u00f6rsta-Majbo-300x176.jpg 300w, https:\/\/www.lassebacklund.fi\/wp-content\/uploads\/2018\/02\/3-f\u00f6rsta-Majbo-768x452.jpg 768w\" sizes=\"auto, (max-width: 925px) 100vw, 925px\" \/><figcaption id=\"caption-attachment-7515\" class=\"wp-caption-text\">P\u00e5 den f\u00f6rsta sportplanen gick l\u00f6pbanorna runt f\u00f6reningshemmet Majbo. Sj\u00e4lva sportplanen d\u00e4r kast- och hoppgrenar genomf\u00f6rdes fanns mellan ungdomshemmet och uthuset. Den nya lokalen byggdes just p\u00e5 det omr\u00e5det.<\/figcaption><\/figure>\n<p><span style=\"margin: 0px; font-family: 'Helvetica','sans-serif';\"><span style=\"color: #000000;\">\u00a0<\/span><\/span><\/p>\n<p><span style=\"margin: 0px; font-family: 'Helvetica','sans-serif';\"><span style=\"color: #000000;\">\u00a0<\/span><\/span><\/p>\n","protected":false},"excerpt":{"rendered":"<p>Sammanst\u00e4llt av Lasse Backlund i juni 2019. Kimmo Er\u00e4nen fr\u00e5n Lappfj\u00e4rd har bidragit med 3 gamla foton och gett v\u00e4rdefull information. Sport och idrottande har alltid varit viktig f\u00f6r ungdomen i Dagsmark och t\u00e4vlingar har f\u00f6rekommit i l\u00e5nga tider. Men <a class=\"more-link\" href=\"https:\/\/www.lassebacklund.fi\/?page_id=12575\">Forts\u00e4tt l\u00e4sa <span class=\"screen-reader-text\">  Sportplanen i Dagsmark<\/span><span class=\"meta-nav\">&rarr;<\/span><\/a><\/p>\n","protected":false},"author":1,"featured_media":0,"parent":17,"menu_order":15,"comment_status":"closed","ping_status":"closed","template":"","meta":{"footnotes":""},"class_list":["post-12575","page","type-page","status-publish","hentry"],"_links":{"self":[{"href":"https:\/\/www.lassebacklund.fi\/index.php?rest_route=\/wp\/v2\/pages\/12575","targetHints":{"allow":["GET"]}}],"collection":[{"href":"https:\/\/www.lassebacklund.fi\/index.php?rest_route=\/wp\/v2\/pages"}],"about":[{"href":"https:\/\/www.lassebacklund.fi\/index.php?rest_route=\/wp\/v2\/types\/page"}],"author":[{"embeddable":true,"href":"https:\/\/www.lassebacklund.fi\/index.php?rest_route=\/wp\/v2\/users\/1"}],"replies":[{"embeddable":true,"href":"https:\/\/www.lassebacklund.fi\/index.php?rest_route=%2Fwp%2Fv2%2Fcomments&post=12575"}],"version-history":[{"count":24,"href":"https:\/\/www.lassebacklund.fi\/index.php?rest_route=\/wp\/v2\/pages\/12575\/revisions"}],"predecessor-version":[{"id":24076,"href":"https:\/\/www.lassebacklund.fi\/index.php?rest_route=\/wp\/v2\/pages\/12575\/revisions\/24076"}],"up":[{"embeddable":true,"href":"https:\/\/www.lassebacklund.fi\/index.php?rest_route=\/wp\/v2\/pages\/17"}],"wp:attachment":[{"href":"https:\/\/www.lassebacklund.fi\/index.php?rest_route=%2Fwp%2Fv2%2Fmedia&parent=12575"}],"curies":[{"name":"wp","href":"https:\/\/api.w.org\/{rel}","templated":true}]}}