{"id":1243,"date":"2016-10-18T19:35:11","date_gmt":"2016-10-18T17:35:11","guid":{"rendered":"http:\/\/www.lassebacklund.fi\/?page_id=1243"},"modified":"2016-10-18T19:35:11","modified_gmt":"2016-10-18T17:35:11","slug":"torpare-pa-klemets-nr-1","status":"publish","type":"page","link":"https:\/\/www.lassebacklund.fi\/?page_id=1243","title":{"rendered":"Torpare p\u00e5 Klemets nr 1."},"content":{"rendered":"<p>&nbsp;<\/p>\n<ol>\n<li>Johan Larsson Klemets (1768-1816) torpare under \u00e5ren 1799-1816. Hustrun Maria Eriksdotter (f. 1774) fortsatte som torpare under \u00e5ren 1817-1830.<\/li>\n<li>Henrik Larsson Klemets och hans hustru Anna Greta Jakobsdotter, skriven som torpare \u00e5r 1799.<\/li>\n<li>Johan Nilsson Klemets och hans hustru Maria Henriksdotter (1771-1850), skriven som torpare 1800.<\/li>\n<li>Anders Henriksson Klemets (f. 1766) och hustrun Maria Larsdotter (f. 1764) torpare 1800-1825.<\/li>\n<li>Anna Greta Jakobsdotter (f. 1770) torpare under \u00e5ren 1815-1825.<\/li>\n<li>Johan Henrik Johansson, senare Klemets (f. 1798) och hustrun Caisa Johansdotter Holm (f. 1799) torpare under \u00e5ren 1825-1861.<\/li>\n<li>Fredrik Mattsson fr\u00e5n Ulfsby (1782-1851) och hustrun Caisa Jakobsdotter fr\u00e5n B\u00f6tom (f. 1797) torpare under \u00e5ren 1830-1851.<\/li>\n<li>Johan Johansson Klemets (f.1799) och hustrun Anna Mattsdotter Teir eller S\u00f6derstr\u00f6m (f.1796) torpare under \u00e5ren 1835-1858.<\/li>\n<li>Henrik Andersson Klemets (f. 1800) och hustrun Maria Greta Andersson L\u00e5ng (f. 1805) torpare under \u00e5ren 1835-1852.<\/li>\n<li>Erik Henrik Eriksson Finne (f. 1814) och hustrun Maria Lena Mattsdotter (f. 1813) torpare under \u00e5ren 1840-1845.<\/li>\n<li>Johan Henrik Larsson Klemets (1805-1852) och hustrun Anna Maria J\u00f6ransdotter (f. 1804) torpare under \u00e5ren 1840-1851).<\/li>\n<li>Josef Mariasson B\u00e5sk (f. 1805) och hustrun Maria Greta Andersdotter Knus (f. 1810) torpare under \u00e5ren 1840-1867.<\/li>\n<li>Josef Johansson, senare Korsb\u00e4ck (f. 1793) och hustrun Maria Lena Hansdotter Sm\u00e5tr\u00e4sk (f. 1796) torpare under \u00e5ren 1845-1866.<\/li>\n<li>Johan Johansson Klemets och hustrun Susanna , skriven som torpare \u00e5r 1845.<\/li>\n<li>Matts Mattsson Klemets (f. 1819) och hustrun Maria Sofia Henriksdotter Geisor (f. 1828) torpare under \u00e5ren 1850-1867.<\/li>\n<li>Karl, Karl Gustavsson Lillkull (f. 1840) och hustrun Maria Sofia Henriksdotter Klemets (f.1844) torpare under \u00e5ren 1860-1861.<\/li>\n<li>Josef Eliasson Korsb\u00e4ck (f. 1829) och hustrun Anna Lisa Henriksdotter fr\u00e5n Stor\u00e5 (f. 1825) torpare under \u00e5ren 1855-1888.<\/li>\n<li>Johan Isaksson B\u00e5sk (f. 1823) och hustrun Albertina Henriksdotter Korsb\u00e4ck (f. 1829) torpare under \u00e5ren 1855-1865.<\/li>\n<li>Josef Johansson och hustrun Anna, torpare 1855-1869.<\/li>\n<li>Josef Andersson Klemets (f.1829) torpare under \u00e5ren 1858-1877) och hustrun Fredrika Johansdotter Storkull (f. 1831) som torpare 1878-1894.<\/li>\n<li>Johan Gustav Sabinasson H\u00e4ggblom (f.1818) och hustrun Kaisa Gabrielsdotter fr\u00e5n Stor\u00e5 (f.1817) torpare under \u00e5ren 1858-1865.<\/li>\n<li>Johan Henrik, Johan Henriksson Klemets (f. 1830) och hustrun Anna \u00a0Greta Johansdotter Lillsj\u00f6 (f.1832) torpare under \u00e5ren 1858-1894.<\/li>\n<li>Johan Henrik, Henriksson Klemets (f. 1830) och hustrun Anna Kaisa Andersson Lpng (f. 1833) torpare under \u00e5ren 1858-1876.<\/li>\n<\/ol>\n<p>24. Anders Henrik Gustav Adolfsson L\u00e5ng (f.1829) och hustrun Lena Eriksdotter (f.1829) torpare under \u00e5ren 1860-1865.<\/p>\n<ol start=\"25\">\n<li>Erik Johan Henriksson Klemets (f.1832) och hustrun Maria Greta Josefsdotter (f.1837) torpare under \u00e5ren 1861-1865.<\/li>\n<li>Karl Fredrik Jungqvist fr\u00e5n Lappfj\u00e4rd (f.1825) och hustrun Anna Kajsa Johansdotter Klemets (f.1827) torpare under \u00e5ren 1861-1865.<\/li>\n<li>Henrik Eriksson Storkull (f.1833) senare statdr\u00e4ng och hustrun Agata Mattsdotter Solax (f.1836) torpare under \u00e5ren 1865-1875.<\/li>\n<li>Josef Johansson Klemets \u00a0och hustrun Maria, torpare under \u00e5ren 1865-1875.<\/li>\n<\/ol>\n<p>29.Erik Henrik, Johan Eriksson S\u00f6derholm (f.1829) torpare under \u00e5ren 1865-1902 och hustrun Lena Greta Johansdotter Lillkull (f.1827) som torpare under \u00e5ren 1903-1904.<\/p>\n<ol start=\"30\">\n<li>Karl Eriksson Klemets (f.1841) och hustrun Maria (f.1844) torpare under \u00e5ren 1865-1885, senare med\u00e5bo.<\/li>\n<li>Niklas Thomasson Hornberg fr\u00e5n B\u00f6tom (f.1827) och hustrun Brita Lena Mattsdotter fr\u00e5n Lappfj\u00e4rd (f.1837) torpare under \u00e5ren 1865-1866.<\/li>\n<li>Josef Skrivars och hustrun Anna, torpare under \u00e5ren 1866-1869.<\/li>\n<li>Josef Andersson Klemets \u00a0och hustrun Henrika, torpare under \u00e5ren 1867-1870.<\/li>\n<li>Josef och Vilhelmina L\u00e5ngfors, torpare under \u00e5ren 1868-1873.<\/li>\n<li>Erik Hautaviita , torpare under \u00e5ren 1868-1871.<\/li>\n<li>Erik Johansson Klemets (f. 1832) torpare under \u00e5ren \u00a01870-1892 och hustrun Maria Jonasdotter (f. 1837), torpare under \u00e5ren 1893-1894.<\/li>\n<li>Viktor Josefsson Klemets (f. 1852) och hustrun Sofia (f. 1854) torpare under \u00e5ren 1873-1899.<\/li>\n<li>Karl Mattsson Klemets (f. 1823) torpare under \u00e5ren 1883-1907.<\/li>\n<li>Robert Josefsson Klemets (f. 1859) och hustrun Greta (f. 1857) torpare under \u00e5ren 1883-1994.<\/li>\n<li>Johan Johansson Klemets, torpare under \u00e5ren 1883-1886.<\/li>\n<li>Josef Johansson H\u00e4ggblom (f.1852) och hustrun Karolina torpare under \u00e5ren 1888-1906.<\/li>\n<li>Henrik Hautaviita (f.1859) torpare under \u00e5ren 1888-1890 och hustrun Ester (f.1859) torpare under \u00e5ren 1891-1895.<\/li>\n<li>Karolina Eriksdotter (f.1847) torpare under \u00e5ren 1891-1894.<\/li>\n<li>Josef Henrik Josefsson Klemets (f.1866) senare inhyses och hustrun Anna (f. 1866) torpare under \u00e5ren 1891-1899.<\/li>\n<li>Viktor Eriksson Klemets (f. 1864) och hustrun Vilhelmina (f.1858) torpare under \u00e5ren 1895-1910.<\/li>\n<li>Malakias Pasi (f. 1842) och hustrun Emilia (f.1860) torpare under \u00e5ren 1903-1910.<\/li>\n<li>Anna Johansdotter (f.1864) torpare under \u00e5ren 1904-1910, senare inhyses.<\/li>\n<li>Erik Johan Eriksson Klemets (f. 1866) och hustrun Edla (f. 1868) torpare under \u00e5ren 1904-1908.<\/li>\n<\/ol>\n<p>49.Johan Teivala (f.1846) och hustrun Anna (f.1866) torparen under \u00e5ren 1906-1907.<\/p>\n<ol start=\"50\">\n<li>Henrik Henberg (f.1850) och hustrun Ulrika (f. 1864) torpare under \u00e5ren 1908-1910.<\/li>\n<\/ol>\n","protected":false},"excerpt":{"rendered":"<p>&nbsp; Johan Larsson Klemets (1768-1816) torpare under \u00e5ren 1799-1816. Hustrun Maria Eriksdotter (f. 1774) fortsatte som torpare under \u00e5ren 1817-1830. Henrik Larsson Klemets och hans hustru Anna Greta Jakobsdotter, skriven som torpare \u00e5r 1799. Johan Nilsson Klemets och hans hustru <a class=\"more-link\" href=\"https:\/\/www.lassebacklund.fi\/?page_id=1243\">Forts\u00e4tt l\u00e4sa <span class=\"screen-reader-text\">  Torpare p\u00e5 Klemets nr 1.<\/span><span class=\"meta-nav\">&rarr;<\/span><\/a><\/p>\n","protected":false},"author":1,"featured_media":0,"parent":1236,"menu_order":1,"comment_status":"closed","ping_status":"closed","template":"","meta":{"footnotes":""},"class_list":["post-1243","page","type-page","status-publish","hentry"],"_links":{"self":[{"href":"https:\/\/www.lassebacklund.fi\/index.php?rest_route=\/wp\/v2\/pages\/1243","targetHints":{"allow":["GET"]}}],"collection":[{"href":"https:\/\/www.lassebacklund.fi\/index.php?rest_route=\/wp\/v2\/pages"}],"about":[{"href":"https:\/\/www.lassebacklund.fi\/index.php?rest_route=\/wp\/v2\/types\/page"}],"author":[{"embeddable":true,"href":"https:\/\/www.lassebacklund.fi\/index.php?rest_route=\/wp\/v2\/users\/1"}],"replies":[{"embeddable":true,"href":"https:\/\/www.lassebacklund.fi\/index.php?rest_route=%2Fwp%2Fv2%2Fcomments&post=1243"}],"version-history":[{"count":1,"href":"https:\/\/www.lassebacklund.fi\/index.php?rest_route=\/wp\/v2\/pages\/1243\/revisions"}],"predecessor-version":[{"id":1244,"href":"https:\/\/www.lassebacklund.fi\/index.php?rest_route=\/wp\/v2\/pages\/1243\/revisions\/1244"}],"up":[{"embeddable":true,"href":"https:\/\/www.lassebacklund.fi\/index.php?rest_route=\/wp\/v2\/pages\/1236"}],"wp:attachment":[{"href":"https:\/\/www.lassebacklund.fi\/index.php?rest_route=%2Fwp%2Fv2%2Fmedia&parent=1243"}],"curies":[{"name":"wp","href":"https:\/\/api.w.org\/{rel}","templated":true}]}}