{"id":11344,"date":"2019-02-18T17:57:17","date_gmt":"2019-02-18T15:57:17","guid":{"rendered":"http:\/\/www.lassebacklund.fi\/?page_id=11344"},"modified":"2021-11-10T00:04:37","modified_gmt":"2021-11-09T22:04:37","slug":"byasvagen-18","status":"publish","type":"page","link":"https:\/\/www.lassebacklund.fi\/?page_id=11344","title":{"rendered":"By\u00e5sv\u00e4gen 18"},"content":{"rendered":"<p><span style=\"color: #000080;\">Sammanst\u00e4llt av Lasse Backlund i februari 2019, med hj\u00e4lp av Sixten Lund. Rita Rosenbacks och Inga-Lills utredningar har varit till stor hj\u00e4lp.<\/span><\/p>\n<figure id=\"attachment_11343\" aria-describedby=\"caption-attachment-11343\" style=\"width: 1600px\" class=\"wp-caption aligncenter\"><img loading=\"lazy\" decoding=\"async\" class=\"size-full wp-image-11343\" src=\"http:\/\/www.lassebacklund.fi\/wp-content\/uploads\/2019\/02\/Hammarberg-och-Lillmangs.jpg\" alt=\"\" width=\"1600\" height=\"1200\" srcset=\"https:\/\/www.lassebacklund.fi\/wp-content\/uploads\/2019\/02\/Hammarberg-och-Lillmangs.jpg 1600w, https:\/\/www.lassebacklund.fi\/wp-content\/uploads\/2019\/02\/Hammarberg-och-Lillmangs-300x225.jpg 300w, https:\/\/www.lassebacklund.fi\/wp-content\/uploads\/2019\/02\/Hammarberg-och-Lillmangs-768x576.jpg 768w, https:\/\/www.lassebacklund.fi\/wp-content\/uploads\/2019\/02\/Hammarberg-och-Lillmangs-1024x768.jpg 1024w\" sizes=\"auto, (max-width: 1600px) 100vw, 1600px\" \/><figcaption id=\"caption-attachment-11343\" class=\"wp-caption-text\">Det h\u00e4r huset p\u00e5 \u201dBj\u00f6rken\u201d l\u00e4genhet byggdes 1991 men har efter det byggts till ett par g\u00e5nger. \u00c5r 1990 br\u00f6ts tomten ut fr\u00e5n Arvid Dahlroos marker och har i tiderna h\u00f6rt till bonden \u201dAntas\u201d Otto Bj\u00f6rklunds hemman. F\u00f6re storskiftet 1900-1912 h\u00f6rde omr\u00e5det till Storkull hemman. Den nuvarande \u00e4garen bor stadigvarande i huset. Fotot fr\u00e5n 2003 \u00e4r taget fr\u00e5n norr och mellan huset och garaget skymtar Runar Grans g\u00e5rd.<\/figcaption><\/figure>\n<p><strong>De gamla torparna.<\/strong><\/p>\n<p>I g\u00e5ngna tider fanns det flera torp p\u00e5 By\u00e5sen ovanf\u00f6r Sebasbackan.\u00a0 Redan i b\u00f6rjan av 1800-talet fanns det till exempel ett torp p\u00e5 detta omr\u00e5de p\u00e5 By\u00e5sen, som den tiden h\u00f6rde till Storkull hemman och kallades f\u00f6r Skomakas. Mellan \u00e5ren 1820 \u2013 1829 var skomakaren <strong>Johan Petter Fr\u00f6berg<\/strong> (1763-1829) torpare p\u00e5 Skomakas. Hans far var sockenskomakaren Olof Fr\u00f6berg, f\u00f6dd i Sverige men som via Vasa kom till Lappfj\u00e4rd.<\/p>\n<p>F\u00f6ljande torpare var Johan Petters son <strong>Henrik Fr\u00f6berg<\/strong> (1799-1867), som tillsammans med hustrun Greta Guss var torpare h\u00e4r mellan \u00e5ren 1830 \u2013 1867.<\/p>\n<p>F\u00f6ljande torpare var \u201dSkomakas Kaal\u201d, allts\u00e5 <strong>Karl Gustav Fr\u00f6berg<\/strong> (1832-1894), som tillsammans med hustrun Maja Lena Andersdotter L\u00e5ng var torpare mellan \u00e5ren 1868 \u2013 1904. Hans torp skulle ha legat mellan Lid-Alver Bj\u00f6rklunds g\u00e5rd och Antas-Ottos g\u00e5rd, p\u00e5 den v\u00e4stra sidan av Skomakast\u00e5.<\/p>\n<p>\u00c5r 1904 ser det ut som om torpet skulle ha delats mellan Karl Gustavs d\u00f6ttrar <strong>Adelina Fr\u00f6berg och Vilhemina Fr\u00f6berg<\/strong>, eftersom de b\u00e5da var torpare h\u00e4r fram till 1914, d\u00e5 dessa torp upph\u00f6rde. Adelina och Vilhelmina hade ocks\u00e5 en broder Karl Fr\u00f6berg (f.1866) men han for till Amerika 1886.<\/p>\n<p><strong>Adelina Fr\u00f6berg<\/strong> (1872-1928) fick en dotter Selma (1895-1979), som senare gifte sig med Uuno Huhtala. \u00c5r 1904 gifte Adelina sig med Juho Santaniemi (1881-1927) fr\u00e5n Honkajoki och de fick d\u00e5 barnen Gunnar (f. 1907) och Bertel (f. 1917) som stupade i vinterkriget 1940.<\/p>\n<h4><strong>Skomakas-Mina.<\/strong><\/h4>\n<p><strong>Adelinas syster Vilhelmina,<\/strong> som kallades \u201dSkomakas Mina\u201d var f\u00f6dd 1870 och hon bodde i en mycket enkel stuga just h\u00e4r p\u00e5 By\u00e5sv\u00e4gen 18. Stugan eller kojan hade endast ett rum och en liten farstu, golvet var av stampad jord och s\u00e5 fanns d\u00e4r en s\u00e4ng och ett bord. Det fanns ingen riktig eldstad i stugan utan bara en uppradad stenhop, som det gick att elda i. Genom att s\u00e4tta ett galler ovanp\u00e5 stenarna kunde Mina koka lite mat. Det fanns ingen skorsten fr\u00e5n eldstaden utan r\u00f6ken s\u00f6kte sig ut genom springorna i taket. N\u00e5gra s\u00e4ngkl\u00e4der hade inte Mina heller, utan hon anv\u00e4nde halm som hon b\u00e4ddade ner sig i. Hon var \u00f6verlag d\u00e5ligt kl\u00e4dd men levde \u00e4nd\u00e5 till n\u00e4stan 80-\u00e5rs \u00e5lder, eftersom hon dog i mars 1949. I juni 1949 s\u00e5lde v\u00e5rdn\u00e4mnden i Lappfj\u00e4rds kommun hennes tillh\u00f6righeter p\u00e5 auktion. I mantalsskrivningen \u00e5r 1948 hade hon uppgett att hon hade yrket \u201d\u00e5ldring\u201d. Bjarne Grans skrev i en dokumentation om Minas liv s\u00e5 h\u00e4r: \u201d..ingen skulle tro detta i dag som inte har sett detta el\u00e4nde\u201d.<\/p>\n<p>Vilhelmina var b\u00e5de ogift och barnl\u00f6s. men hon tog hand om det lilla barnet Hulda H\u00e4ggblom fr\u00e5n granng\u00e5rden, vars mor dog i barns\u00e4ng d\u00e5 Hulda f\u00f6ddes.<\/p>\n<h4><strong>\u201dJot Hulda\u201d.<\/strong><\/h4>\n<p><strong>Hulda H\u00e4ggblom<\/strong> som f\u00f6ddes \u00e5r 1901 var dotter till Viktor F\u00e4rm el H\u00e4ggblom, som bodde i den gamla g\u00e5rden, som stod <a href=\"http:\/\/www.lassebacklund.fi\/?page_id=860\">d\u00e4r Mildrid bor i dag.<\/a> Bonden Viktor H\u00e4ggblom var son till <a href=\"http:\/\/www.lassebacklund.fi\/?page_id=7174\">\u201dM\u00e5g-Joss\u201d<\/a> och han var gift med \u201dLill K\u00e5rk Mina\u201d, allts\u00e5 Vilhelmina Karl Gustafsdotter L\u00e5ng (1858-1901). Vilhelmina var f\u00f6dd i den g\u00e5rd som tidigare stod d\u00e4r <a href=\"http:\/\/www.lassebacklund.fi\/?page_id=3082\">Ingmar bor idag<\/a>. Hon var syster till \u201dLill K\u00e5rk Josip\u201d han som flyttade gamla g\u00e5rden upp till \u00c5backan, d\u00e4r <a href=\"http:\/\/www.lassebacklund.fi\/?page_id=3001\">Forslins och Pala Gunnar<\/a> sedan bodde.<\/p>\n<p>Hulda H\u00e4ggblom gifte sig sedan med \u201dJot\u201d Hemming Lund (f. 1907) och de bodde i en liten gr\u00e5 stuga i Storfors och m\u00f6jligtvis ocks\u00e5 p\u00e5 andra st\u00e4llen. De fick 4 barn, som alla levde till vuxen \u00e5lder. P\u00e5 gamla dar flyttade \u00e4nkan Hulda till Nystad, d\u00e4r hon k\u00f6pte \u201dTupa-Unos\u201d enkla stuga och d\u00e4r bodde hon tills hon dog 1981. Stugan i Nystad finns fortfarande kvar men torpet p\u00e5 By\u00e5sv\u00e4gen revs efter Minas d\u00f6d i slutet p\u00e5 40-talet.<\/p>\n","protected":false},"excerpt":{"rendered":"<p>Sammanst\u00e4llt av Lasse Backlund i februari 2019, med hj\u00e4lp av Sixten Lund. Rita Rosenbacks och Inga-Lills utredningar har varit till stor hj\u00e4lp. De gamla torparna. I g\u00e5ngna tider fanns det flera torp p\u00e5 By\u00e5sen ovanf\u00f6r Sebasbackan.\u00a0 Redan i b\u00f6rjan av <a class=\"more-link\" href=\"https:\/\/www.lassebacklund.fi\/?page_id=11344\">Forts\u00e4tt l\u00e4sa <span class=\"screen-reader-text\">  By\u00e5sv\u00e4gen 18<\/span><span class=\"meta-nav\">&rarr;<\/span><\/a><\/p>\n","protected":false},"author":1,"featured_media":0,"parent":59,"menu_order":18,"comment_status":"closed","ping_status":"closed","template":"","meta":{"footnotes":""},"class_list":["post-11344","page","type-page","status-publish","hentry"],"_links":{"self":[{"href":"https:\/\/www.lassebacklund.fi\/index.php?rest_route=\/wp\/v2\/pages\/11344","targetHints":{"allow":["GET"]}}],"collection":[{"href":"https:\/\/www.lassebacklund.fi\/index.php?rest_route=\/wp\/v2\/pages"}],"about":[{"href":"https:\/\/www.lassebacklund.fi\/index.php?rest_route=\/wp\/v2\/types\/page"}],"author":[{"embeddable":true,"href":"https:\/\/www.lassebacklund.fi\/index.php?rest_route=\/wp\/v2\/users\/1"}],"replies":[{"embeddable":true,"href":"https:\/\/www.lassebacklund.fi\/index.php?rest_route=%2Fwp%2Fv2%2Fcomments&post=11344"}],"version-history":[{"count":13,"href":"https:\/\/www.lassebacklund.fi\/index.php?rest_route=\/wp\/v2\/pages\/11344\/revisions"}],"predecessor-version":[{"id":21410,"href":"https:\/\/www.lassebacklund.fi\/index.php?rest_route=\/wp\/v2\/pages\/11344\/revisions\/21410"}],"up":[{"embeddable":true,"href":"https:\/\/www.lassebacklund.fi\/index.php?rest_route=\/wp\/v2\/pages\/59"}],"wp:attachment":[{"href":"https:\/\/www.lassebacklund.fi\/index.php?rest_route=%2Fwp%2Fv2%2Fmedia&parent=11344"}],"curies":[{"name":"wp","href":"https:\/\/api.w.org\/{rel}","templated":true}]}}