{"id":11334,"date":"2019-02-16T22:37:05","date_gmt":"2019-02-16T20:37:05","guid":{"rendered":"http:\/\/www.lassebacklund.fi\/?page_id=11334"},"modified":"2026-05-01T20:49:16","modified_gmt":"2026-05-01T17:49:16","slug":"haga-leander-lunds-gard-pa-lisa-moravagen-28","status":"publish","type":"page","link":"https:\/\/www.lassebacklund.fi\/?page_id=11334","title":{"rendered":"\u201dHaga\u201d Leander Lunds stuga p\u00e5 Lisa-Morav\u00e4gen 28"},"content":{"rendered":"<figure id=\"attachment_11333\" aria-describedby=\"caption-attachment-11333\" style=\"width: 1600px\" class=\"wp-caption alignnone\"><img loading=\"lazy\" decoding=\"async\" class=\"size-full wp-image-11333\" src=\"http:\/\/www.lassebacklund.fi\/wp-content\/uploads\/2019\/02\/G\u00e5rden.jpg\" alt=\"\" width=\"1600\" height=\"1200\" srcset=\"https:\/\/www.lassebacklund.fi\/wp-content\/uploads\/2019\/02\/G\u00e5rden.jpg 1600w, https:\/\/www.lassebacklund.fi\/wp-content\/uploads\/2019\/02\/G\u00e5rden-300x225.jpg 300w, https:\/\/www.lassebacklund.fi\/wp-content\/uploads\/2019\/02\/G\u00e5rden-768x576.jpg 768w, https:\/\/www.lassebacklund.fi\/wp-content\/uploads\/2019\/02\/G\u00e5rden-1024x768.jpg 1024w\" sizes=\"auto, (max-width: 1600px) 100vw, 1600px\" \/><figcaption id=\"caption-attachment-11333\" class=\"wp-caption-text\">Stugan fotograferad fr\u00e5n s\u00f6der \u00e5r 2003.<\/figcaption><\/figure>\n<p><strong><span style=\"color: #000080;\">Sammanst\u00e4llt av Lasse Backlund 2015, med hj\u00e4lp av Egil Lund och J\u00f6rgen Karp.\u00a0\u00a0<\/span><\/strong><\/p>\n<h2><strong>Husets historia<\/strong><\/h2>\n<p>Den f\u00f6rsta delen av den h\u00e4r stugan byggdes av \u201dHaga\u201d Leander Lund (1912-1989) och hans hustru Jenny (f. \u00d6str\u00f6m i Back 1902 \u2013 1971) i b\u00f6rjan av 1940-talet. Den byggdes av virke som togs fr\u00e5n den torpstuga d\u00e4r torparen \u201dJot Otto\u201d allts\u00e5 Otto Hjort eller Lund (f.1886) hade bott med sin familj n\u00e4ra By\u00e5sen, lite v\u00e4sterut fr\u00e5n St\u00e5l Idas g\u00e5rd. Torpet l\u00e5g p\u00e5 <a href=\"http:\/\/www.lassebacklund.fi\/?page_id=569\">&#8221;Antas&#8221; Otto Bj\u00f6rklunds<\/a> mark, liksom ett flertal andra torp. &#8221;Jot Otto&#8221; var Leanders farbror och han var son till Johan Viktor Hjort el Lund och var bror bland annat till \u201dJot Oskar\u201d, allts\u00e5 Oskar Lund och<a href=\"http:\/\/www.lassebacklund.fi\/?page_id=16039\"> \u201dHaga-Emel\u201d, allts\u00e5 Emil Lund.<\/a><\/p>\n<p>Stugan uppf\u00f6rdes i skogen p\u00e5 L\u00e5ngkvists hemman L\u00e5ng och det har tillbyggts flera g\u00e5nger och \u00e4r i dag i relativt gott skick och i den parkliknande tr\u00e4dg\u00e5rden v\u00e4xer m\u00e5nga speciella tr\u00e4d.<\/p>\n<p>\u201dHaga\u201d Leander var son till Emil Lund (1884-1937) och Karolina (f. L\u00e5ng 1876, d.1952) och han f\u00f6ddes p\u00e5 <a href=\"http:\/\/www.lassebacklund.fi\/?page_id=16015\">Drag\u00e5s hemmanet<\/a> p\u00e5 Sunnantillv\u00e4gen. D\u00e5 han var 2 \u00e5r gammal flyttade familjen till Viktor L\u00e5ngkvists g\u00e5rd p\u00e5 Lillk\u00e5rk och det \u00e4r m\u00f6jligt att de bodde i den lillstuga som fortfarande st\u00e5r kvar n\u00e4ra Lisa-Morav\u00e4gen. \u00c5r 1933 gifte sig Leander med Jenny \u00d6str\u00f6m fr\u00e5n Back by och han flyttade d\u00e5 dit. D\u00e4r fick de 2 barn och \u00e5r 1937 flyttade hela familjen till Dagsmark, till <a href=\"http:\/\/www.lassebacklund.fi\/?page_id=16039\">den g\u00e5rd d\u00e4r hans mor Edla Karolina och hans 2 systrar Elna och Gerda bodde<\/a>. Dessa hade samma \u00e5r k\u00f6pt Juho och Adelina Santaniemis stuga som stod p\u00e5 <a href=\"http:\/\/www.lassebacklund.fi\/?page_id=3261\">Str\u00f6mbergs l\u00e4genhet<\/a>, i skogsbrynet s\u00f6der om Huhtalas potatisk\u00e4llare. Husgrunden \u00e4r fortfarande synlig i terr\u00e4ngen, fast huset \u00e4r bortrivet.<\/p>\n<p>Under tiden de bodde i Santaniemis g\u00e5rd fick de ytterligare en son och i mellankrigstiden revs Jot-Ottos torpstuga och det byggdes upp p\u00e5 nytt d\u00e4r det fortfarande st\u00e5r. Till sin hj\u00e4lp hade Leander bland annat <a href=\"http:\/\/www.lassebacklund.fi\/?page_id=12151\">Josef Berglund<\/a> och <a href=\"http:\/\/www.lassebacklund.fi\/?page_id=6069\">Josef Dahlroos<\/a> fr\u00e5n Lillsj\u00f6. Leander Lund deltog i b\u00e5de vinter- och forts\u00e4ttningskriget, och efter krigsslutet byggde han stugan f\u00e4rdig. Leander var arbetare som gjorde dagsverken \u00e5t b\u00f6nderna, f\u00f6r det mesta \u00e5t Rurik Nylund p\u00e5 A-sidon.<\/p>\n<p><strong>\u00c5r 1971, den 6 september<\/strong> k\u00f6pte Leander Lund marken d\u00e4r stugan st\u00e5r, eller som det st\u00e5r i k\u00f6pebrevet &#8221;ett omr\u00e5de best\u00e5ende av skogsmark d\u00e4r hans boningshus och uthus sedan l\u00e4ngde varit placerade&#8221;. S\u00e4ljare var Ellen och Viking L\u00e5ngkvist och minder\u00e5riga Kurt. K\u00f6peskillingen utgjorde 500 mark och Leander fick sj\u00e4lv bryta ut det ur L\u00e5ngkvists hemman p\u00e5 L\u00e5ng.<\/p>\n<p><strong>\u00c5r 1971, den 26 november<\/strong> avled Jenny Lund och vid bouppteckningen konstaterades att i boet fanns l\u00e4genheten Lundback, som inte \u00e4nnu har erh\u00e5llit n\u00e5gon lagfart. P\u00e5 l\u00e4genheten fanns en bostadsbyggnad p\u00e5 60 kvm och sm\u00e4rre uthus. Leander erh\u00f6ll halva g\u00e5rden i giftor\u00e4tt och de tre barnen fick 1\/6 del var i arv.<\/p>\n<p><strong>\u00c5r 1972, den 3 september<\/strong> k\u00f6pte Leander Lund ett kalhugget skogsomr\u00e5de p\u00e5 0,85 ha som ligger sydost om han bostadstomt. S\u00e4ljare var Ellen L\u00e5ngkvist och hennes s\u00f6ner Viking och Kurt. K\u00f6peskillingen utgjorde 1 000 mark och l\u00e4genheten fick namnet Lundback II nr 4:189.<\/p>\n<p><strong>\u00c5r 1975<\/strong> gifte sig Leander f\u00f6r andra g\u00e5ngen, nu med Edit Alina \u00d6sterblad (f.1910 i Malax) och han flyttade dit f\u00f6ljande \u00e5r.<\/p>\n<p><strong>\u00c5r 1975, den 18 september<\/strong> gav Leander sin halva stuga och halva l\u00e4genheten Lundback 4:167 och l\u00e4genheten Lundback II 4:189 \u00e5t sina s\u00f6ner Egil och Levi som g\u00e5va. Deras syster Birgit Karp \u00e4gde d\u00e5 en sj\u00e4ttedel av stugan.<\/p>\n<p><strong>\u00c5r 1983, den 26 februari<\/strong> gav Birgit Karp och hennes man Johan Edvin Karp (f.1931) fr\u00e5n Korsholm sin \u00e4gande sj\u00e4ttedel av stugan som g\u00e5va \u00e5t sina br\u00f6der Egil och Levi Lund.<\/p>\n<h4><strong>Egil och Levi tog \u00f6ver<\/strong><\/h4>\n<p>Efter att Leander flyttade 1976 bort bodde Leanders och Jennys tv\u00e5 s\u00f6ner ensamma i stugan. De hade i unga \u00e5r arbetat som skogshuggare och med att gr\u00e4va skogsdiken f\u00f6r hand. P\u00e5 senare \u00e5r fram till pensioneringen arbetade b\u00e5da br\u00f6derna p\u00e5 Mellan\u00e5 Plantskola i Dagsmark.\u00a0 Den \u00e4ldre sonen Egil (f.1936) avled \u00e5r 2024 och hans yngre bror Levi (f. 1938) avled \u00e5r 2020. Leander och Jennys dotter Birgit (1934-2024) var gift Karp och bodde med sin familj Jungsund i Korsholm utanf\u00f6r Vasa.<\/p>\n<p><strong>\u00c5r 2024<\/strong> \u00f6vertogs stugan och tomten av d\u00f6dsboet, best\u00e5ende av Birgit Karps barn.<\/p>\n<h3><strong>Sl\u00e4kter och fotografier.<\/strong><\/h3>\n<h5><strong>Leander Lund hade 6 syskon:<\/strong><\/h5>\n<p>&#8211;<strong>Anselm<\/strong> Lund (1903-1967) slaktare och bodde en tid i <a href=\"http:\/\/www.lassebacklund.fi\/?page_id=6505\">Rosenbacks g\u00e5rd p\u00e5 Brobackan<\/a>, men flyttade sedan till Sverige. Anselm var gift 2 g\u00e5nger och hade 3 barn.<\/p>\n<p>&#8211;<strong>Amanda Julina <\/strong>Lund, senare Konn (1905-1995) gift och bosatt i Kristinestad.<\/p>\n<p>&#8211;<strong>Artur Emil <\/strong>Lund (1909-1928) ogift och barnl\u00f6s.<\/p>\n<p>&#8211;<strong>Johannes<\/strong> Lund (1911-1981) gift och bosatt i P\u00e5skmark. 3 barn.<\/p>\n<p>&#8211;<strong>Elna<\/strong> Lund, senare Backman (1917-1992) gift och bosatt i Munsala, 3 vuxna barn.<\/p>\n<p>&#8211;<strong>Gerda Linnea<\/strong> Lund, senare \u00d6rn (f. 1920) barnl\u00f6sa.<\/p>\n<h5><strong>\u201dHaga Leanders\u201d mor Edla Karolina L\u00e5ng, senare Lund hade 7 syskon, bland annat:<\/strong><\/h5>\n<p>\u201d<strong>Isakas Manda<\/strong>\u201d (1899-1969) som var gift med sin kusin <a href=\"http:\/\/www.lassebacklund.fi\/?page_id=2052\">Josef Hosioja<\/a> (1891-1947) som sedan tog namnet Bj\u00f6rkg\u00e5rd. De hade en son som hette Gunnar (1924-1948) och de bodde i en liten stuga n\u00e4ra Malinens p\u00e5 Korsb\u00e4ckv\u00e4gen.<\/p>\n<p>-\u201d<strong>Haga Hindrik<\/strong>\u201d, allts\u00e5 Henrik Lund (1880-1952)\u00a0 som tog namnet Lindberg och gifte sig med Maria Utter, som var mor bland annat till Sigrid Nordman. De bodde i \u00e4ndan av Haga-T\u00e5 bakom Nylundas p\u00e5 A-sidon. (Vill du l\u00e4sa mera om Haga-Hindrik och Maria, klicka <a href=\"http:\/\/www.lassebacklund.fi\/?page_id=2196\"><span style=\"text-decoration: underline;\"><span style=\"color: #000080; text-decoration: underline;\">H\u00c4R<\/span><\/span><\/a>).<\/p>\n<p>Flera syskon emigrerade till Amerika.<\/p>\n<h4><strong>Foton.<\/strong><\/h4>\n<figure id=\"attachment_16081\" aria-describedby=\"caption-attachment-16081\" style=\"width: 352px\" class=\"wp-caption alignnone\"><img loading=\"lazy\" decoding=\"async\" class=\"size-full wp-image-16081\" src=\"http:\/\/www.lassebacklund.fi\/wp-content\/uploads\/2020\/04\/3-Jenny-Leander-och-Birgit.jpg\" alt=\"\" width=\"352\" height=\"480\" srcset=\"https:\/\/www.lassebacklund.fi\/wp-content\/uploads\/2020\/04\/3-Jenny-Leander-och-Birgit.jpg 352w, https:\/\/www.lassebacklund.fi\/wp-content\/uploads\/2020\/04\/3-Jenny-Leander-och-Birgit-220x300.jpg 220w\" sizes=\"auto, (max-width: 352px) 100vw, 352px\" \/><figcaption id=\"caption-attachment-16081\" class=\"wp-caption-text\">Jenny och Leander Lund tillsammans med dottern Birgit. Katterna fick ocks\u00e5 vara med.<\/figcaption><\/figure>\n<figure id=\"attachment_16079\" aria-describedby=\"caption-attachment-16079\" style=\"width: 352px\" class=\"wp-caption alignnone\"><img loading=\"lazy\" decoding=\"async\" class=\"size-full wp-image-16079\" src=\"http:\/\/www.lassebacklund.fi\/wp-content\/uploads\/2020\/04\/3-Birgit-i-unga-\u00e5r.jpg\" alt=\"\" width=\"352\" height=\"480\" srcset=\"https:\/\/www.lassebacklund.fi\/wp-content\/uploads\/2020\/04\/3-Birgit-i-unga-\u00e5r.jpg 352w, https:\/\/www.lassebacklund.fi\/wp-content\/uploads\/2020\/04\/3-Birgit-i-unga-\u00e5r-220x300.jpg 220w\" sizes=\"auto, (max-width: 352px) 100vw, 352px\" \/><figcaption id=\"caption-attachment-16079\" class=\"wp-caption-text\">Birgit Lund (1934-2024) i unga \u00e5r. Hon gifte sig \u00e5r 1960 med Johan Edvin Karp fr\u00e5n Jungsund, och hon bodde sedan d\u00e4r hela livet.<\/figcaption><\/figure>\n<figure id=\"attachment_2125\" aria-describedby=\"caption-attachment-2125\" style=\"width: 929px\" class=\"wp-caption alignnone\"><img loading=\"lazy\" decoding=\"async\" class=\"size-full wp-image-2125\" src=\"http:\/\/www.lassebacklund.fi\/wp-content\/uploads\/2016\/11\/Lund-Levi-med-cykel-vid-Ulla.jpg\" alt=\"\" width=\"929\" height=\"578\" srcset=\"https:\/\/www.lassebacklund.fi\/wp-content\/uploads\/2016\/11\/Lund-Levi-med-cykel-vid-Ulla.jpg 929w, https:\/\/www.lassebacklund.fi\/wp-content\/uploads\/2016\/11\/Lund-Levi-med-cykel-vid-Ulla-300x187.jpg 300w, https:\/\/www.lassebacklund.fi\/wp-content\/uploads\/2016\/11\/Lund-Levi-med-cykel-vid-Ulla-768x478.jpg 768w\" sizes=\"auto, (max-width: 929px) 100vw, 929px\" \/><figcaption id=\"caption-attachment-2125\" class=\"wp-caption-text\">&#8221;Haga&#8221; Levi Lund ute med sin cykel.<\/figcaption><\/figure>\n<figure id=\"attachment_16080\" aria-describedby=\"caption-attachment-16080\" style=\"width: 1512px\" class=\"wp-caption alignnone\"><img loading=\"lazy\" decoding=\"async\" class=\"size-full wp-image-16080\" src=\"http:\/\/www.lassebacklund.fi\/wp-content\/uploads\/2020\/04\/3-Helge-Lund-med-Egil-och-Levi-p\u00e5-By\u00e5sen.jpg\" alt=\"\" width=\"1512\" height=\"1184\" srcset=\"https:\/\/www.lassebacklund.fi\/wp-content\/uploads\/2020\/04\/3-Helge-Lund-med-Egil-och-Levi-p\u00e5-By\u00e5sen.jpg 1512w, https:\/\/www.lassebacklund.fi\/wp-content\/uploads\/2020\/04\/3-Helge-Lund-med-Egil-och-Levi-p\u00e5-By\u00e5sen-300x235.jpg 300w, https:\/\/www.lassebacklund.fi\/wp-content\/uploads\/2020\/04\/3-Helge-Lund-med-Egil-och-Levi-p\u00e5-By\u00e5sen-1024x802.jpg 1024w, https:\/\/www.lassebacklund.fi\/wp-content\/uploads\/2020\/04\/3-Helge-Lund-med-Egil-och-Levi-p\u00e5-By\u00e5sen-768x601.jpg 768w\" sizes=\"auto, (max-width: 1512px) 100vw, 1512px\" \/><figcaption id=\"caption-attachment-16080\" class=\"wp-caption-text\">Helge Lund fr\u00e5n Munsala till v\u00e4nster h\u00e4lsar p\u00e5 hos kusinerna Egil och Levi Lund p\u00e5 By\u00e5sen.<\/figcaption><\/figure>\n<figure id=\"attachment_16082\" aria-describedby=\"caption-attachment-16082\" style=\"width: 1958px\" class=\"wp-caption alignnone\"><img loading=\"lazy\" decoding=\"async\" class=\"size-full wp-image-16082\" src=\"http:\/\/www.lassebacklund.fi\/wp-content\/uploads\/2020\/04\/3-Levi-Birgot-och-Egil.jpg\" alt=\"\" width=\"1958\" height=\"1512\" srcset=\"https:\/\/www.lassebacklund.fi\/wp-content\/uploads\/2020\/04\/3-Levi-Birgot-och-Egil.jpg 1958w, https:\/\/www.lassebacklund.fi\/wp-content\/uploads\/2020\/04\/3-Levi-Birgot-och-Egil-300x232.jpg 300w, https:\/\/www.lassebacklund.fi\/wp-content\/uploads\/2020\/04\/3-Levi-Birgot-och-Egil-1024x791.jpg 1024w, https:\/\/www.lassebacklund.fi\/wp-content\/uploads\/2020\/04\/3-Levi-Birgot-och-Egil-768x593.jpg 768w, https:\/\/www.lassebacklund.fi\/wp-content\/uploads\/2020\/04\/3-Levi-Birgot-och-Egil-1536x1186.jpg 1536w\" sizes=\"auto, (max-width: 1958px) 100vw, 1958px\" \/><figcaption id=\"caption-attachment-16082\" class=\"wp-caption-text\">Jenny och Leander Lunds barn samlade p\u00e5 By\u00e5sen, fr\u00e5n v\u00e4nster Levi Lund, Birgit Karp och Egil Lund.<\/figcaption><\/figure>\n<figure id=\"attachment_22939\" aria-describedby=\"caption-attachment-22939\" style=\"width: 1210px\" class=\"wp-caption alignnone\"><img loading=\"lazy\" decoding=\"async\" class=\"size-full wp-image-22939\" src=\"https:\/\/www.lassebacklund.fi\/wp-content\/uploads\/2024\/06\/Garden-2024.jpg\" alt=\"\" width=\"1210\" height=\"908\" srcset=\"https:\/\/www.lassebacklund.fi\/wp-content\/uploads\/2024\/06\/Garden-2024.jpg 1210w, https:\/\/www.lassebacklund.fi\/wp-content\/uploads\/2024\/06\/Garden-2024-300x225.jpg 300w, https:\/\/www.lassebacklund.fi\/wp-content\/uploads\/2024\/06\/Garden-2024-1024x768.jpg 1024w, https:\/\/www.lassebacklund.fi\/wp-content\/uploads\/2024\/06\/Garden-2024-768x576.jpg 768w\" sizes=\"auto, (max-width: 1210px) 100vw, 1210px\" \/><figcaption id=\"caption-attachment-22939\" class=\"wp-caption-text\">Stugan fotograferad fr\u00e5n sydv\u00e4st v\u00e5ren 2024.<\/figcaption><\/figure>\n","protected":false},"excerpt":{"rendered":"<p>Sammanst\u00e4llt av Lasse Backlund 2015, med hj\u00e4lp av Egil Lund och J\u00f6rgen Karp.\u00a0\u00a0 Husets historia Den f\u00f6rsta delen av den h\u00e4r stugan byggdes av \u201dHaga\u201d Leander Lund (1912-1989) och hans hustru Jenny (f. \u00d6str\u00f6m i Back 1902 \u2013 1971) i <a class=\"more-link\" href=\"https:\/\/www.lassebacklund.fi\/?page_id=11334\">Forts\u00e4tt l\u00e4sa <span class=\"screen-reader-text\">  \u201dHaga\u201d Leander Lunds stuga p\u00e5 Lisa-Morav\u00e4gen 28<\/span><span class=\"meta-nav\">&rarr;<\/span><\/a><\/p>\n","protected":false},"author":1,"featured_media":0,"parent":80,"menu_order":28,"comment_status":"closed","ping_status":"closed","template":"","meta":{"footnotes":""},"class_list":["post-11334","page","type-page","status-publish","hentry"],"_links":{"self":[{"href":"https:\/\/www.lassebacklund.fi\/index.php?rest_route=\/wp\/v2\/pages\/11334","targetHints":{"allow":["GET"]}}],"collection":[{"href":"https:\/\/www.lassebacklund.fi\/index.php?rest_route=\/wp\/v2\/pages"}],"about":[{"href":"https:\/\/www.lassebacklund.fi\/index.php?rest_route=\/wp\/v2\/types\/page"}],"author":[{"embeddable":true,"href":"https:\/\/www.lassebacklund.fi\/index.php?rest_route=\/wp\/v2\/users\/1"}],"replies":[{"embeddable":true,"href":"https:\/\/www.lassebacklund.fi\/index.php?rest_route=%2Fwp%2Fv2%2Fcomments&post=11334"}],"version-history":[{"count":19,"href":"https:\/\/www.lassebacklund.fi\/index.php?rest_route=\/wp\/v2\/pages\/11334\/revisions"}],"predecessor-version":[{"id":25870,"href":"https:\/\/www.lassebacklund.fi\/index.php?rest_route=\/wp\/v2\/pages\/11334\/revisions\/25870"}],"up":[{"embeddable":true,"href":"https:\/\/www.lassebacklund.fi\/index.php?rest_route=\/wp\/v2\/pages\/80"}],"wp:attachment":[{"href":"https:\/\/www.lassebacklund.fi\/index.php?rest_route=%2Fwp%2Fv2%2Fmedia&parent=11334"}],"curies":[{"name":"wp","href":"https:\/\/api.w.org\/{rel}","templated":true}]}}