{"id":1083,"date":"2016-10-13T22:52:59","date_gmt":"2016-10-13T20:52:59","guid":{"rendered":"http:\/\/www.lassebacklund.fi\/?page_id=1083"},"modified":"2019-03-15T21:21:24","modified_gmt":"2019-03-15T19:21:24","slug":"berattelsen-om-sofia-marttila","status":"publish","type":"page","link":"https:\/\/www.lassebacklund.fi\/?page_id=1083","title":{"rendered":"Ber\u00e4ttelsen om Sofia Marttila."},"content":{"rendered":"<p><span style=\"color: #000080;\">Uppgjort av Lasse Backlund 2016, med hj\u00e4lp av Rolf Sj\u00f6berg.<\/span><\/p>\n<p>Amanda <strong>Sofia<\/strong> Johansdotter f\u00f6ddes i Eura\u00e5minne \u00e5r 1860 i byn Huhdankyl\u00e4 och hon gifte sig \u00e5r 1877, d\u00e5 hon var i 17-\u00e5rs\u00e5ldern med Frans Pihlman eller Marttila, f\u00f6dd \u00e5r 1848 och som var son till Maria Christina Gustavsdotter, f\u00f6dd 1827 i Eura\u00e5minne. D\u00e5 Frans var 2 \u00e5r gammal s\u00e5 gifte mamman Maria Christina sig med Huhtistorparen Johan Vilhelm Johansson, f\u00f6dd i Veiklaks i Eura\u00e5minne \u00e5r 1827 och de fick sedan 8 barn tillsammans, f\u00f6rutom Frans. Frans var f\u00f6dd i Huhtis by p\u00e5 Gamla Marttila.<\/p>\n<p>\u00c5r 1893 flyttade Frans Pihlman eller Marttila och hans hustru Sofia till B\u00f6tom, m\u00f6jligtvis till Ohriluoma och de tog med sig sina 4 d\u00f6ttrar:<\/p>\n<p>&#8211;<strong>Hilma Sofia Marttila<\/strong> f\u00f6dd 28\/6 1883 i Eura\u00e5minne emigrerade till Kanada 12.1 1903, i 19 \u00e5rs \u00e5lder. Till hennes f\u00f6rmyndare uts\u00e5gs Emil Backlund och efter hans d\u00f6d uts\u00e5gs sonen Ragnar Backlund till f\u00f6rmyndare. D\u00f6df\u00f6rklarad av Lappfj\u00e4rds f\u00f6rsamling 1\/1 1993.<\/p>\n<p><strong>-Berta Fransisca Pihlman<\/strong> f\u00f6dd 2.10.1885 i Huhtis i Eura\u00e5minne. Emigrerade till Kanada 17.10.1907, i 22 \u00e5rs \u00e5lder.<\/p>\n<p>&#8211;<strong>Amanda Maria Marttila<\/strong> f\u00f6dd den 15.4.1888 i Eura\u00e5minne. Emigrerade till Kanada 6.4.1911, i 23 \u00e5rs \u00e5lder. Hon gifte sig d\u00e4r i Ontario, Sudbury, Coppercliff och fick som efternamn Hill. Mandy dog i Kanada den 29.6.1971.<\/p>\n<p><strong>-Elsa Alexandra Marttila<\/strong> f\u00f6dd den 13.4.1892 i Eura\u00e5minne. Emigrerade till Kanada 17.10.1910 (18 \u00e5r) och d\u00f6df\u00f6rklarades av Lappfj\u00e4rds f\u00f6rsamling 1\/1 1993.<\/p>\n<p>I B\u00f6tom f\u00f6ddes sonen Frans Artur 1898. Denne dog i Lappfj\u00e4rd 1933 ogift och barnl\u00f6s. D\u00e4r f\u00f6ddes ocks\u00e5 dottern Tyyne Elvira \u00e5r 1901. \u00c5r 1907 flyttade familjen till Dagsmark och \u00e5r 1912 s\u00e5 k\u00f6pte Frans och Sofia Marttila h\u00e4lften av hemmanet H\u00e4gglund, som fanns p\u00e5 Storkull hemman och omfattade 1\/48 mantal. Men d\u00e5 Frans dog i oktober 1914 s\u00e5 blev \u00e4nkan Sofia tvungen att i april \u00e5r 1915 s\u00e4lja hemmanet, som allts\u00e5 l\u00e5g i Palon, \u00e5t Frans och Amanda Luoma. Frans och Amanda Luoma som var fr\u00e5n Stor\u00e5 hade ett \u00e5r tidigare k\u00f6pt ett annat hemman i n\u00e4rheten.<\/p>\n<figure id=\"attachment_7321\" aria-describedby=\"caption-attachment-7321\" style=\"width: 350px\" class=\"wp-caption aligncenter\"><img loading=\"lazy\" decoding=\"async\" class=\"size-full wp-image-7321\" src=\"http:\/\/www.lassebacklund.fi\/wp-content\/uploads\/2018\/02\/19150327-Sofia-Marttila-s\u00e4ljer-del-av-Storkull-hemman.jpg\" alt=\"Efter att Frans dog s\u00e4ljer \u00e4nkan Sofia Marttila hemmanet i Palon \u00e5t Luoma.\" width=\"350\" height=\"293\" srcset=\"https:\/\/www.lassebacklund.fi\/wp-content\/uploads\/2018\/02\/19150327-Sofia-Marttila-s\u00e4ljer-del-av-Storkull-hemman.jpg 350w, https:\/\/www.lassebacklund.fi\/wp-content\/uploads\/2018\/02\/19150327-Sofia-Marttila-s\u00e4ljer-del-av-Storkull-hemman-300x251.jpg 300w\" sizes=\"auto, (max-width: 350px) 100vw, 350px\" \/><figcaption id=\"caption-attachment-7321\" class=\"wp-caption-text\">Efter att Frans dog s\u00e4ljer \u00e4nkan Sofia Marttila hemmanet i Palon \u00e5t Luoma.<\/figcaption><\/figure>\n<p>Sofias \u00e4ldre d\u00f6ttrar hade ju allesammans emigrerat till Kanada men Sofia och barnen Frans Artur och Tyyne flyttade d\u00e5 till Korsb\u00e4ckv\u00e4gen 40, till det hus som vi kallar f\u00f6r Ahlbergas. \u00c5r 1917 d\u00f6ptes denna l\u00e4genhet till Marttila, som den heter \u00e4nnu i dag. Efter att Sofia hade d\u00f6tt i augusti 1918, s\u00e5 s\u00e5ldes g\u00e5rden p\u00e5 Korsb\u00e4ckv\u00e4gen \u00e5t Josef och Sofia Lillsj\u00f6, allts\u00e5 Lillsj\u00f6-Bagarin i oktober 1918.<\/p>\n<p>Tyyne Marttila gifte sig med Lennart Sj\u00f6berg, f\u00f6dd 1899 i G\u00e4ddvik i Sideby. \u00c4nnu medan Tyyne och Lennart bodde n\u00e5gonstans i Dagsmark fick de barnen Eskil Sj\u00f6berg, f. 1921 och Astrid, f. 1923, men efter det flyttade de till Vestervik i Sideby. En dotter Saga Elvira f\u00f6ddes d\u00e4r 1927 men hon dog f\u00f6ljande \u00e5r. Stora systern Astrid gifte sig med en \u00c5kerman i \u00d6vermark och hon dog d\u00e4r 2013.<\/p>\n<p>Tyyne dog \u00e5r 1948 och \u00e4nklingen Lennart gifte d\u00e5 om sig med Ida R\u00f6nnblad (1903-1974) fr\u00e5n Korsb\u00e4ck. Ida var dotter till Henrik R\u00f6nnblad (1863-1974) och som kallades \u201dHolmbergas-Hindrik\u201d och hon f\u00f6ddes i den g\u00e5rd d\u00e4r P. Hammarberg bor i dag. De fick inga barn.<\/p>\n<figure id=\"attachment_1082\" aria-describedby=\"caption-attachment-1082\" style=\"width: 918px\" class=\"wp-caption aligncenter\"><img loading=\"lazy\" decoding=\"async\" class=\"size-full wp-image-1082\" src=\"http:\/\/www.lassebacklund.fi\/wp-content\/uploads\/2016\/10\/Sj\u00f6berg-Lennart-och-Ida.jpg\" alt=\"H\u00e4r p\u00e5 bilden st\u00e5r Lennart Sj\u00f6berg tillsammans med sin andra hustru Ida, som var fr\u00e5n Holmbergas i Korsb\u00e4ck. Ida var sjuklig och led av reumatism, men var k\u00e4nd som en mycket sn\u00e4ll tant, som helst satt d\u00e4r inne och eldade i spisen.\" width=\"918\" height=\"598\" srcset=\"https:\/\/www.lassebacklund.fi\/wp-content\/uploads\/2016\/10\/Sj\u00f6berg-Lennart-och-Ida.jpg 918w, https:\/\/www.lassebacklund.fi\/wp-content\/uploads\/2016\/10\/Sj\u00f6berg-Lennart-och-Ida-300x195.jpg 300w, https:\/\/www.lassebacklund.fi\/wp-content\/uploads\/2016\/10\/Sj\u00f6berg-Lennart-och-Ida-768x500.jpg 768w\" sizes=\"auto, (max-width: 918px) 100vw, 918px\" \/><figcaption id=\"caption-attachment-1082\" class=\"wp-caption-text\">H\u00e4r p\u00e5 bilden st\u00e5r Lennart Sj\u00f6berg tillsammans med sin andra hustru Ida, som var fr\u00e5n Holmbergas i Korsb\u00e4ck. Ida var sjuklig och led av reumatism, men var k\u00e4nd som en mycket sn\u00e4ll tant, som helst satt d\u00e4r inne och eldade i spisen.<\/figcaption><\/figure>\n<p>Huset p\u00e5 bilden f\u00f6rst\u00f6rdes i en brand 1961. Det var en stormig h\u00f6stdag och huset brann ned till grunden, liksom h\u00e4rbret som l\u00e5g i vindriktningen. Det enda som klarade sig var den tomma ladug\u00e5rden, som var relativt stor men de hade inga djur mera d\u00e5 detta h\u00e4nde. Den h\u00e4r branden tog h\u00e5rt p\u00e5 Lennart och den nya g\u00e5rden som han byggde blev aldrig riktigt f\u00e4rdig utan de bodde endast i k\u00f6ket. Utv\u00e4ndigt var ocks\u00e5 huset halvf\u00e4rdigt och det revs sedan f\u00f6r att ge plats f\u00f6r ett nyare hus.<\/p>\n","protected":false},"excerpt":{"rendered":"<p>Uppgjort av Lasse Backlund 2016, med hj\u00e4lp av Rolf Sj\u00f6berg. Amanda Sofia Johansdotter f\u00f6ddes i Eura\u00e5minne \u00e5r 1860 i byn Huhdankyl\u00e4 och hon gifte sig \u00e5r 1877, d\u00e5 hon var i 17-\u00e5rs\u00e5ldern med Frans Pihlman eller Marttila, f\u00f6dd \u00e5r 1848 <a class=\"more-link\" href=\"https:\/\/www.lassebacklund.fi\/?page_id=1083\">Forts\u00e4tt l\u00e4sa <span class=\"screen-reader-text\">  Ber\u00e4ttelsen om Sofia Marttila.<\/span><span class=\"meta-nav\">&rarr;<\/span><\/a><\/p>\n","protected":false},"author":1,"featured_media":0,"parent":1079,"menu_order":0,"comment_status":"closed","ping_status":"closed","template":"","meta":{"footnotes":""},"class_list":["post-1083","page","type-page","status-publish","hentry"],"_links":{"self":[{"href":"https:\/\/www.lassebacklund.fi\/index.php?rest_route=\/wp\/v2\/pages\/1083","targetHints":{"allow":["GET"]}}],"collection":[{"href":"https:\/\/www.lassebacklund.fi\/index.php?rest_route=\/wp\/v2\/pages"}],"about":[{"href":"https:\/\/www.lassebacklund.fi\/index.php?rest_route=\/wp\/v2\/types\/page"}],"author":[{"embeddable":true,"href":"https:\/\/www.lassebacklund.fi\/index.php?rest_route=\/wp\/v2\/users\/1"}],"replies":[{"embeddable":true,"href":"https:\/\/www.lassebacklund.fi\/index.php?rest_route=%2Fwp%2Fv2%2Fcomments&post=1083"}],"version-history":[{"count":4,"href":"https:\/\/www.lassebacklund.fi\/index.php?rest_route=\/wp\/v2\/pages\/1083\/revisions"}],"predecessor-version":[{"id":11627,"href":"https:\/\/www.lassebacklund.fi\/index.php?rest_route=\/wp\/v2\/pages\/1083\/revisions\/11627"}],"up":[{"embeddable":true,"href":"https:\/\/www.lassebacklund.fi\/index.php?rest_route=\/wp\/v2\/pages\/1079"}],"wp:attachment":[{"href":"https:\/\/www.lassebacklund.fi\/index.php?rest_route=%2Fwp%2Fv2%2Fmedia&parent=1083"}],"curies":[{"name":"wp","href":"https:\/\/api.w.org\/{rel}","templated":true}]}}