{"id":10755,"date":"2018-12-17T22:24:13","date_gmt":"2018-12-17T21:24:13","guid":{"rendered":"http:\/\/www.lassebacklund.fi\/?page_id=10755"},"modified":"2018-12-17T22:39:22","modified_gmt":"2018-12-17T21:39:22","slug":"sohs-50-ars-fest-i-tjock-ar-1958","status":"publish","type":"page","link":"https:\/\/www.lassebacklund.fi\/?page_id=10755","title":{"rendered":"S\u00d6H:s 50-\u00e5rs fest i Tj\u00f6ck \u00e5r 1958."},"content":{"rendered":"<p><span style=\"margin: 0px; color: #000080; font-family: 'Helvetica','sans-serif';\">Sammanst\u00e4llt av Lasse Backlund i december 2018. Fotografierna \u00e4r tagna ur Syd\u00f6sterbottens handelslags 50-\u00e5rs bok, som Kjell Rosenback fr\u00e5n Lappfj\u00e4rd st\u00e4llt till f\u00f6rfogande.<\/span><\/p>\n<p><span style=\"margin: 0px; font-family: 'Helvetica','sans-serif';\"><span style=\"color: #000000;\">D\u00e5 50 \u00e5r hade f\u00f6rflutit sedan Tj\u00f6ck handelslag \u00f6ppnade sin f\u00f6rsta aff\u00e4r i Josef Erlunds lillstuga, s\u00e5 st\u00e4llde Syd\u00f6sterbottens handelslag till med ett 50-\u00e5rs fest p\u00e5 ungdomslokalen i Tj\u00f6ck. Platsen var den b\u00e4sta m\u00f6jliga, eftersom det var h\u00e4r som allting b\u00f6rjade i tiderna.<\/span><\/span><\/p>\n<figure id=\"attachment_10737\" aria-describedby=\"caption-attachment-10737\" style=\"width: 603px\" class=\"wp-caption aligncenter\"><img loading=\"lazy\" decoding=\"async\" class=\" wp-image-10737\" src=\"http:\/\/www.lassebacklund.fi\/wp-content\/uploads\/2018\/12\/83.jpg\" alt=\"\" width=\"603\" height=\"508\" srcset=\"https:\/\/www.lassebacklund.fi\/wp-content\/uploads\/2018\/12\/83.jpg 1493w, https:\/\/www.lassebacklund.fi\/wp-content\/uploads\/2018\/12\/83-300x253.jpg 300w, https:\/\/www.lassebacklund.fi\/wp-content\/uploads\/2018\/12\/83-768x647.jpg 768w, https:\/\/www.lassebacklund.fi\/wp-content\/uploads\/2018\/12\/83-1024x863.jpg 1024w\" sizes=\"auto, (max-width: 603px) 100vw, 603px\" \/><figcaption id=\"caption-attachment-10737\" class=\"wp-caption-text\">Festen arrangerades s\u00f6ndagen den 16 november 1958 p\u00e5 kv\u00e4llen.<\/figcaption><\/figure>\n<p><span style=\"margin: 0px; font-family: 'Helvetica','sans-serif';\"><span style=\"color: #000000;\">D\u00e5 festen inleddes var lokalen v\u00e4lfylld och programmet inleddes med s\u00e5ngen \u201dJag \u00e4lskar min hembygd\u201d.<\/span><\/span><\/p>\n<figure id=\"attachment_10738\" aria-describedby=\"caption-attachment-10738\" style=\"width: 1711px\" class=\"wp-caption aligncenter\"><img loading=\"lazy\" decoding=\"async\" class=\"size-full wp-image-10738\" src=\"http:\/\/www.lassebacklund.fi\/wp-content\/uploads\/2018\/12\/84.jpg\" alt=\"\" width=\"1711\" height=\"1050\" srcset=\"https:\/\/www.lassebacklund.fi\/wp-content\/uploads\/2018\/12\/84.jpg 1711w, https:\/\/www.lassebacklund.fi\/wp-content\/uploads\/2018\/12\/84-300x184.jpg 300w, https:\/\/www.lassebacklund.fi\/wp-content\/uploads\/2018\/12\/84-768x471.jpg 768w, https:\/\/www.lassebacklund.fi\/wp-content\/uploads\/2018\/12\/84-1024x628.jpg 1024w\" sizes=\"auto, (max-width: 1711px) 100vw, 1711px\" \/><figcaption id=\"caption-attachment-10738\" class=\"wp-caption-text\">Festsalen var vackert dekorerad.<span style=\"margin: 0px; font-family: 'Helvetica','sans-serif';\"><span style=\"color: #000000;\">\u00a0<\/span><\/span><\/figcaption><\/figure>\n<figure id=\"attachment_10739\" aria-describedby=\"caption-attachment-10739\" style=\"width: 1660px\" class=\"wp-caption aligncenter\"><img loading=\"lazy\" decoding=\"async\" class=\"size-full wp-image-10739\" src=\"http:\/\/www.lassebacklund.fi\/wp-content\/uploads\/2018\/12\/85.jpg\" alt=\"\" width=\"1660\" height=\"1176\" srcset=\"https:\/\/www.lassebacklund.fi\/wp-content\/uploads\/2018\/12\/85.jpg 1660w, https:\/\/www.lassebacklund.fi\/wp-content\/uploads\/2018\/12\/85-300x213.jpg 300w, https:\/\/www.lassebacklund.fi\/wp-content\/uploads\/2018\/12\/85-768x544.jpg 768w, https:\/\/www.lassebacklund.fi\/wp-content\/uploads\/2018\/12\/85-1024x725.jpg 1024w\" sizes=\"auto, (max-width: 1660px) 100vw, 1660px\" \/><figcaption id=\"caption-attachment-10739\" class=\"wp-caption-text\">F\u00f6rvaltningsr\u00e5dets ordf\u00f6rande Runar Storsj\u00f6 h\u00f6ll h\u00e4lsningstalet och han p\u00e5minde om att handelslaget inte bildades f\u00f6r n\u00e5got sj\u00e4lv\u00e4ndam\u00e5l och han po\u00e4ngterade kooperationens ideella syften. Efter h\u00e4lsningstalet spelade Thure Hinds ett par stycken p\u00e5 piano.<\/figcaption><\/figure>\n<figure id=\"attachment_10740\" aria-describedby=\"caption-attachment-10740\" style=\"width: 1820px\" class=\"wp-caption alignnone\"><img loading=\"lazy\" decoding=\"async\" class=\"size-full wp-image-10740\" src=\"http:\/\/www.lassebacklund.fi\/wp-content\/uploads\/2018\/12\/86.jpg\" alt=\"\" width=\"1820\" height=\"1345\" srcset=\"https:\/\/www.lassebacklund.fi\/wp-content\/uploads\/2018\/12\/86.jpg 1820w, https:\/\/www.lassebacklund.fi\/wp-content\/uploads\/2018\/12\/86-300x222.jpg 300w, https:\/\/www.lassebacklund.fi\/wp-content\/uploads\/2018\/12\/86-768x568.jpg 768w, https:\/\/www.lassebacklund.fi\/wp-content\/uploads\/2018\/12\/86-1024x757.jpg 1024w\" sizes=\"auto, (max-width: 1820px) 100vw, 1820px\" \/><figcaption id=\"caption-attachment-10740\" class=\"wp-caption-text\">Efter Thure Hinds l\u00e4ste Torvald Hohenthal en dikt av Jacob Tegengren. Efter det s\u00e5 sj\u00f6ng Kristinestads mansk\u00f6r ett par s\u00e5nger under ledning av Gunnar Carlsson.<\/figcaption><\/figure>\n<figure id=\"attachment_10741\" aria-describedby=\"caption-attachment-10741\" style=\"width: 1760px\" class=\"wp-caption aligncenter\"><img loading=\"lazy\" decoding=\"async\" class=\"size-full wp-image-10741\" src=\"http:\/\/www.lassebacklund.fi\/wp-content\/uploads\/2018\/12\/87.jpg\" alt=\"\" width=\"1760\" height=\"1272\" srcset=\"https:\/\/www.lassebacklund.fi\/wp-content\/uploads\/2018\/12\/87.jpg 1760w, https:\/\/www.lassebacklund.fi\/wp-content\/uploads\/2018\/12\/87-300x217.jpg 300w, https:\/\/www.lassebacklund.fi\/wp-content\/uploads\/2018\/12\/87-768x555.jpg 768w, https:\/\/www.lassebacklund.fi\/wp-content\/uploads\/2018\/12\/87-1024x740.jpg 1024w\" sizes=\"auto, (max-width: 1760px) 100vw, 1760px\" \/><figcaption id=\"caption-attachment-10741\" class=\"wp-caption-text\">Den vidtalade festtalaren, lantbruksr\u00e5det Uno Fors hade insjuknat och i hans st\u00e4lle intr\u00e4dde redakt\u00f6r Bengt Rajalin fr\u00e5n Helsingfors. Han ber\u00e4ttade om kooperationens andemening och sade att detta handelslags historia \u00e4r en hj\u00e4ltesaga i modern tid. Han talade ocks\u00e5 om kooperationens fyra h\u00f6rnstenar, n\u00e4mligen \u00f6ppet medlemsskap, demokratisk f\u00f6rvaltning, begr\u00e4nsad r\u00e4nta p\u00e5 insatskapitalet och f\u00f6rdelning av vinst i f\u00f6rh\u00e5llande till gjorda ink\u00f6p. Han avslutade med att s\u00e4ga att samarbetets och samf\u00f6rst\u00e5ndets v\u00e4g \u00e4r b\u00e4ttre \u00e4n kampens och stridens.<\/figcaption><\/figure>\n<p><span style=\"margin: 0px; font-family: 'Helvetica','sans-serif';\"><span style=\"color: #000000;\">Efter festtalet f\u00f6ljde en paus, d\u00e4r g\u00e4sterna bj\u00f6ds p\u00e5 kaffe och sm\u00f6rg\u00e5sar, som avnj\u00f6ts av d\u00e4mpad musik av orkestern Rythm.<\/span><\/span><\/p>\n<figure id=\"attachment_10742\" aria-describedby=\"caption-attachment-10742\" style=\"width: 1891px\" class=\"wp-caption aligncenter\"><img loading=\"lazy\" decoding=\"async\" class=\"size-full wp-image-10742\" src=\"http:\/\/www.lassebacklund.fi\/wp-content\/uploads\/2018\/12\/88.jpg\" alt=\"\" width=\"1891\" height=\"1129\" srcset=\"https:\/\/www.lassebacklund.fi\/wp-content\/uploads\/2018\/12\/88.jpg 1891w, https:\/\/www.lassebacklund.fi\/wp-content\/uploads\/2018\/12\/88-300x179.jpg 300w, https:\/\/www.lassebacklund.fi\/wp-content\/uploads\/2018\/12\/88-768x459.jpg 768w, https:\/\/www.lassebacklund.fi\/wp-content\/uploads\/2018\/12\/88-1024x611.jpg 1024w\" sizes=\"auto, (max-width: 1891px) 100vw, 1891px\" \/><figcaption id=\"caption-attachment-10742\" class=\"wp-caption-text\">Efter pausen f\u00f6redrog Axel Uppstu den 50-\u00e5rs historik, som han sj\u00e4lv hade f\u00f6rfattat.<\/figcaption><\/figure>\n<p><span style=\"margin: 0px; font-family: 'Helvetica','sans-serif';\"><span style=\"color: #000000;\">\u00a0<\/span><\/span><span style=\"margin: 0px; font-family: 'Helvetica','sans-serif';\"><span style=\"color: #000000;\">Om du vill l\u00e4sa Axels historik, s\u00e5 skall du klicka <a href=\"http:\/\/www.lassebacklund.fi\/?page_id=10706\"><span style=\"text-decoration: underline;\"><span style=\"color: #000080; text-decoration: underline;\"><strong>H\u00c4R!<\/strong> <\/span><\/span><\/a>D\u00e4r hittar du ocks\u00e5 m\u00e5nga fina foton.<\/span><\/span><\/p>\n<figure id=\"attachment_10743\" aria-describedby=\"caption-attachment-10743\" style=\"width: 1908px\" class=\"wp-caption aligncenter\"><img loading=\"lazy\" decoding=\"async\" class=\"size-full wp-image-10743\" src=\"http:\/\/www.lassebacklund.fi\/wp-content\/uploads\/2018\/12\/89.jpg\" alt=\"\" width=\"1908\" height=\"1152\" srcset=\"https:\/\/www.lassebacklund.fi\/wp-content\/uploads\/2018\/12\/89.jpg 1908w, https:\/\/www.lassebacklund.fi\/wp-content\/uploads\/2018\/12\/89-300x181.jpg 300w, https:\/\/www.lassebacklund.fi\/wp-content\/uploads\/2018\/12\/89-768x464.jpg 768w, https:\/\/www.lassebacklund.fi\/wp-content\/uploads\/2018\/12\/89-1024x618.jpg 1024w\" sizes=\"auto, (max-width: 1908px) 100vw, 1908px\" \/><figcaption id=\"caption-attachment-10743\" class=\"wp-caption-text\">Efter historiken passade verkst\u00e4llande direkt\u00f6ren Bruno Westerlund p\u00e5 att tacka lagerf\u00f6rest\u00e5ndaren Erland Gr\u00f6nlund f\u00f6r 30 \u00e5rs trogen tj\u00e4nst. Erland fick som present en l\u00e4nstol med silverplakett fr\u00e5n SOK-f\u00f6retaget Vakiopuu.<\/figcaption><\/figure>\n<figure id=\"attachment_10744\" aria-describedby=\"caption-attachment-10744\" style=\"width: 1761px\" class=\"wp-caption aligncenter\"><img loading=\"lazy\" decoding=\"async\" class=\"size-full wp-image-10744\" src=\"http:\/\/www.lassebacklund.fi\/wp-content\/uploads\/2018\/12\/90.jpg\" alt=\"\" width=\"1761\" height=\"1222\" srcset=\"https:\/\/www.lassebacklund.fi\/wp-content\/uploads\/2018\/12\/90.jpg 1761w, https:\/\/www.lassebacklund.fi\/wp-content\/uploads\/2018\/12\/90-300x208.jpg 300w, https:\/\/www.lassebacklund.fi\/wp-content\/uploads\/2018\/12\/90-768x533.jpg 768w, https:\/\/www.lassebacklund.fi\/wp-content\/uploads\/2018\/12\/90-1024x711.jpg 1024w\" sizes=\"auto, (max-width: 1761px) 100vw, 1761px\" \/><figcaption id=\"caption-attachment-10744\" class=\"wp-caption-text\">Sedan spelade Tj\u00f6ck spelmanslag, som i tiderna var ortens trumfess i festliga sammanhang n\u00e5gra l\u00e5tar, bland annat G\u00e4rdebyl\u00e5ten, Menuett fr\u00e5n Tj\u00f6ck och Amerikavalsen. Speciellt f\u00f6r jubilaren spelade de ocks\u00e5 Lyck\u00f6nskon.<\/figcaption><\/figure>\n<figure id=\"attachment_10754\" aria-describedby=\"caption-attachment-10754\" style=\"width: 2000px\" class=\"wp-caption aligncenter\"><img loading=\"lazy\" decoding=\"async\" class=\"size-full wp-image-10754\" src=\"http:\/\/www.lassebacklund.fi\/wp-content\/uploads\/2018\/12\/Runar-Storsj\u00f6.-Bruno-Westerlund-och-Helge-Ulfvens-i-Tj\u00f6ck-\u00e5r-1958.jpg\" alt=\"\" width=\"2000\" height=\"1241\" srcset=\"https:\/\/www.lassebacklund.fi\/wp-content\/uploads\/2018\/12\/Runar-Storsj\u00f6.-Bruno-Westerlund-och-Helge-Ulfvens-i-Tj\u00f6ck-\u00e5r-1958.jpg 2000w, https:\/\/www.lassebacklund.fi\/wp-content\/uploads\/2018\/12\/Runar-Storsj\u00f6.-Bruno-Westerlund-och-Helge-Ulfvens-i-Tj\u00f6ck-\u00e5r-1958-300x186.jpg 300w, https:\/\/www.lassebacklund.fi\/wp-content\/uploads\/2018\/12\/Runar-Storsj\u00f6.-Bruno-Westerlund-och-Helge-Ulfvens-i-Tj\u00f6ck-\u00e5r-1958-768x477.jpg 768w, https:\/\/www.lassebacklund.fi\/wp-content\/uploads\/2018\/12\/Runar-Storsj\u00f6.-Bruno-Westerlund-och-Helge-Ulfvens-i-Tj\u00f6ck-\u00e5r-1958-1024x635.jpg 1024w\" sizes=\"auto, (max-width: 2000px) 100vw, 2000px\" \/><figcaption id=\"caption-attachment-10754\" class=\"wp-caption-text\">Till v\u00e4nster f\u00f6rvaltningsr\u00e5dets ordf\u00f6rande Runar Storsj\u00f6 bredvid den avg\u00e5ende verkst\u00e4llande direkt\u00f6ren Bruno Westerlund. Mannen till h\u00f6ger med glas\u00f6gon \u00e4r den blivande verkst\u00e4llande direkt\u00f6ren Helge Ulfvens.<\/figcaption><\/figure>\n<figure id=\"attachment_10745\" aria-describedby=\"caption-attachment-10745\" style=\"width: 1866px\" class=\"wp-caption aligncenter\"><img loading=\"lazy\" decoding=\"async\" class=\"size-full wp-image-10745\" src=\"http:\/\/www.lassebacklund.fi\/wp-content\/uploads\/2018\/12\/91.jpg\" alt=\"\" width=\"1866\" height=\"1106\" srcset=\"https:\/\/www.lassebacklund.fi\/wp-content\/uploads\/2018\/12\/91.jpg 1866w, https:\/\/www.lassebacklund.fi\/wp-content\/uploads\/2018\/12\/91-300x178.jpg 300w, https:\/\/www.lassebacklund.fi\/wp-content\/uploads\/2018\/12\/91-768x455.jpg 768w, https:\/\/www.lassebacklund.fi\/wp-content\/uploads\/2018\/12\/91-1024x607.jpg 1024w\" sizes=\"auto, (max-width: 1866px) 100vw, 1866px\" \/><figcaption id=\"caption-attachment-10745\" class=\"wp-caption-text\">Programledaren Ivar Lillandt f\u00f6rklarade nu ordet fritt och flera gratulanter stod i k\u00f6 f\u00f6r att hylla jubilaren.<\/figcaption><\/figure>\n<figure id=\"attachment_10746\" aria-describedby=\"caption-attachment-10746\" style=\"width: 1780px\" class=\"wp-caption aligncenter\"><img loading=\"lazy\" decoding=\"async\" class=\"size-full wp-image-10746\" src=\"http:\/\/www.lassebacklund.fi\/wp-content\/uploads\/2018\/12\/92.jpg\" alt=\"\" width=\"1780\" height=\"1202\" srcset=\"https:\/\/www.lassebacklund.fi\/wp-content\/uploads\/2018\/12\/92.jpg 1780w, https:\/\/www.lassebacklund.fi\/wp-content\/uploads\/2018\/12\/92-300x203.jpg 300w, https:\/\/www.lassebacklund.fi\/wp-content\/uploads\/2018\/12\/92-768x519.jpg 768w, https:\/\/www.lassebacklund.fi\/wp-content\/uploads\/2018\/12\/92-1024x691.jpg 1024w\" sizes=\"auto, (max-width: 1780px) 100vw, 1780px\" \/><figcaption id=\"caption-attachment-10746\" class=\"wp-caption-text\">F\u00f6rst ut att gratulera var Kalle Troberg och O. E. Langh som \u00f6verr\u00e4ckte en hyllningsadress fr\u00e5n centrallaget SOK. Till v\u00e4nster st\u00e5r Runar Storsj\u00f6 och Bruno Westerlund och lyssnar.<\/figcaption><\/figure>\n<figure id=\"attachment_10747\" aria-describedby=\"caption-attachment-10747\" style=\"width: 1748px\" class=\"wp-caption aligncenter\"><img loading=\"lazy\" decoding=\"async\" class=\"size-full wp-image-10747\" src=\"http:\/\/www.lassebacklund.fi\/wp-content\/uploads\/2018\/12\/93.jpg\" alt=\"\" width=\"1748\" height=\"1163\" srcset=\"https:\/\/www.lassebacklund.fi\/wp-content\/uploads\/2018\/12\/93.jpg 1748w, https:\/\/www.lassebacklund.fi\/wp-content\/uploads\/2018\/12\/93-300x200.jpg 300w, https:\/\/www.lassebacklund.fi\/wp-content\/uploads\/2018\/12\/93-768x511.jpg 768w, https:\/\/www.lassebacklund.fi\/wp-content\/uploads\/2018\/12\/93-1024x681.jpg 1024w\" sizes=\"auto, (max-width: 1748px) 100vw, 1748px\" \/><figcaption id=\"caption-attachment-10747\" class=\"wp-caption-text\">F\u00f6ljande var Sigurd Glad som representerade b\u00e5de Finlands svenska andelsf\u00f6rbund och Centrallaget Labor. Han \u00f6verl\u00e4mnade en f\u00f6rtj\u00e4nstplakett som tack f\u00f6r resultatrik verksamhet under 50 \u00e5r.<\/figcaption><\/figure>\n<figure id=\"attachment_10748\" aria-describedby=\"caption-attachment-10748\" style=\"width: 1309px\" class=\"wp-caption aligncenter\"><img loading=\"lazy\" decoding=\"async\" class=\"size-full wp-image-10748\" src=\"http:\/\/www.lassebacklund.fi\/wp-content\/uploads\/2018\/12\/94.jpg\" alt=\"\" width=\"1309\" height=\"1215\" srcset=\"https:\/\/www.lassebacklund.fi\/wp-content\/uploads\/2018\/12\/94.jpg 1309w, https:\/\/www.lassebacklund.fi\/wp-content\/uploads\/2018\/12\/94-300x278.jpg 300w, https:\/\/www.lassebacklund.fi\/wp-content\/uploads\/2018\/12\/94-768x713.jpg 768w, https:\/\/www.lassebacklund.fi\/wp-content\/uploads\/2018\/12\/94-1024x950.jpg 1024w\" sizes=\"auto, (max-width: 1309px) 100vw, 1309px\" \/><figcaption id=\"caption-attachment-10748\" class=\"wp-caption-text\">F\u00f6ljande uppvaktare var Runar Porander fr\u00e5n Lappfj\u00e4rd som framf\u00f6rde h\u00e4lsningar b\u00e5de fr\u00e5n Lappfj\u00e4rd Andelshandel och Syd\u00f6sterbottens andelsmejeri.<\/figcaption><\/figure>\n<figure id=\"attachment_10749\" aria-describedby=\"caption-attachment-10749\" style=\"width: 1709px\" class=\"wp-caption aligncenter\"><img loading=\"lazy\" decoding=\"async\" class=\"size-full wp-image-10749\" src=\"http:\/\/www.lassebacklund.fi\/wp-content\/uploads\/2018\/12\/95.jpg\" alt=\"\" width=\"1709\" height=\"1228\" srcset=\"https:\/\/www.lassebacklund.fi\/wp-content\/uploads\/2018\/12\/95.jpg 1709w, https:\/\/www.lassebacklund.fi\/wp-content\/uploads\/2018\/12\/95-300x216.jpg 300w, https:\/\/www.lassebacklund.fi\/wp-content\/uploads\/2018\/12\/95-768x552.jpg 768w, https:\/\/www.lassebacklund.fi\/wp-content\/uploads\/2018\/12\/95-1024x736.jpg 1024w\" sizes=\"auto, (max-width: 1709px) 100vw, 1709px\" \/><figcaption id=\"caption-attachment-10749\" class=\"wp-caption-text\">Direkt\u00f6r Tor V\u00f6rlund fr\u00e5n Hankkijas kontor i Vasa uppvaktade med blommor.<br \/>Efter en l\u00e5ng rad av uppvaktningar fr\u00e5n olika h\u00e5ll, uppl\u00e4stes telegram och andra hyllningar.<\/figcaption><\/figure>\n<figure id=\"attachment_10750\" aria-describedby=\"caption-attachment-10750\" style=\"width: 1729px\" class=\"wp-caption alignnone\"><img loading=\"lazy\" decoding=\"async\" class=\"size-full wp-image-10750\" src=\"http:\/\/www.lassebacklund.fi\/wp-content\/uploads\/2018\/12\/96.jpg\" alt=\"\" width=\"1729\" height=\"1055\" srcset=\"https:\/\/www.lassebacklund.fi\/wp-content\/uploads\/2018\/12\/96.jpg 1729w, https:\/\/www.lassebacklund.fi\/wp-content\/uploads\/2018\/12\/96-300x183.jpg 300w, https:\/\/www.lassebacklund.fi\/wp-content\/uploads\/2018\/12\/96-768x469.jpg 768w, https:\/\/www.lassebacklund.fi\/wp-content\/uploads\/2018\/12\/96-1024x625.jpg 1024w\" sizes=\"auto, (max-width: 1729px) 100vw, 1729px\" \/><figcaption id=\"caption-attachment-10750\" class=\"wp-caption-text\">Mot slutet av det officiella programmet tackade f\u00f6rvaltningsr\u00e5det ordf\u00f6rande Runar Storsj\u00f6 f\u00f6r all uppm\u00e4rksamhet. Han ville p\u00e5 samma g\u00e5ng tacka pionj\u00e4rerna Viktor Hinds och K. V. Appel och dessa hyllades med rungande appl\u00e5der.<span style=\"margin: 0px; font-family: 'Helvetica','sans-serif';\"><span style=\"color: #000000;\">\u00a0<\/span><\/span><\/figcaption><\/figure>\n<figure id=\"attachment_10751\" aria-describedby=\"caption-attachment-10751\" style=\"width: 1926px\" class=\"wp-caption aligncenter\"><img loading=\"lazy\" decoding=\"async\" class=\"size-full wp-image-10751\" src=\"http:\/\/www.lassebacklund.fi\/wp-content\/uploads\/2018\/12\/97.jpg\" alt=\"\" width=\"1926\" height=\"1140\" srcset=\"https:\/\/www.lassebacklund.fi\/wp-content\/uploads\/2018\/12\/97.jpg 1926w, https:\/\/www.lassebacklund.fi\/wp-content\/uploads\/2018\/12\/97-300x178.jpg 300w, https:\/\/www.lassebacklund.fi\/wp-content\/uploads\/2018\/12\/97-768x455.jpg 768w, https:\/\/www.lassebacklund.fi\/wp-content\/uploads\/2018\/12\/97-1024x606.jpg 1024w\" sizes=\"auto, (max-width: 1926px) 100vw, 1926px\" \/><figcaption id=\"caption-attachment-10751\" class=\"wp-caption-text\">Festdeltagare i den v\u00e4l fyllda salen.<\/figcaption><\/figure>\n<figure id=\"attachment_10736\" aria-describedby=\"caption-attachment-10736\" style=\"width: 1499px\" class=\"wp-caption aligncenter\"><img loading=\"lazy\" decoding=\"async\" class=\"size-full wp-image-10736\" src=\"http:\/\/www.lassebacklund.fi\/wp-content\/uploads\/2018\/12\/81-Viktor-Hinds-1.jpg\" alt=\"\" width=\"1499\" height=\"1163\" srcset=\"https:\/\/www.lassebacklund.fi\/wp-content\/uploads\/2018\/12\/81-Viktor-Hinds-1.jpg 1499w, https:\/\/www.lassebacklund.fi\/wp-content\/uploads\/2018\/12\/81-Viktor-Hinds-1-300x233.jpg 300w, https:\/\/www.lassebacklund.fi\/wp-content\/uploads\/2018\/12\/81-Viktor-Hinds-1-768x596.jpg 768w, https:\/\/www.lassebacklund.fi\/wp-content\/uploads\/2018\/12\/81-Viktor-Hinds-1-1024x794.jpg 1024w\" sizes=\"auto, (max-width: 1499px) 100vw, 1499px\" \/><figcaption id=\"caption-attachment-10736\" class=\"wp-caption-text\">Tj\u00f6ck handelslags f\u00f6rsta f\u00f6rest\u00e5ndare Viktor Hinds p\u00e5 50-\u00e5rs festen i Tj\u00f6ck. 50 \u00e5r tidigare hade han b\u00f6rjat som f\u00f6rest\u00e5ndare i &#8221;Elas-Josipas lillstugon&#8221; och nu kan han n\u00f6jt blicka tillbaka p\u00e5 ett handelslag med verksamhet p\u00e5 17 st\u00e4llen runtom i Syd\u00f6sterbotten.<\/figcaption><\/figure>\n<figure id=\"attachment_10752\" aria-describedby=\"caption-attachment-10752\" style=\"width: 1838px\" class=\"wp-caption aligncenter\"><img loading=\"lazy\" decoding=\"async\" class=\"size-full wp-image-10752\" src=\"http:\/\/www.lassebacklund.fi\/wp-content\/uploads\/2018\/12\/98.jpg\" alt=\"\" width=\"1838\" height=\"1171\" srcset=\"https:\/\/www.lassebacklund.fi\/wp-content\/uploads\/2018\/12\/98.jpg 1838w, https:\/\/www.lassebacklund.fi\/wp-content\/uploads\/2018\/12\/98-300x191.jpg 300w, https:\/\/www.lassebacklund.fi\/wp-content\/uploads\/2018\/12\/98-768x489.jpg 768w, https:\/\/www.lassebacklund.fi\/wp-content\/uploads\/2018\/12\/98-1024x652.jpg 1024w\" sizes=\"auto, (max-width: 1838px) 100vw, 1838px\" \/><figcaption id=\"caption-attachment-10752\" class=\"wp-caption-text\">Salen i Tj\u00f6ck ungdomslokal var fylld till sista plats p\u00e5 50-\u00e5rs festen.<\/figcaption><\/figure>\n<figure id=\"attachment_10753\" aria-describedby=\"caption-attachment-10753\" style=\"width: 1939px\" class=\"wp-caption aligncenter\"><img loading=\"lazy\" decoding=\"async\" class=\"size-full wp-image-10753\" src=\"http:\/\/www.lassebacklund.fi\/wp-content\/uploads\/2018\/12\/99.jpg\" alt=\"\" width=\"1939\" height=\"1202\" srcset=\"https:\/\/www.lassebacklund.fi\/wp-content\/uploads\/2018\/12\/99.jpg 1939w, https:\/\/www.lassebacklund.fi\/wp-content\/uploads\/2018\/12\/99-300x186.jpg 300w, https:\/\/www.lassebacklund.fi\/wp-content\/uploads\/2018\/12\/99-768x476.jpg 768w, https:\/\/www.lassebacklund.fi\/wp-content\/uploads\/2018\/12\/99-1024x635.jpg 1024w\" sizes=\"auto, (max-width: 1939px) 100vw, 1939px\" \/><figcaption id=\"caption-attachment-10753\" class=\"wp-caption-text\">Festen avslutades med \u201dModersm\u00e5lets s\u00e5ng\u201d och sedan lyftes b\u00e4nkarna bort och Rythm spelade till dansen som r\u00e4ckte in p\u00e5 sm\u00e5timmarna.<\/figcaption><\/figure>\n","protected":false},"excerpt":{"rendered":"<p>Sammanst\u00e4llt av Lasse Backlund i december 2018. Fotografierna \u00e4r tagna ur Syd\u00f6sterbottens handelslags 50-\u00e5rs bok, som Kjell Rosenback fr\u00e5n Lappfj\u00e4rd st\u00e4llt till f\u00f6rfogande. D\u00e5 50 \u00e5r hade f\u00f6rflutit sedan Tj\u00f6ck handelslag \u00f6ppnade sin f\u00f6rsta aff\u00e4r i Josef Erlunds lillstuga, s\u00e5 <a class=\"more-link\" href=\"https:\/\/www.lassebacklund.fi\/?page_id=10755\">Forts\u00e4tt l\u00e4sa <span class=\"screen-reader-text\">  S\u00d6H:s 50-\u00e5rs fest i Tj\u00f6ck \u00e5r 1958.<\/span><span class=\"meta-nav\">&rarr;<\/span><\/a><\/p>\n","protected":false},"author":1,"featured_media":0,"parent":10682,"menu_order":0,"comment_status":"closed","ping_status":"closed","template":"","meta":{"footnotes":""},"class_list":["post-10755","page","type-page","status-publish","hentry"],"_links":{"self":[{"href":"https:\/\/www.lassebacklund.fi\/index.php?rest_route=\/wp\/v2\/pages\/10755","targetHints":{"allow":["GET"]}}],"collection":[{"href":"https:\/\/www.lassebacklund.fi\/index.php?rest_route=\/wp\/v2\/pages"}],"about":[{"href":"https:\/\/www.lassebacklund.fi\/index.php?rest_route=\/wp\/v2\/types\/page"}],"author":[{"embeddable":true,"href":"https:\/\/www.lassebacklund.fi\/index.php?rest_route=\/wp\/v2\/users\/1"}],"replies":[{"embeddable":true,"href":"https:\/\/www.lassebacklund.fi\/index.php?rest_route=%2Fwp%2Fv2%2Fcomments&post=10755"}],"version-history":[{"count":4,"href":"https:\/\/www.lassebacklund.fi\/index.php?rest_route=\/wp\/v2\/pages\/10755\/revisions"}],"predecessor-version":[{"id":10760,"href":"https:\/\/www.lassebacklund.fi\/index.php?rest_route=\/wp\/v2\/pages\/10755\/revisions\/10760"}],"up":[{"embeddable":true,"href":"https:\/\/www.lassebacklund.fi\/index.php?rest_route=\/wp\/v2\/pages\/10682"}],"wp:attachment":[{"href":"https:\/\/www.lassebacklund.fi\/index.php?rest_route=%2Fwp%2Fv2%2Fmedia&parent=10755"}],"curies":[{"name":"wp","href":"https:\/\/api.w.org\/{rel}","templated":true}]}}