{"id":1041,"date":"2016-10-12T17:39:03","date_gmt":"2016-10-12T15:39:03","guid":{"rendered":"http:\/\/www.lassebacklund.fi\/?page_id=1041"},"modified":"2016-10-12T17:42:42","modified_gmt":"2016-10-12T15:42:42","slug":"arrendekontrakt","status":"publish","type":"page","link":"https:\/\/www.lassebacklund.fi\/?page_id=1041","title":{"rendered":"Arrendekontrakt."},"content":{"rendered":"<p class=\"Wp-Normal-P\"><span style=\"color: #000080; font-family: Verdana;\"><span class=\"Normal-C-C0\"><span style=\"font-size: small;\">Erik Eriksson L\u00e5ngs arrendekontrakt med torpare Korsb\u00e4ck, uppgjort \u00e5r 1855. L\u00e4skunnigheten den h\u00e4r tiden var s\u00e5 gott som obefintlig och samtliga parter tecknade sina bom\u00e4rken p\u00e5 kontraktet, ocks\u00e5 de som bevittnade det. Parterna m\u00e5ste allts\u00e5 lita blint p\u00e5 den som skrev och l\u00e4ste upp det.<\/span><\/span> <\/span><\/p>\n<p class=\"Wp-Normal-P\"><span class=\"Normal-C\"><span style=\"font-family: Verdana;\">H\u00e4rmed uppl\u00e5ter Och arrenderar jag Eric Ericsson L\u00e5ng, ett Tunnland odladt mark vid Lillsj\u00f6 \u00e4ngen, som tager sin b\u00f6rjan sex alnars br\u00e4dd ifr\u00e5n anders Henric Korsb\u00e4cks \u00e5ckerg\u00e4rda, L\u00e4ngs med Korsb\u00e4ck k\u00e4rr v\u00e4gen, och intill Johan L\u00e5ngs r\u00e5, till Torparen Eric Henric Henricsson Korsb\u00e4ck p\u00e5 femtio 50 \u00e5rs tid r\u00e4cknad ifr\u00e5n nedanst\u00e5ende dag, emot ett oss emellan \u00f6frenskommit arrende \u00e5tta 8 Rubel silfver, som redan \u00e4r till fullo betalt, men efter ofvan uttsatta tid faller dett hemmans innehafvaren till, i dett st\u00e5nd dett d\u00e5 befinnes, med h\u00e4ggnad omkring, uttan n\u00e5gon ringaste odlings kostnad; detta Kontrackt \u00e4r i nedanst\u00e5ende vittnes n\u00e4rvaro bestyrckt af Dagsmark by den 30 Junij 1855.<\/span><\/span><\/p>\n<p class=\"Wp-Normal-P\"><span class=\"Normal-C\"><span style=\"font-family: Verdana;\">Eric Ericsson L\u00e5ng<\/span><\/span><\/p>\n<p class=\"Wp-Normal-P\"><span class=\"Normal-C\"><span style=\"font-family: Verdana;\">Med f\u00f6re g\u00e5ende finder jag mig till alla delar n\u00f6jd tid och ort som ofvan.<\/span><\/span><\/p>\n<p class=\"Wp-Normal-P\"><span class=\"Normal-C\"><span style=\"font-family: Verdana;\">Eric Henric Henricsson Korsb\u00e4ck<\/span><\/span><\/p>\n<p class=\"Wp-Normal-P\"><span class=\"Normal-C\"><span style=\"font-family: Verdana;\">Bevittnar:<\/span><a name=\"_GoBack\"><\/a><\/span><\/p>\n<p class=\"Wp-Normal-P\"><span class=\"Normal-C\"><span style=\"font-family: Verdana;\">Johan B\u00e5sk \u00a0\u00a0\u00a0\u00a0\u00a0\u00a0\u00a0Eric Henric B\u00e5sk<\/span><\/span><\/p>\n<p class=\"Wp-Normal-P\"><span class=\"Normal-C\"><span style=\"font-family: Verdana;\">d.\u00e4. \u00a0\u00a0\u00a0\u00a0\u00a0\u00a0\u00a0\u00a0\u00a0\u00a0\u00a0\u00a0\u00a0\u00a0\u00a0\u00a0\u00a0\u00a0\u00a0\u00a0\u00a0Torp.<\/span><\/span><\/p>\n<p class=\"Wp-Normal-P\"><img loading=\"lazy\" decoding=\"async\" class=\"size-full wp-image-1043 aligncenter\" src=\"http:\/\/www.lassebacklund.fi\/wp-content\/uploads\/2016\/10\/Torparkontraktet.jpg\" alt=\"Torparkontraktet\" width=\"1275\" height=\"1750\" srcset=\"https:\/\/www.lassebacklund.fi\/wp-content\/uploads\/2016\/10\/Torparkontraktet.jpg 1275w, https:\/\/www.lassebacklund.fi\/wp-content\/uploads\/2016\/10\/Torparkontraktet-219x300.jpg 219w, https:\/\/www.lassebacklund.fi\/wp-content\/uploads\/2016\/10\/Torparkontraktet-768x1054.jpg 768w, https:\/\/www.lassebacklund.fi\/wp-content\/uploads\/2016\/10\/Torparkontraktet-746x1024.jpg 746w\" sizes=\"auto, (max-width: 1275px) 100vw, 1275px\" \/><\/p>\n","protected":false},"excerpt":{"rendered":"<p>Erik Eriksson L\u00e5ngs arrendekontrakt med torpare Korsb\u00e4ck, uppgjort \u00e5r 1855. L\u00e4skunnigheten den h\u00e4r tiden var s\u00e5 gott som obefintlig och samtliga parter tecknade sina bom\u00e4rken p\u00e5 kontraktet, ocks\u00e5 de som bevittnade det. Parterna m\u00e5ste allts\u00e5 lita blint p\u00e5 den som <a class=\"more-link\" href=\"https:\/\/www.lassebacklund.fi\/?page_id=1041\">Forts\u00e4tt l\u00e4sa <span class=\"screen-reader-text\">  Arrendekontrakt.<\/span><span class=\"meta-nav\">&rarr;<\/span><\/a><\/p>\n","protected":false},"author":1,"featured_media":0,"parent":676,"menu_order":0,"comment_status":"closed","ping_status":"closed","template":"","meta":{"footnotes":""},"class_list":["post-1041","page","type-page","status-publish","hentry"],"_links":{"self":[{"href":"https:\/\/www.lassebacklund.fi\/index.php?rest_route=\/wp\/v2\/pages\/1041","targetHints":{"allow":["GET"]}}],"collection":[{"href":"https:\/\/www.lassebacklund.fi\/index.php?rest_route=\/wp\/v2\/pages"}],"about":[{"href":"https:\/\/www.lassebacklund.fi\/index.php?rest_route=\/wp\/v2\/types\/page"}],"author":[{"embeddable":true,"href":"https:\/\/www.lassebacklund.fi\/index.php?rest_route=\/wp\/v2\/users\/1"}],"replies":[{"embeddable":true,"href":"https:\/\/www.lassebacklund.fi\/index.php?rest_route=%2Fwp%2Fv2%2Fcomments&post=1041"}],"version-history":[{"count":2,"href":"https:\/\/www.lassebacklund.fi\/index.php?rest_route=\/wp\/v2\/pages\/1041\/revisions"}],"predecessor-version":[{"id":1044,"href":"https:\/\/www.lassebacklund.fi\/index.php?rest_route=\/wp\/v2\/pages\/1041\/revisions\/1044"}],"up":[{"embeddable":true,"href":"https:\/\/www.lassebacklund.fi\/index.php?rest_route=\/wp\/v2\/pages\/676"}],"wp:attachment":[{"href":"https:\/\/www.lassebacklund.fi\/index.php?rest_route=%2Fwp%2Fv2%2Fmedia&parent=1041"}],"curies":[{"name":"wp","href":"https:\/\/api.w.org\/{rel}","templated":true}]}}