{"id":10304,"date":"2018-10-30T18:01:05","date_gmt":"2018-10-30T17:01:05","guid":{"rendered":"http:\/\/www.lassebacklund.fi\/?page_id=10304"},"modified":"2018-11-06T21:05:45","modified_gmt":"2018-11-06T20:05:45","slug":"andelslagets-stamma-i-mars-1931","status":"publish","type":"page","link":"https:\/\/www.lassebacklund.fi\/?page_id=10304","title":{"rendered":"Andelslagets st\u00e4mmor under \u00e5r 1931."},"content":{"rendered":"<p><span style=\"margin: 0px; color: #000080; font-family: 'Helvetica','sans-serif';\">Syd-\u00d6sterbotten 8.4.1931:<\/span><\/p>\n<p><span style=\"margin: 0px; font-family: 'Helvetica','sans-serif';\"><span style=\"color: #000000;\">Dagsmark Andelsmejeris medlemmar sammankom till \u00e5rsst\u00e4mma p\u00e5 ungdomshemmet den 23 mars. P\u00e5 styrelsens v\u00e4gnar \u00f6ppnades st\u00e4mman av ordf\u00f6rande Erik Englund. Att leda f\u00f6rhandlingarna uts\u00e5gs Emil Backlund med Valdemar Rosengren som sekreterare. J. W. Bj\u00f6rklund redogjorde f\u00f6r mejeriets r\u00f6relse f\u00f6r 1930, vari bland annat framgick att under \u00e5ret har inv\u00e4gts 680.378 kg mj\u00f6lk, f\u00f6rdelade p\u00e5 304 leveransdagar eller 2,238 kg per dag. F\u00f6r denna mj\u00f6lk har till leverant\u00f6rerna utbetalats i pengar 546,373 mk eller i medeltal 83 penni per kg. <\/span><\/span><\/p>\n<p><span style=\"margin: 0px; font-family: 'Helvetica','sans-serif';\"><span style=\"color: #000000;\">Under \u00e5ret har tillverkats 28,552 kg sm\u00f6r, medelmj\u00f6lk\u00e5tg\u00e5ngen\u00a0 till 1 kg sm\u00f6r utgjorde 23,8 kg mj\u00f6lk. Genom Centrallaget Enighetens f\u00f6rmedling har s\u00e5lts f\u00f6r export 518 drittlar eller 26,469 kg sm\u00f6r f\u00f6r 611,947 mk. I minut har s\u00e5lts fr\u00e5n mejeriet 1,073 kg sm\u00f6r f\u00f6r 26,364 mk och till mj\u00f6lkleverant\u00f6rer har mot avdrag av likvider utgivits 901 kg f\u00f6r 20,801 mk.<\/span><\/span><\/p>\n<p><span style=\"margin: 0px; font-family: 'Helvetica','sans-serif';\"><span style=\"color: #000000;\">Dessutom har p\u00e5 mejeriet s\u00e5lts 800 kg helmj\u00f6lk och 75 liter gr\u00e4dde, samt skum- och k\u00e4rnmj\u00f6lk s\u00e5 att hela \u00e5rets inkomster f\u00f6r produkter stiger till 671,926 mk. Av bokslutet framgick att ett \u00f6verskott p\u00e5 11,002 mk fanns disponibelt till st\u00e4mmans f\u00f6rfogande, och besl\u00f6ts att hela beloppet \u00f6verf\u00f6rs till reservfonden. Andelslagets samtliga fonder utg\u00f6r sedan \u00f6verskottet tillkommit 35, 718 mk. Andelslagets hela skuld utg\u00f6r 311,000 mk samt mejeriets bokf\u00f6rda v\u00e4rde stiger till 355,000 mk. <\/span><\/span><\/p>\n<p><span style=\"margin: 0px; font-family: 'Helvetica','sans-serif';\"><span style=\"color: #000000;\">Sedan \u00e5rsber\u00e4ttelsen samt revisorernas ber\u00e4ttelse \u00f6ver verkst\u00e4lld granskning av andelslagets r\u00e4kenskaper f\u00f6redragits, fastst\u00e4lldes bokslutet och de redovisningsskyldiga beviljades tacksam ansvarsfrihet.<\/span><\/span><\/p>\n<p><span style=\"margin: 0px; font-family: 'Helvetica','sans-serif';\"><span style=\"color: #000000;\">Efter en kortare paus, varvid gratis kaffe serverades, upptogs fr\u00e5gan om mejeriandelslagets anslutning som medlem i Centrallaget Enigheten, men l\u00e4mnades fr\u00e5gan till styrelsens slutliga avg\u00f6rande. Efter diskussion i s\u00e4rskilda andra fr\u00e5gor uppl\u00f6stes st\u00e4mman och de talrikt f\u00f6rsamlade medlemmarna tackades f\u00f6r bevisat intresse f\u00f6r sitt nya f\u00f6retag.<\/span><\/span><span style=\"color: #000000; font-family: Calibri;\">\u00a0<\/span><\/p>\n<p><span style=\"margin: 0px; color: #000080; font-family: 'Helvetica','sans-serif';\">Syd-\u00d6sterbotten 11.11.1931:<\/span><\/p>\n<p><span style=\"margin: 0px; font-family: 'Helvetica','sans-serif';\"><span style=\"color: #000000;\">Den 31 oktober f\u00f6ranstaltade Dagsmark andelsmejeri, andelskassa och lantmannagille en gemensam st\u00e4mmodag p\u00e5 ungdomshemmet. Deltagarnas antal inskr\u00e4nkte sig till c:a 30-tal n\u00e4rvarande, trots att kallelsen borde ha h\u00f6rsammats av ett vida st\u00f6rre antal. Kl. 1 p\u00e5 dagen \u00f6ppnades st\u00e4mman av mejeriets ordf\u00f6rande Erik Englund, till ordf\u00f6rande f\u00f6r st\u00e4mman valdes Valdemar Rosengren och sekreterare J. W. Bj\u00f6rklund. <\/span><\/span><\/p>\n<p><span style=\"margin: 0px; font-family: 'Helvetica','sans-serif';\"><span style=\"color: #000000;\">Av ber\u00e4ttelsen \u00f6ver mejeriets r\u00f6relse under tiden 1 januari \u2013 30 september har p\u00e5 mejeriet inv\u00e4gts 567,999 kg mj\u00f6lk, under samma tid i fjol inv\u00e4gdes 516,555 kg, s\u00e5ledes en \u00f6kning f\u00f6r i \u00e5r med 51,332 kg, medelfettprocenten har varit 3,574. Av denna mj\u00f6lk har beretts 24,190 kg sm\u00f6r. Till 1 kg sm\u00f6r har \u00e5tg\u00e5tt 23 kg 486 gram mj\u00f6lk.<\/span><\/span><\/p>\n<p><span style=\"margin: 0px; font-family: 'Helvetica','sans-serif';\"><span style=\"color: #000000;\">Av det tillverkade sm\u00f6ret har f\u00f6r export genom Centralandelslaget Enigheten f\u00f6rs\u00e5lts 449 drittlar eller 22,850 kg f\u00f6r 461,765 mk. Medelpriset f\u00f6r detta sm\u00f6r var 19,93 mark mot 23,50 i fjol. I minut p\u00e5 mejeriet har s\u00e5lts 679 kg f\u00f6r 14,395 mk och till leverant\u00f6rer mot avdrag av mj\u00f6lklikvid 714 kg f\u00f6r 14,642 mk. Den totala inkomsten f\u00f6r sm\u00f6r \u00e4r s\u00e5ledes 490,802 mk.<\/span><\/span><\/p>\n<p><span style=\"margin: 0px; font-family: 'Helvetica','sans-serif';\"><span style=\"color: #000000;\">F\u00f6r den inv\u00e4gda mj\u00f6lken har till leverant\u00f6rerna utbetalats 390,273 mk, vilket i medeltal utg\u00f6r 70 penni mot 83 penni i fjol.<\/span><\/span><\/p>\n<p><span style=\"margin: 0px; font-family: 'Helvetica','sans-serif';\"><span style=\"color: #000000;\">F\u00f6r i tur att avg\u00e5 ur styrelsen Erland Krook och Erik Anders Klemets, besl\u00f6ts \u00e5terval. Styrelsens arvoden f\u00f6r bevistade m\u00f6ten f\u00f6rblev som tidigare vid 5 mk och f\u00f6r sekreteraren 10 mk. Till revisorer \u00e5tervaldes Emil Backlund och Valdemar Rosengren, j\u00e4mte mejerif\u00f6rbundet Enigheten. <\/span><\/span><\/p>\n<p><span style=\"margin: 0px; font-family: 'Helvetica','sans-serif';\"><span style=\"color: #000000;\">Emedan en stor del av leverant\u00f6rerna har l\u00e5ng v\u00e4g till mejeriet besl\u00f6ts att b\u00f6rja med inv\u00e4gningen 1 timme senare \u00e4n tidigare. Ang\u00e5ende prenumerationen av facktidskriften Lantm\u00e4n och Andelsfolk besl\u00f6ts att var och en med som anm\u00e4ler sig till disponenten och erl\u00e4gger 10 mk i prenumerationsavgift erh\u00e5ller tidskriften f\u00f6r \u00e5r 1932.<\/span><\/span><\/p>\n","protected":false},"excerpt":{"rendered":"<p>Syd-\u00d6sterbotten 8.4.1931: Dagsmark Andelsmejeris medlemmar sammankom till \u00e5rsst\u00e4mma p\u00e5 ungdomshemmet den 23 mars. P\u00e5 styrelsens v\u00e4gnar \u00f6ppnades st\u00e4mman av ordf\u00f6rande Erik Englund. Att leda f\u00f6rhandlingarna uts\u00e5gs Emil Backlund med Valdemar Rosengren som sekreterare. J. W. Bj\u00f6rklund redogjorde f\u00f6r mejeriets r\u00f6relse <a class=\"more-link\" href=\"https:\/\/www.lassebacklund.fi\/?page_id=10304\">Forts\u00e4tt l\u00e4sa <span class=\"screen-reader-text\">  Andelslagets st\u00e4mmor under \u00e5r 1931.<\/span><span class=\"meta-nav\">&rarr;<\/span><\/a><\/p>\n","protected":false},"author":1,"featured_media":0,"parent":1332,"menu_order":1931,"comment_status":"closed","ping_status":"closed","template":"","meta":{"footnotes":""},"class_list":["post-10304","page","type-page","status-publish","hentry"],"_links":{"self":[{"href":"https:\/\/www.lassebacklund.fi\/index.php?rest_route=\/wp\/v2\/pages\/10304","targetHints":{"allow":["GET"]}}],"collection":[{"href":"https:\/\/www.lassebacklund.fi\/index.php?rest_route=\/wp\/v2\/pages"}],"about":[{"href":"https:\/\/www.lassebacklund.fi\/index.php?rest_route=\/wp\/v2\/types\/page"}],"author":[{"embeddable":true,"href":"https:\/\/www.lassebacklund.fi\/index.php?rest_route=\/wp\/v2\/users\/1"}],"replies":[{"embeddable":true,"href":"https:\/\/www.lassebacklund.fi\/index.php?rest_route=%2Fwp%2Fv2%2Fcomments&post=10304"}],"version-history":[{"count":3,"href":"https:\/\/www.lassebacklund.fi\/index.php?rest_route=\/wp\/v2\/pages\/10304\/revisions"}],"predecessor-version":[{"id":10344,"href":"https:\/\/www.lassebacklund.fi\/index.php?rest_route=\/wp\/v2\/pages\/10304\/revisions\/10344"}],"up":[{"embeddable":true,"href":"https:\/\/www.lassebacklund.fi\/index.php?rest_route=\/wp\/v2\/pages\/1332"}],"wp:attachment":[{"href":"https:\/\/www.lassebacklund.fi\/index.php?rest_route=%2Fwp%2Fv2%2Fmedia&parent=10304"}],"curies":[{"name":"wp","href":"https:\/\/api.w.org\/{rel}","templated":true}]}}