{"id":10007,"date":"2018-10-02T18:17:35","date_gmt":"2018-10-02T16:17:35","guid":{"rendered":"http:\/\/www.lassebacklund.fi\/?page_id=10007"},"modified":"2025-10-29T19:14:54","modified_gmt":"2025-10-29T17:14:54","slug":"selims-foton-fran-ar-1964","status":"publish","type":"page","link":"https:\/\/www.lassebacklund.fi\/?page_id=10007","title":{"rendered":"Selims foton fr\u00e5n \u00e5r 1964."},"content":{"rendered":"<p>H\u00e4r n\u00e5gra av folkskoll\u00e4raren Selim Bj\u00f6rses\u00b4 fotografier, som han tog \u00e5r 1964. Eric Stens har identifierat personerna och skrivit de flesta texter. Fotografierna \u00e4r fr\u00e5n Svenska Litteraturs\u00e4llskapets arkiv i Vasa.<\/p>\n<figure id=\"attachment_10006\" aria-describedby=\"caption-attachment-10006\" style=\"width: 1200px\" class=\"wp-caption aligncenter\"><img loading=\"lazy\" decoding=\"async\" class=\"size-full wp-image-10006\" src=\"http:\/\/www.lassebacklund.fi\/wp-content\/uploads\/2018\/10\/43051396_162801777984786_2479318318847098880_n.jpg\" alt=\"\" width=\"1200\" height=\"805\" srcset=\"https:\/\/www.lassebacklund.fi\/wp-content\/uploads\/2018\/10\/43051396_162801777984786_2479318318847098880_n.jpg 1200w, https:\/\/www.lassebacklund.fi\/wp-content\/uploads\/2018\/10\/43051396_162801777984786_2479318318847098880_n-300x201.jpg 300w, https:\/\/www.lassebacklund.fi\/wp-content\/uploads\/2018\/10\/43051396_162801777984786_2479318318847098880_n-768x515.jpg 768w, https:\/\/www.lassebacklund.fi\/wp-content\/uploads\/2018\/10\/43051396_162801777984786_2479318318847098880_n-1024x687.jpg 1024w\" sizes=\"auto, (max-width: 1200px) 100vw, 1200px\" \/><figcaption id=\"caption-attachment-10006\" class=\"wp-caption-text\">P\u00e5 Ekholms g\u00e5rd st\u00e5r barnen Mikael, Stig, Allan, Maj-Britt och Anna-Lena.<\/figcaption><\/figure>\n<figure id=\"attachment_10005\" aria-describedby=\"caption-attachment-10005\" style=\"width: 1200px\" class=\"wp-caption aligncenter\"><img loading=\"lazy\" decoding=\"async\" class=\"size-full wp-image-10005\" src=\"http:\/\/www.lassebacklund.fi\/wp-content\/uploads\/2018\/10\/ota295_foto_0724.jpg\" alt=\"\" width=\"1200\" height=\"805\" srcset=\"https:\/\/www.lassebacklund.fi\/wp-content\/uploads\/2018\/10\/ota295_foto_0724.jpg 1200w, https:\/\/www.lassebacklund.fi\/wp-content\/uploads\/2018\/10\/ota295_foto_0724-300x201.jpg 300w, https:\/\/www.lassebacklund.fi\/wp-content\/uploads\/2018\/10\/ota295_foto_0724-768x515.jpg 768w, https:\/\/www.lassebacklund.fi\/wp-content\/uploads\/2018\/10\/ota295_foto_0724-1024x687.jpg 1024w\" sizes=\"auto, (max-width: 1200px) 100vw, 1200px\" \/><figcaption id=\"caption-attachment-10005\" class=\"wp-caption-text\">Den h\u00e4r kvigan vann Bengt S\u00f6derg\u00e5rd p\u00e5 lantbruksklubbens lotteri 1964.<\/figcaption><\/figure>\n<figure id=\"attachment_10002\" aria-describedby=\"caption-attachment-10002\" style=\"width: 1184px\" class=\"wp-caption aligncenter\"><img loading=\"lazy\" decoding=\"async\" class=\"size-full wp-image-10002\" src=\"http:\/\/www.lassebacklund.fi\/wp-content\/uploads\/2018\/10\/ota295_foto_0719.jpg\" alt=\"\" width=\"1184\" height=\"1140\" srcset=\"https:\/\/www.lassebacklund.fi\/wp-content\/uploads\/2018\/10\/ota295_foto_0719.jpg 1184w, https:\/\/www.lassebacklund.fi\/wp-content\/uploads\/2018\/10\/ota295_foto_0719-300x289.jpg 300w, https:\/\/www.lassebacklund.fi\/wp-content\/uploads\/2018\/10\/ota295_foto_0719-768x739.jpg 768w, https:\/\/www.lassebacklund.fi\/wp-content\/uploads\/2018\/10\/ota295_foto_0719-1024x986.jpg 1024w\" sizes=\"auto, (max-width: 1184px) 100vw, 1184px\" \/><figcaption id=\"caption-attachment-10002\" class=\"wp-caption-text\">Utst\u00e4llning av fina sl\u00f6jdprodukter vid skolavslutningen.<\/figcaption><\/figure>\n<figure id=\"attachment_10004\" aria-describedby=\"caption-attachment-10004\" style=\"width: 1178px\" class=\"wp-caption aligncenter\"><img loading=\"lazy\" decoding=\"async\" class=\"size-full wp-image-10004\" src=\"http:\/\/www.lassebacklund.fi\/wp-content\/uploads\/2018\/10\/ota295_foto_0721.jpg\" alt=\"\" width=\"1178\" height=\"885\" srcset=\"https:\/\/www.lassebacklund.fi\/wp-content\/uploads\/2018\/10\/ota295_foto_0721.jpg 1178w, https:\/\/www.lassebacklund.fi\/wp-content\/uploads\/2018\/10\/ota295_foto_0721-300x225.jpg 300w, https:\/\/www.lassebacklund.fi\/wp-content\/uploads\/2018\/10\/ota295_foto_0721-768x577.jpg 768w, https:\/\/www.lassebacklund.fi\/wp-content\/uploads\/2018\/10\/ota295_foto_0721-1024x769.jpg 1024w\" sizes=\"auto, (max-width: 1178px) 100vw, 1178px\" \/><figcaption id=\"caption-attachment-10004\" class=\"wp-caption-text\">Skidt\u00e4vlingar p\u00e5 centralskolan 1964. L\u00e4raren Jarl Lindqvist st\u00e5r med protokollet. Till v\u00e4nster st\u00e5r Hugo Aittam\u00e4ki fr\u00e5n Uttermossa.<\/figcaption><\/figure>\n<figure id=\"attachment_10003\" aria-describedby=\"caption-attachment-10003\" style=\"width: 1172px\" class=\"wp-caption aligncenter\"><img loading=\"lazy\" decoding=\"async\" class=\"size-full wp-image-10003\" src=\"http:\/\/www.lassebacklund.fi\/wp-content\/uploads\/2018\/10\/ota295_foto_0720.jpg\" alt=\"\" width=\"1172\" height=\"1140\" srcset=\"https:\/\/www.lassebacklund.fi\/wp-content\/uploads\/2018\/10\/ota295_foto_0720.jpg 1172w, https:\/\/www.lassebacklund.fi\/wp-content\/uploads\/2018\/10\/ota295_foto_0720-300x292.jpg 300w, https:\/\/www.lassebacklund.fi\/wp-content\/uploads\/2018\/10\/ota295_foto_0720-768x747.jpg 768w, https:\/\/www.lassebacklund.fi\/wp-content\/uploads\/2018\/10\/ota295_foto_0720-1024x996.jpg 1024w\" sizes=\"auto, (max-width: 1172px) 100vw, 1172px\" \/><figcaption id=\"caption-attachment-10003\" class=\"wp-caption-text\">Det var verkliga nyttosaker som elever vid centralskolan tillverkade.<\/figcaption><\/figure>\n<figure id=\"attachment_10001\" aria-describedby=\"caption-attachment-10001\" style=\"width: 1183px\" class=\"wp-caption aligncenter\"><img loading=\"lazy\" decoding=\"async\" class=\"size-full wp-image-10001\" src=\"http:\/\/www.lassebacklund.fi\/wp-content\/uploads\/2018\/10\/ota295_foto_0718.jpg\" alt=\"\" width=\"1183\" height=\"1151\" srcset=\"https:\/\/www.lassebacklund.fi\/wp-content\/uploads\/2018\/10\/ota295_foto_0718.jpg 1183w, https:\/\/www.lassebacklund.fi\/wp-content\/uploads\/2018\/10\/ota295_foto_0718-300x292.jpg 300w, https:\/\/www.lassebacklund.fi\/wp-content\/uploads\/2018\/10\/ota295_foto_0718-768x747.jpg 768w, https:\/\/www.lassebacklund.fi\/wp-content\/uploads\/2018\/10\/ota295_foto_0718-1024x996.jpg 1024w\" sizes=\"auto, (max-width: 1183px) 100vw, 1183px\" \/><figcaption id=\"caption-attachment-10001\" class=\"wp-caption-text\">Eleverna tillverkade allt fr\u00e5n strykbr\u00e4den och stolar, till medicinsk\u00e5p och f\u00e5gelholkar.<\/figcaption><\/figure>\n<figure id=\"attachment_10000\" aria-describedby=\"caption-attachment-10000\" style=\"width: 1200px\" class=\"wp-caption aligncenter\"><img loading=\"lazy\" decoding=\"async\" class=\"size-full wp-image-10000\" src=\"http:\/\/www.lassebacklund.fi\/wp-content\/uploads\/2018\/10\/ota295_foto_0717.jpg\" alt=\"\" width=\"1200\" height=\"1184\" srcset=\"https:\/\/www.lassebacklund.fi\/wp-content\/uploads\/2018\/10\/ota295_foto_0717.jpg 1200w, https:\/\/www.lassebacklund.fi\/wp-content\/uploads\/2018\/10\/ota295_foto_0717-300x296.jpg 300w, https:\/\/www.lassebacklund.fi\/wp-content\/uploads\/2018\/10\/ota295_foto_0717-768x758.jpg 768w, https:\/\/www.lassebacklund.fi\/wp-content\/uploads\/2018\/10\/ota295_foto_0717-1024x1010.jpg 1024w\" sizes=\"auto, (max-width: 1200px) 100vw, 1200px\" \/><figcaption id=\"caption-attachment-10000\" class=\"wp-caption-text\">Fina produkter uppradade runt det stora borrmaskinen.<\/figcaption><\/figure>\n<figure id=\"attachment_9999\" aria-describedby=\"caption-attachment-9999\" style=\"width: 1200px\" class=\"wp-caption aligncenter\"><img loading=\"lazy\" decoding=\"async\" class=\"size-full wp-image-9999\" src=\"http:\/\/www.lassebacklund.fi\/wp-content\/uploads\/2018\/10\/ota295_foto_0716.jpg\" alt=\"\" width=\"1200\" height=\"805\" srcset=\"https:\/\/www.lassebacklund.fi\/wp-content\/uploads\/2018\/10\/ota295_foto_0716.jpg 1200w, https:\/\/www.lassebacklund.fi\/wp-content\/uploads\/2018\/10\/ota295_foto_0716-300x201.jpg 300w, https:\/\/www.lassebacklund.fi\/wp-content\/uploads\/2018\/10\/ota295_foto_0716-768x515.jpg 768w, https:\/\/www.lassebacklund.fi\/wp-content\/uploads\/2018\/10\/ota295_foto_0716-1024x687.jpg 1024w\" sizes=\"auto, (max-width: 1200px) 100vw, 1200px\" \/><figcaption id=\"caption-attachment-9999\" class=\"wp-caption-text\">H\u00e4r \u00e4r det Benita Bj\u00f6rklunds klubbland som granskas. Till v\u00e4nster st\u00e5r Ralf bredvid modern Ann-Lis och till h\u00f6ger st\u00e5r Benita och ser p\u00e5 vad den ok\u00e4nda granskaren har i handen.<\/figcaption><\/figure>\n<figure id=\"attachment_9998\" aria-describedby=\"caption-attachment-9998\" style=\"width: 1200px\" class=\"wp-caption aligncenter\"><img loading=\"lazy\" decoding=\"async\" class=\"size-full wp-image-9998\" src=\"http:\/\/www.lassebacklund.fi\/wp-content\/uploads\/2018\/10\/ota295_foto_0714.jpg\" alt=\"\" width=\"1200\" height=\"804\" srcset=\"https:\/\/www.lassebacklund.fi\/wp-content\/uploads\/2018\/10\/ota295_foto_0714.jpg 1200w, https:\/\/www.lassebacklund.fi\/wp-content\/uploads\/2018\/10\/ota295_foto_0714-300x201.jpg 300w, https:\/\/www.lassebacklund.fi\/wp-content\/uploads\/2018\/10\/ota295_foto_0714-768x515.jpg 768w, https:\/\/www.lassebacklund.fi\/wp-content\/uploads\/2018\/10\/ota295_foto_0714-1024x686.jpg 1024w\" sizes=\"auto, (max-width: 1200px) 100vw, 1200px\" \/><figcaption id=\"caption-attachment-9998\" class=\"wp-caption-text\">Per-Erik Lindahl st\u00e5r bland l\u00f6kpiporna framf\u00f6r hemg\u00e5rden.<\/figcaption><\/figure>\n<figure id=\"attachment_9997\" aria-describedby=\"caption-attachment-9997\" style=\"width: 1200px\" class=\"wp-caption aligncenter\"><img loading=\"lazy\" decoding=\"async\" class=\"size-full wp-image-9997\" src=\"http:\/\/www.lassebacklund.fi\/wp-content\/uploads\/2018\/10\/ota295_foto_0713.jpg\" alt=\"\" width=\"1200\" height=\"703\" srcset=\"https:\/\/www.lassebacklund.fi\/wp-content\/uploads\/2018\/10\/ota295_foto_0713.jpg 1200w, https:\/\/www.lassebacklund.fi\/wp-content\/uploads\/2018\/10\/ota295_foto_0713-300x176.jpg 300w, https:\/\/www.lassebacklund.fi\/wp-content\/uploads\/2018\/10\/ota295_foto_0713-768x450.jpg 768w, https:\/\/www.lassebacklund.fi\/wp-content\/uploads\/2018\/10\/ota295_foto_0713-1024x600.jpg 1024w\" sizes=\"auto, (max-width: 1200px) 100vw, 1200px\" \/><figcaption id=\"caption-attachment-9997\" class=\"wp-caption-text\">Alf Mannfolk var den f\u00f6rsta i klubben, som f\u00f6rs\u00f6kte sig p\u00e5 att odla sockerbetor.<\/figcaption><\/figure>\n<figure id=\"attachment_9996\" aria-describedby=\"caption-attachment-9996\" style=\"width: 1200px\" class=\"wp-caption aligncenter\"><img loading=\"lazy\" decoding=\"async\" class=\"size-full wp-image-9996\" src=\"http:\/\/www.lassebacklund.fi\/wp-content\/uploads\/2018\/10\/ota295_foto_0712.jpg\" alt=\"\" width=\"1200\" height=\"806\" srcset=\"https:\/\/www.lassebacklund.fi\/wp-content\/uploads\/2018\/10\/ota295_foto_0712.jpg 1200w, https:\/\/www.lassebacklund.fi\/wp-content\/uploads\/2018\/10\/ota295_foto_0712-300x202.jpg 300w, https:\/\/www.lassebacklund.fi\/wp-content\/uploads\/2018\/10\/ota295_foto_0712-768x516.jpg 768w, https:\/\/www.lassebacklund.fi\/wp-content\/uploads\/2018\/10\/ota295_foto_0712-1024x688.jpg 1024w\" sizes=\"auto, (max-width: 1200px) 100vw, 1200px\" \/><figcaption id=\"caption-attachment-9996\" class=\"wp-caption-text\">Det \u00e4r enbart glada miner d\u00e5 klubbledaren granskar odlingarna.<\/figcaption><\/figure>\n<figure id=\"attachment_9995\" aria-describedby=\"caption-attachment-9995\" style=\"width: 1200px\" class=\"wp-caption aligncenter\"><img loading=\"lazy\" decoding=\"async\" class=\"size-full wp-image-9995\" src=\"http:\/\/www.lassebacklund.fi\/wp-content\/uploads\/2018\/10\/ota295_foto_0711.jpg\" alt=\"\" width=\"1200\" height=\"779\" srcset=\"https:\/\/www.lassebacklund.fi\/wp-content\/uploads\/2018\/10\/ota295_foto_0711.jpg 1200w, https:\/\/www.lassebacklund.fi\/wp-content\/uploads\/2018\/10\/ota295_foto_0711-300x195.jpg 300w, https:\/\/www.lassebacklund.fi\/wp-content\/uploads\/2018\/10\/ota295_foto_0711-768x499.jpg 768w, https:\/\/www.lassebacklund.fi\/wp-content\/uploads\/2018\/10\/ota295_foto_0711-1024x665.jpg 1024w\" sizes=\"auto, (max-width: 1200px) 100vw, 1200px\" \/><figcaption id=\"caption-attachment-9995\" class=\"wp-caption-text\">Magnus Wissander framf\u00f6r sina v\u00e4xthus. I Syd-\u00d6sterbotten fanns det den 12 maj 1962 en kort notis att Magnus denna v\u00e5r har uppf\u00f6rt ett &#8221;Rekordv\u00e4xthus&#8221; som var hela 125 meter l\u00e5ngt.<\/figcaption><\/figure>\n<figure id=\"attachment_9994\" aria-describedby=\"caption-attachment-9994\" style=\"width: 1200px\" class=\"wp-caption aligncenter\"><img loading=\"lazy\" decoding=\"async\" class=\"size-full wp-image-9994\" src=\"http:\/\/www.lassebacklund.fi\/wp-content\/uploads\/2018\/10\/ota295_foto_0710.jpg\" alt=\"\" width=\"1200\" height=\"810\" srcset=\"https:\/\/www.lassebacklund.fi\/wp-content\/uploads\/2018\/10\/ota295_foto_0710.jpg 1200w, https:\/\/www.lassebacklund.fi\/wp-content\/uploads\/2018\/10\/ota295_foto_0710-300x203.jpg 300w, https:\/\/www.lassebacklund.fi\/wp-content\/uploads\/2018\/10\/ota295_foto_0710-768x518.jpg 768w, https:\/\/www.lassebacklund.fi\/wp-content\/uploads\/2018\/10\/ota295_foto_0710-1024x691.jpg 1024w\" sizes=\"auto, (max-width: 1200px) 100vw, 1200px\" \/><figcaption id=\"caption-attachment-9994\" class=\"wp-caption-text\">Sm\u00e5skoll\u00e4rarinnan Tekla Skrivars p\u00e5 s\u00f6dra skolan.<\/figcaption><\/figure>\n<p>Mera foton av Selim Bj\u00f6rses hittar du genom att klicka<a href=\"https:\/\/www.lassebacklund.fi\/?page_id=10113\"><span style=\"color: #000080;\"><strong> H\u00c4R!<\/strong><\/span><\/a><\/p>\n","protected":false},"excerpt":{"rendered":"<p>H\u00e4r n\u00e5gra av folkskoll\u00e4raren Selim Bj\u00f6rses\u00b4 fotografier, som han tog \u00e5r 1964. Eric Stens har identifierat personerna och skrivit de flesta texter. Fotografierna \u00e4r fr\u00e5n Svenska Litteraturs\u00e4llskapets arkiv i Vasa. Mera foton av Selim Bj\u00f6rses hittar du genom att klicka <a class=\"more-link\" href=\"https:\/\/www.lassebacklund.fi\/?page_id=10007\">Forts\u00e4tt l\u00e4sa <span class=\"screen-reader-text\">  Selims foton fr\u00e5n \u00e5r 1964.<\/span><span class=\"meta-nav\">&rarr;<\/span><\/a><\/p>\n","protected":false},"author":1,"featured_media":0,"parent":4555,"menu_order":1964,"comment_status":"closed","ping_status":"closed","template":"","meta":{"footnotes":""},"class_list":["post-10007","page","type-page","status-publish","hentry"],"_links":{"self":[{"href":"https:\/\/www.lassebacklund.fi\/index.php?rest_route=\/wp\/v2\/pages\/10007","targetHints":{"allow":["GET"]}}],"collection":[{"href":"https:\/\/www.lassebacklund.fi\/index.php?rest_route=\/wp\/v2\/pages"}],"about":[{"href":"https:\/\/www.lassebacklund.fi\/index.php?rest_route=\/wp\/v2\/types\/page"}],"author":[{"embeddable":true,"href":"https:\/\/www.lassebacklund.fi\/index.php?rest_route=\/wp\/v2\/users\/1"}],"replies":[{"embeddable":true,"href":"https:\/\/www.lassebacklund.fi\/index.php?rest_route=%2Fwp%2Fv2%2Fcomments&post=10007"}],"version-history":[{"count":6,"href":"https:\/\/www.lassebacklund.fi\/index.php?rest_route=\/wp\/v2\/pages\/10007\/revisions"}],"predecessor-version":[{"id":24985,"href":"https:\/\/www.lassebacklund.fi\/index.php?rest_route=\/wp\/v2\/pages\/10007\/revisions\/24985"}],"up":[{"embeddable":true,"href":"https:\/\/www.lassebacklund.fi\/index.php?rest_route=\/wp\/v2\/pages\/4555"}],"wp:attachment":[{"href":"https:\/\/www.lassebacklund.fi\/index.php?rest_route=%2Fwp%2Fv2%2Fmedia&parent=10007"}],"curies":[{"name":"wp","href":"https:\/\/api.w.org\/{rel}","templated":true}]}}